{"id":23982,"date":"2010-08-23T02:00:00","date_gmt":"2010-08-23T00:00:00","guid":{"rendered":"https:\/\/pax.forenteforlag.no\/produkt\/frihetens-arhundre-3\/"},"modified":"2025-08-27T11:46:44","modified_gmt":"2025-08-27T09:46:44","slug":"frihetens-arhundre-3","status":"publish","type":"product","link":"https:\/\/staging.forenteforlag.no\/pax\/produkt\/frihetens-arhundre-3\/","title":{"rendered":"Frihetens \u00e5rhundre"},"content":{"rendered":"<p>Frihet, frihetslengsel og frigj\u00f8ringsprosjekter er kjennetegnet p\u00e5 norsk historie de siste hundre \u00e5r.Ved inngangen av 1900-tallet m\u00e5lbar de borgerlige n\u00e6ringsdrivende blant annet ideen til fri livsutfoldelse. For andre &#8211; og s\u00e6rlig innenfor den sosialistiske arbeiderbevegelsen &#8211; var borgerskapets ideer knyttet til maktmisbruk, utbytting og ufrihet. Det er dette som preger v\u00e5r historie: Det som er frihet for noen, kan v\u00e6re tvang for andre.   Med dette perspektivet p\u00e5 frihet, presenterer Olstad Arbeiderbevegelsens frigj\u00f8ringsprosjekt, mellomkrigstidens diskusjoner om demokratiet, okkupasjonen, Gerhardsens etterkrigssamfunn der alle skulle f\u00e5 mer frihet og st\u00f8rre muligheter, kvinnefrigj\u00f8ringen og det store oppbruddet fra dette som innebar et sterkere fokus p\u00e5 den \u00f8konomiske friheten og markedsliberalismen.<\/p>\n","protected":false},"excerpt":{"rendered":"<p>Frihet, frihetslengsel og frigj\u00f8ringsprosjekter er kjennetegnet p\u00e5 norsk historie de siste hundre \u00e5r.Ved inngangen av 1900-tallet m\u00e5lbar de borgerlige n\u00e6ringsdrivende blant annet ideen til fri livsutfoldelse. For andre &#8211; og s\u00e6rlig innenfor den sosialistiske arbeiderbevegelsen &#8211; var borgerskapets ideer knyttet til maktmisbruk, utbytting og ufrihet. Det er dette som preger v\u00e5r historie: Det som er [&hellip;]<\/p>\n","protected":false},"featured_media":29014,"template":"","meta":{"_acf_changed":false,"inline_featured_image":false},"product_brand":[],"product_cat":[1782,23],"product_tag":[441,607,362,439],"class_list":{"0":"post-23982","1":"product","2":"type-product","3":"status-publish","4":"has-post-thumbnail","6":"product_cat-fripris","7":"product_cat-historie","8":"product_tag-1900-tallet","9":"product_tag-bedriftshistorie","10":"product_tag-faglitteratur","11":"product_tag-nord-norge","12":"pa_format-innbundet","14":"first","15":"instock","16":"shipping-taxable","17":"purchasable","18":"product-type-simple"},"acf":{"anmeldelse":null},"yoast_head":"<!-- This site is optimized with the Yoast SEO plugin v26.6 - https:\/\/yoast.com\/wordpress\/plugins\/seo\/ -->\n<title>Frihetens \u00e5rhundre - Pax<\/title>\n<meta name=\"robots\" content=\"noindex, follow, max-snippet:-1, max-image-preview:large, max-video-preview:-1\" \/>\n<meta property=\"og:locale\" content=\"nb_NO\" \/>\n<meta property=\"og:type\" content=\"article\" \/>\n<meta property=\"og:title\" content=\"Frihetens \u00e5rhundre - Pax\" \/>\n<meta property=\"og:description\" content=\"Frihet, frihetslengsel og frigj\u00f8ringsprosjekter er kjennetegnet p\u00e5 norsk historie de siste hundre \u00e5r.Ved inngangen av 1900-tallet m\u00e5lbar de borgerlige n\u00e6ringsdrivende blant annet ideen til fri livsutfoldelse. For andre &#8211; og s\u00e6rlig innenfor den sosialistiske arbeiderbevegelsen &#8211; var borgerskapets ideer knyttet til maktmisbruk, utbytting og ufrihet. Det er dette som preger v\u00e5r historie: Det som er [&hellip;]\" \/>\n<meta property=\"og:url\" content=\"https:\/\/staging.forenteforlag.no\/pax\/produkt\/frihetens-arhundre-3\/\" \/>\n<meta property=\"og:site_name\" content=\"Pax\" \/>\n<meta property=\"article:modified_time\" content=\"2025-08-27T09:46:44+00:00\" \/>\n<meta property=\"og:image\" content=\"https:\/\/staging.forenteforlag.no\/pax\/wp-content\/uploads\/sites\/5\/2025\/08\/jpg-8675.jpg\" \/>\n\t<meta property=\"og:image:width\" content=\"327\" \/>\n\t<meta property=\"og:image:height\" content=\"449\" \/>\n\t<meta property=\"og:image:type\" content=\"image\/jpeg\" \/>\n<meta name=\"twitter:card\" content=\"summary_large_image\" \/>\n<meta name=\"twitter:label1\" content=\"Ansl. lesetid\" \/>\n\t<meta name=\"twitter:data1\" content=\"1 minutt\" \/>\n<script type=\"application\/ld+json\" class=\"yoast-schema-graph\">{\"@context\":\"https:\/\/schema.org\",\"@graph\":[{\"@type\":\"WebPage\",\"@id\":\"https:\/\/staging.forenteforlag.no\/pax\/produkt\/frihetens-arhundre-3\/\",\"url\":\"https:\/\/staging.forenteforlag.no\/pax\/produkt\/frihetens-arhundre-3\/\",\"name\":\"Frihetens \u00e5rhundre - Pax\",\"isPartOf\":{\"@id\":\"https:\/\/staging.forenteforlag.no\/pax\/#website\"},\"primaryImageOfPage\":{\"@id\":\"https:\/\/staging.forenteforlag.no\/pax\/produkt\/frihetens-arhundre-3\/#primaryimage\"},\"image\":{\"@id\":\"https:\/\/staging.forenteforlag.no\/pax\/produkt\/frihetens-arhundre-3\/#primaryimage\"},\"thumbnailUrl\":\"https:\/\/staging.forenteforlag.no\/pax\/wp-content\/uploads\/sites\/5\/2025\/08\/jpg-8675.jpg\",\"datePublished\":\"2010-08-23T00:00:00+00:00\",\"dateModified\":\"2025-08-27T09:46:44+00:00\",\"breadcrumb\":{\"@id\":\"https:\/\/staging.forenteforlag.no\/pax\/produkt\/frihetens-arhundre-3\/#breadcrumb\"},\"inLanguage\":\"nb-NO\",\"potentialAction\":[{\"@type\":\"ReadAction\",\"target\":[\"https:\/\/staging.forenteforlag.no\/pax\/produkt\/frihetens-arhundre-3\/\"]}]},{\"@type\":\"ImageObject\",\"inLanguage\":\"nb-NO\",\"@id\":\"https:\/\/staging.forenteforlag.no\/pax\/produkt\/frihetens-arhundre-3\/#primaryimage\",\"url\":\"https:\/\/staging.forenteforlag.no\/pax\/wp-content\/uploads\/sites\/5\/2025\/08\/jpg-8675.jpg\",\"contentUrl\":\"https:\/\/staging.forenteforlag.no\/pax\/wp-content\/uploads\/sites\/5\/2025\/08\/jpg-8675.jpg\",\"width\":327,\"height\":449},{\"@type\":\"BreadcrumbList\",\"@id\":\"https:\/\/staging.forenteforlag.no\/pax\/produkt\/frihetens-arhundre-3\/#breadcrumb\",\"itemListElement\":[{\"@type\":\"ListItem\",\"position\":1,\"name\":\"Hjem\",\"item\":\"https:\/\/staging.forenteforlag.no\/pax\/\"},{\"@type\":\"ListItem\",\"position\":2,\"name\":\"Alle b\u00f8ker\",\"item\":\"https:\/\/staging.forenteforlag.no\/pax\/butikk\/\"},{\"@type\":\"ListItem\",\"position\":3,\"name\":\"Frihetens \u00e5rhundre\"}]},{\"@type\":\"WebSite\",\"@id\":\"https:\/\/staging.forenteforlag.no\/pax\/#website\",\"url\":\"https:\/\/staging.forenteforlag.no\/pax\/\",\"name\":\"Pax\",\"description\":\"\",\"potentialAction\":[{\"@type\":\"SearchAction\",\"target\":{\"@type\":\"EntryPoint\",\"urlTemplate\":\"https:\/\/staging.forenteforlag.no\/pax\/?s={search_term_string}\"},\"query-input\":{\"@type\":\"PropertyValueSpecification\",\"valueRequired\":true,\"valueName\":\"search_term_string\"}}],\"inLanguage\":\"nb-NO\"}]}<\/script>\n<!-- \/ Yoast SEO plugin. -->","yoast_head_json":{"title":"Frihetens \u00e5rhundre - Pax","robots":{"index":"noindex","follow":"follow","max-snippet":"max-snippet:-1","max-image-preview":"max-image-preview:large","max-video-preview":"max-video-preview:-1"},"og_locale":"nb_NO","og_type":"article","og_title":"Frihetens \u00e5rhundre - Pax","og_description":"Frihet, frihetslengsel og frigj\u00f8ringsprosjekter er kjennetegnet p\u00e5 norsk historie de siste hundre \u00e5r.Ved inngangen av 1900-tallet m\u00e5lbar de borgerlige n\u00e6ringsdrivende blant annet ideen til fri livsutfoldelse. For andre &#8211; og s\u00e6rlig innenfor den sosialistiske arbeiderbevegelsen &#8211; var borgerskapets ideer knyttet til maktmisbruk, utbytting og ufrihet. Det er dette som preger v\u00e5r historie: Det som er [&hellip;]","og_url":"https:\/\/staging.forenteforlag.no\/pax\/produkt\/frihetens-arhundre-3\/","og_site_name":"Pax","article_modified_time":"2025-08-27T09:46:44+00:00","og_image":[{"width":327,"height":449,"url":"https:\/\/staging.forenteforlag.no\/pax\/wp-content\/uploads\/sites\/5\/2025\/08\/jpg-8675.jpg","type":"image\/jpeg"}],"twitter_card":"summary_large_image","twitter_misc":{"Ansl. lesetid":"1 minutt"},"schema":{"@context":"https:\/\/schema.org","@graph":[{"@type":"WebPage","@id":"https:\/\/staging.forenteforlag.no\/pax\/produkt\/frihetens-arhundre-3\/","url":"https:\/\/staging.forenteforlag.no\/pax\/produkt\/frihetens-arhundre-3\/","name":"Frihetens \u00e5rhundre - Pax","isPartOf":{"@id":"https:\/\/staging.forenteforlag.no\/pax\/#website"},"primaryImageOfPage":{"@id":"https:\/\/staging.forenteforlag.no\/pax\/produkt\/frihetens-arhundre-3\/#primaryimage"},"image":{"@id":"https:\/\/staging.forenteforlag.no\/pax\/produkt\/frihetens-arhundre-3\/#primaryimage"},"thumbnailUrl":"https:\/\/staging.forenteforlag.no\/pax\/wp-content\/uploads\/sites\/5\/2025\/08\/jpg-8675.jpg","datePublished":"2010-08-23T00:00:00+00:00","dateModified":"2025-08-27T09:46:44+00:00","breadcrumb":{"@id":"https:\/\/staging.forenteforlag.no\/pax\/produkt\/frihetens-arhundre-3\/#breadcrumb"},"inLanguage":"nb-NO","potentialAction":[{"@type":"ReadAction","target":["https:\/\/staging.forenteforlag.no\/pax\/produkt\/frihetens-arhundre-3\/"]}]},{"@type":"ImageObject","inLanguage":"nb-NO","@id":"https:\/\/staging.forenteforlag.no\/pax\/produkt\/frihetens-arhundre-3\/#primaryimage","url":"https:\/\/staging.forenteforlag.no\/pax\/wp-content\/uploads\/sites\/5\/2025\/08\/jpg-8675.jpg","contentUrl":"https:\/\/staging.forenteforlag.no\/pax\/wp-content\/uploads\/sites\/5\/2025\/08\/jpg-8675.jpg","width":327,"height":449},{"@type":"BreadcrumbList","@id":"https:\/\/staging.forenteforlag.no\/pax\/produkt\/frihetens-arhundre-3\/#breadcrumb","itemListElement":[{"@type":"ListItem","position":1,"name":"Hjem","item":"https:\/\/staging.forenteforlag.no\/pax\/"},{"@type":"ListItem","position":2,"name":"Alle b\u00f8ker","item":"https:\/\/staging.forenteforlag.no\/pax\/butikk\/"},{"@type":"ListItem","position":3,"name":"Frihetens \u00e5rhundre"}]},{"@type":"WebSite","@id":"https:\/\/staging.forenteforlag.no\/pax\/#website","url":"https:\/\/staging.forenteforlag.no\/pax\/","name":"Pax","description":"","potentialAction":[{"@type":"SearchAction","target":{"@type":"EntryPoint","urlTemplate":"https:\/\/staging.forenteforlag.no\/pax\/?s={search_term_string}"},"query-input":{"@type":"PropertyValueSpecification","valueRequired":true,"valueName":"search_term_string"}}],"inLanguage":"nb-NO"}]}},"_links":{"self":[{"href":"https:\/\/staging.forenteforlag.no\/pax\/wp-json\/wp\/v2\/product\/23982","targetHints":{"allow":["GET"]}}],"collection":[{"href":"https:\/\/staging.forenteforlag.no\/pax\/wp-json\/wp\/v2\/product"}],"about":[{"href":"https:\/\/staging.forenteforlag.no\/pax\/wp-json\/wp\/v2\/types\/product"}],"wp:featuredmedia":[{"embeddable":true,"href":"https:\/\/staging.forenteforlag.no\/pax\/wp-json\/wp\/v2\/media\/29014"}],"wp:attachment":[{"href":"https:\/\/staging.forenteforlag.no\/pax\/wp-json\/wp\/v2\/media?parent=23982"}],"wp:term":[{"taxonomy":"product_brand","embeddable":true,"href":"https:\/\/staging.forenteforlag.no\/pax\/wp-json\/wp\/v2\/product_brand?post=23982"},{"taxonomy":"product_cat","embeddable":true,"href":"https:\/\/staging.forenteforlag.no\/pax\/wp-json\/wp\/v2\/product_cat?post=23982"},{"taxonomy":"product_tag","embeddable":true,"href":"https:\/\/staging.forenteforlag.no\/pax\/wp-json\/wp\/v2\/product_tag?post=23982"}],"curies":[{"name":"wp","href":"https:\/\/api.w.org\/{rel}","templated":true}]}}