{"id":23961,"date":"2006-03-12T16:42:40","date_gmt":"2006-03-12T15:42:40","guid":{"rendered":"https:\/\/pax.forenteforlag.no\/produkt\/organisert-kjopekraft\/"},"modified":"2026-03-04T21:53:54","modified_gmt":"2026-03-04T20:53:54","slug":"organisert-kjopekraft","status":"publish","type":"product","link":"https:\/\/staging.forenteforlag.no\/pax\/produkt\/organisert-kjopekraft\/","title":{"rendered":"Organisert kj\u00f8pekraft"},"content":{"rendered":"<p>Alle har et forhold til samvirkelagene, men Coop er mer enn det. Ved utgangen av 2005 var over \u00e9n million nordmenn medlemmer i forbrukersamvirket Coop, og butikknettet har h\u00e5nd om en fjerdedel av all dagligvareomsetning her i landet. I 2006 er det 100 \u00e5r siden Norges kooperative landsforening ble dannet. I den anledning er forbrukersamvirkets historie skrevet. Samtidig kan studiet av forbrukersamvirkets utvikling kaste lys over hele den moderniseringsprosessen som det norske samfunnet har gjennomg\u00e5tt de siste 150 \u00e5rene. Rikt illustrert.<\/p>\n","protected":false},"excerpt":{"rendered":"<p>Alle har et forhold til samvirkelagene, men Coop er mer enn det. Ved utgangen av 2005 var over \u00e9n million nordmenn medlemmer i forbrukersamvirket Coop, og butikknettet har h\u00e5nd om en fjerdedel av all dagligvareomsetning her i landet. I 2006 er det 100 \u00e5r siden Norges kooperative landsforening ble dannet. I den anledning er forbrukersamvirkets [&hellip;]<\/p>\n","protected":false},"featured_media":29177,"template":"","meta":{"_acf_changed":false,"inline_featured_image":false},"product_brand":[],"product_cat":[1782],"product_tag":[607,1392,362,1637],"class_list":{"0":"post-23961","1":"product","2":"type-product","3":"status-publish","4":"has-post-thumbnail","6":"product_cat-fripris","7":"product_tag-bedriftshistorie","8":"product_tag-detaljhandel","9":"product_tag-faglitteratur","10":"product_tag-selskapsrett","12":"first","13":"instock","14":"shipping-taxable","15":"purchasable","16":"product-type-simple"},"acf":{"anmeldelse":null},"yoast_head":"<!-- This site is optimized with the Yoast SEO plugin v26.6 - https:\/\/yoast.com\/wordpress\/plugins\/seo\/ -->\n<title>Organisert kj\u00f8pekraft - Pax<\/title>\n<meta name=\"robots\" content=\"noindex, follow, max-snippet:-1, max-image-preview:large, max-video-preview:-1\" \/>\n<meta property=\"og:locale\" content=\"nb_NO\" \/>\n<meta property=\"og:type\" content=\"article\" \/>\n<meta property=\"og:title\" content=\"Organisert kj\u00f8pekraft - Pax\" \/>\n<meta property=\"og:description\" content=\"Alle har et forhold til samvirkelagene, men Coop er mer enn det. Ved utgangen av 2005 var over \u00e9n million nordmenn medlemmer i forbrukersamvirket Coop, og butikknettet har h\u00e5nd om en fjerdedel av all dagligvareomsetning her i landet. I 2006 er det 100 \u00e5r siden Norges kooperative landsforening ble dannet. I den anledning er forbrukersamvirkets [&hellip;]\" \/>\n<meta property=\"og:url\" content=\"https:\/\/staging.forenteforlag.no\/pax\/produkt\/organisert-kjopekraft\/\" \/>\n<meta property=\"og:site_name\" content=\"Pax\" \/>\n<meta property=\"article:modified_time\" content=\"2026-03-04T20:53:54+00:00\" \/>\n<meta property=\"og:image\" content=\"https:\/\/staging.forenteforlag.no\/pax\/wp-content\/uploads\/sites\/5\/2025\/08\/jpg-9142.jpg\" \/>\n\t<meta property=\"og:image:width\" content=\"315\" \/>\n\t<meta property=\"og:image:height\" content=\"450\" \/>\n\t<meta property=\"og:image:type\" content=\"image\/jpeg\" \/>\n<meta name=\"twitter:card\" content=\"summary_large_image\" \/>\n<script type=\"application\/ld+json\" class=\"yoast-schema-graph\">{\"@context\":\"https:\/\/schema.org\",\"@graph\":[{\"@type\":\"WebPage\",\"@id\":\"https:\/\/staging.forenteforlag.no\/pax\/produkt\/organisert-kjopekraft\/\",\"url\":\"https:\/\/staging.forenteforlag.no\/pax\/produkt\/organisert-kjopekraft\/\",\"name\":\"Organisert kj\u00f8pekraft - Pax\",\"isPartOf\":{\"@id\":\"https:\/\/staging.forenteforlag.no\/pax\/#website\"},\"primaryImageOfPage\":{\"@id\":\"https:\/\/staging.forenteforlag.no\/pax\/produkt\/organisert-kjopekraft\/#primaryimage\"},\"image\":{\"@id\":\"https:\/\/staging.forenteforlag.no\/pax\/produkt\/organisert-kjopekraft\/#primaryimage\"},\"thumbnailUrl\":\"https:\/\/staging.forenteforlag.no\/pax\/wp-content\/uploads\/sites\/5\/2025\/08\/jpg-9142.jpg\",\"datePublished\":\"2006-03-12T15:42:40+00:00\",\"dateModified\":\"2026-03-04T20:53:54+00:00\",\"breadcrumb\":{\"@id\":\"https:\/\/staging.forenteforlag.no\/pax\/produkt\/organisert-kjopekraft\/#breadcrumb\"},\"inLanguage\":\"nb-NO\",\"potentialAction\":[{\"@type\":\"ReadAction\",\"target\":[\"https:\/\/staging.forenteforlag.no\/pax\/produkt\/organisert-kjopekraft\/\"]}]},{\"@type\":\"ImageObject\",\"inLanguage\":\"nb-NO\",\"@id\":\"https:\/\/staging.forenteforlag.no\/pax\/produkt\/organisert-kjopekraft\/#primaryimage\",\"url\":\"https:\/\/staging.forenteforlag.no\/pax\/wp-content\/uploads\/sites\/5\/2025\/08\/jpg-9142.jpg\",\"contentUrl\":\"https:\/\/staging.forenteforlag.no\/pax\/wp-content\/uploads\/sites\/5\/2025\/08\/jpg-9142.jpg\",\"width\":315,\"height\":450},{\"@type\":\"BreadcrumbList\",\"@id\":\"https:\/\/staging.forenteforlag.no\/pax\/produkt\/organisert-kjopekraft\/#breadcrumb\",\"itemListElement\":[{\"@type\":\"ListItem\",\"position\":1,\"name\":\"Hjem\",\"item\":\"https:\/\/staging.forenteforlag.no\/pax\/\"},{\"@type\":\"ListItem\",\"position\":2,\"name\":\"Alle b\u00f8ker\",\"item\":\"https:\/\/staging.forenteforlag.no\/pax\/butikk\/\"},{\"@type\":\"ListItem\",\"position\":3,\"name\":\"Organisert kj\u00f8pekraft\"}]},{\"@type\":\"WebSite\",\"@id\":\"https:\/\/staging.forenteforlag.no\/pax\/#website\",\"url\":\"https:\/\/staging.forenteforlag.no\/pax\/\",\"name\":\"Pax\",\"description\":\"\",\"potentialAction\":[{\"@type\":\"SearchAction\",\"target\":{\"@type\":\"EntryPoint\",\"urlTemplate\":\"https:\/\/staging.forenteforlag.no\/pax\/?s={search_term_string}\"},\"query-input\":{\"@type\":\"PropertyValueSpecification\",\"valueRequired\":true,\"valueName\":\"search_term_string\"}}],\"inLanguage\":\"nb-NO\"}]}<\/script>\n<!-- \/ Yoast SEO plugin. -->","yoast_head_json":{"title":"Organisert kj\u00f8pekraft - Pax","robots":{"index":"noindex","follow":"follow","max-snippet":"max-snippet:-1","max-image-preview":"max-image-preview:large","max-video-preview":"max-video-preview:-1"},"og_locale":"nb_NO","og_type":"article","og_title":"Organisert kj\u00f8pekraft - Pax","og_description":"Alle har et forhold til samvirkelagene, men Coop er mer enn det. Ved utgangen av 2005 var over \u00e9n million nordmenn medlemmer i forbrukersamvirket Coop, og butikknettet har h\u00e5nd om en fjerdedel av all dagligvareomsetning her i landet. I 2006 er det 100 \u00e5r siden Norges kooperative landsforening ble dannet. I den anledning er forbrukersamvirkets [&hellip;]","og_url":"https:\/\/staging.forenteforlag.no\/pax\/produkt\/organisert-kjopekraft\/","og_site_name":"Pax","article_modified_time":"2026-03-04T20:53:54+00:00","og_image":[{"width":315,"height":450,"url":"https:\/\/staging.forenteforlag.no\/pax\/wp-content\/uploads\/sites\/5\/2025\/08\/jpg-9142.jpg","type":"image\/jpeg"}],"twitter_card":"summary_large_image","schema":{"@context":"https:\/\/schema.org","@graph":[{"@type":"WebPage","@id":"https:\/\/staging.forenteforlag.no\/pax\/produkt\/organisert-kjopekraft\/","url":"https:\/\/staging.forenteforlag.no\/pax\/produkt\/organisert-kjopekraft\/","name":"Organisert kj\u00f8pekraft - Pax","isPartOf":{"@id":"https:\/\/staging.forenteforlag.no\/pax\/#website"},"primaryImageOfPage":{"@id":"https:\/\/staging.forenteforlag.no\/pax\/produkt\/organisert-kjopekraft\/#primaryimage"},"image":{"@id":"https:\/\/staging.forenteforlag.no\/pax\/produkt\/organisert-kjopekraft\/#primaryimage"},"thumbnailUrl":"https:\/\/staging.forenteforlag.no\/pax\/wp-content\/uploads\/sites\/5\/2025\/08\/jpg-9142.jpg","datePublished":"2006-03-12T15:42:40+00:00","dateModified":"2026-03-04T20:53:54+00:00","breadcrumb":{"@id":"https:\/\/staging.forenteforlag.no\/pax\/produkt\/organisert-kjopekraft\/#breadcrumb"},"inLanguage":"nb-NO","potentialAction":[{"@type":"ReadAction","target":["https:\/\/staging.forenteforlag.no\/pax\/produkt\/organisert-kjopekraft\/"]}]},{"@type":"ImageObject","inLanguage":"nb-NO","@id":"https:\/\/staging.forenteforlag.no\/pax\/produkt\/organisert-kjopekraft\/#primaryimage","url":"https:\/\/staging.forenteforlag.no\/pax\/wp-content\/uploads\/sites\/5\/2025\/08\/jpg-9142.jpg","contentUrl":"https:\/\/staging.forenteforlag.no\/pax\/wp-content\/uploads\/sites\/5\/2025\/08\/jpg-9142.jpg","width":315,"height":450},{"@type":"BreadcrumbList","@id":"https:\/\/staging.forenteforlag.no\/pax\/produkt\/organisert-kjopekraft\/#breadcrumb","itemListElement":[{"@type":"ListItem","position":1,"name":"Hjem","item":"https:\/\/staging.forenteforlag.no\/pax\/"},{"@type":"ListItem","position":2,"name":"Alle b\u00f8ker","item":"https:\/\/staging.forenteforlag.no\/pax\/butikk\/"},{"@type":"ListItem","position":3,"name":"Organisert kj\u00f8pekraft"}]},{"@type":"WebSite","@id":"https:\/\/staging.forenteforlag.no\/pax\/#website","url":"https:\/\/staging.forenteforlag.no\/pax\/","name":"Pax","description":"","potentialAction":[{"@type":"SearchAction","target":{"@type":"EntryPoint","urlTemplate":"https:\/\/staging.forenteforlag.no\/pax\/?s={search_term_string}"},"query-input":{"@type":"PropertyValueSpecification","valueRequired":true,"valueName":"search_term_string"}}],"inLanguage":"nb-NO"}]}},"_links":{"self":[{"href":"https:\/\/staging.forenteforlag.no\/pax\/wp-json\/wp\/v2\/product\/23961","targetHints":{"allow":["GET"]}}],"collection":[{"href":"https:\/\/staging.forenteforlag.no\/pax\/wp-json\/wp\/v2\/product"}],"about":[{"href":"https:\/\/staging.forenteforlag.no\/pax\/wp-json\/wp\/v2\/types\/product"}],"wp:featuredmedia":[{"embeddable":true,"href":"https:\/\/staging.forenteforlag.no\/pax\/wp-json\/wp\/v2\/media\/29177"}],"wp:attachment":[{"href":"https:\/\/staging.forenteforlag.no\/pax\/wp-json\/wp\/v2\/media?parent=23961"}],"wp:term":[{"taxonomy":"product_brand","embeddable":true,"href":"https:\/\/staging.forenteforlag.no\/pax\/wp-json\/wp\/v2\/product_brand?post=23961"},{"taxonomy":"product_cat","embeddable":true,"href":"https:\/\/staging.forenteforlag.no\/pax\/wp-json\/wp\/v2\/product_cat?post=23961"},{"taxonomy":"product_tag","embeddable":true,"href":"https:\/\/staging.forenteforlag.no\/pax\/wp-json\/wp\/v2\/product_tag?post=23961"}],"curies":[{"name":"wp","href":"https:\/\/api.w.org\/{rel}","templated":true}]}}

Organisert kjøpekraft

<p>Alle har et forhold til samvirkelagene, men Coop er mer enn det. Ved utgangen av 2005 var over én million nordmenn medlemmer i forbrukersamvirket Coop, og butikknettet har hånd om en fjerdedel av all dagligvareomsetning her i landet. I 2006 er det 100 år siden Norges kooperative landsforening ble dannet. I den anledning er forbrukersamvirkets historie skrevet. Samtidig kan studiet av forbrukersamvirkets utvikling kaste lys over hele den moderniseringsprosessen som det norske samfunnet har gjennomgått de siste 150 årene. Rikt illustrert.</p>

<p>Alle har et forhold til samvirkelagene, men Coop er mer enn det. Ved utgangen av 2005 var over én million nordmenn medlemmer i forbrukersamvirket Coop, og butikknettet har hånd om en fjerdedel av all dagligvareomsetning her i landet. I 2006 er det 100 år siden Norges kooperative landsforening ble dannet. I den anledning er forbrukersamvirkets [&hellip;]</p>

<!-- This site is optimized with the Yoast SEO plugin v26.6 - https://yoast.com/wordpress/plugins/seo/ -->
<title>Organisert kjøpekraft - Pax</title>
<meta name="robots" content="noindex, follow, max-snippet:-1, max-image-preview:large, max-video-preview:-1" />
<meta property="og:locale" content="nb_NO" />
<meta property="og:type" content="article" />
<meta property="og:title" content="Organisert kjøpekraft - Pax" />
<meta property="og:description" content="Alle har et forhold til samvirkelagene, men Coop er mer enn det. Ved utgangen av 2005 var over én million nordmenn medlemmer i forbrukersamvirket Coop, og butikknettet har hånd om en fjerdedel av all dagligvareomsetning her i landet. I 2006 er det 100 år siden Norges kooperative landsforening ble dannet. I den anledning er forbrukersamvirkets [&hellip;]" />
<meta property="og:url" content="https://staging.forenteforlag.no/pax/produkt/organisert-kjopekraft/" />
<meta property="og:site_name" content="Pax" />
<meta property="article:modified_time" content="2026-03-04T20:53:54+00:00" />
<meta property="og:image" content="https://staging.forenteforlag.no/pax/wp-content/uploads/sites/5/2025/08/jpg-9142.jpg" />
	<meta property="og:image:width" content="315" />
	<meta property="og:image:height" content="450" />
	<meta property="og:image:type" content="image/jpeg" />
<meta name="twitter:card" content="summary_large_image" />
<script type="application/ld+json" class="yoast-schema-graph">{"@context":"https://schema.org","@graph":[{"@type":"WebPage","@id":"https://staging.forenteforlag.no/pax/produkt/organisert-kjopekraft/","url":"https://staging.forenteforlag.no/pax/produkt/organisert-kjopekraft/","name":"Organisert kjøpekraft - Pax","isPartOf":{"@id":"https://staging.forenteforlag.no/pax/#website"},"primaryImageOfPage":{"@id":"https://staging.forenteforlag.no/pax/produkt/organisert-kjopekraft/#primaryimage"},"image":{"@id":"https://staging.forenteforlag.no/pax/produkt/organisert-kjopekraft/#primaryimage"},"thumbnailUrl":"https://staging.forenteforlag.no/pax/wp-content/uploads/sites/5/2025/08/jpg-9142.jpg","datePublished":"2006-03-12T15:42:40+00:00","dateModified":"2026-03-04T20:53:54+00:00","breadcrumb":{"@id":"https://staging.forenteforlag.no/pax/produkt/organisert-kjopekraft/#breadcrumb"},"inLanguage":"nb-NO","potentialAction":[{"@type":"ReadAction","target":["https://staging.forenteforlag.no/pax/produkt/organisert-kjopekraft/"]}]},{"@type":"ImageObject","inLanguage":"nb-NO","@id":"https://staging.forenteforlag.no/pax/produkt/organisert-kjopekraft/#primaryimage","url":"https://staging.forenteforlag.no/pax/wp-content/uploads/sites/5/2025/08/jpg-9142.jpg","contentUrl":"https://staging.forenteforlag.no/pax/wp-content/uploads/sites/5/2025/08/jpg-9142.jpg","width":315,"height":450},{"@type":"BreadcrumbList","@id":"https://staging.forenteforlag.no/pax/produkt/organisert-kjopekraft/#breadcrumb","itemListElement":[{"@type":"ListItem","position":1,"name":"Hjem","item":"https://staging.forenteforlag.no/pax/"},{"@type":"ListItem","position":2,"name":"Alle bøker","item":"https://staging.forenteforlag.no/pax/butikk/"},{"@type":"ListItem","position":3,"name":"Organisert kjøpekraft"}]},{"@type":"WebSite","@id":"https://staging.forenteforlag.no/pax/#website","url":"https://staging.forenteforlag.no/pax/","name":"Pax","description":"","potentialAction":[{"@type":"SearchAction","target":{"@type":"EntryPoint","urlTemplate":"https://staging.forenteforlag.no/pax/?s={search_term_string}"},"query-input":{"@type":"PropertyValueSpecification","valueRequired":true,"valueName":"search_term_string"}}],"inLanguage":"nb-NO"}]}</script>
<!-- / Yoast SEO plugin. -->

Organisert kjøpekraft - Pax

Alle har et forhold til samvirkelagene, men Coop er mer enn det. Ved utgangen av 2005 var over én million nordmenn medlemmer i forbrukersamvirket Coop, og butikknettet har hånd om en fjerdedel av all dagligvareomsetning her i landet. I 2006 er det 100 år siden Norges kooperative landsforening ble dannet. I den anledning er forbrukersamvirkets [&hellip;]

Alle bøker
