{"id":23938,"date":"2009-10-12T02:00:00","date_gmt":"2009-10-12T00:00:00","guid":{"rendered":"https:\/\/pax.forenteforlag.no\/produkt\/kart-over-narrativ-praksis\/"},"modified":"2026-03-03T21:53:12","modified_gmt":"2026-03-03T20:53:12","slug":"kart-over-narrativ-praksis","status":"publish","type":"product","link":"https:\/\/staging.forenteforlag.no\/pax\/produkt\/kart-over-narrativ-praksis\/","title":{"rendered":"Kart over narrativ praksis"},"content":{"rendered":"<p>Hvordan kan den terapeutiske samtalen bevege barn og unges selvoppfatning i en positiv retning? Hvordan kan man hjelpe dem til \u00e5 gjenfinne sin styrke og sine ressurser? Denne boken er en guide til den terapeutiske samtalen, hvor klienten selv aktivt former sin egen endringsprosess. Michael White viser hvordan den narrative terapiens hovedelementer kan anvendes i terapirommet; hvordan problemet kan eksternaliseres og dermed diskuteres, hvordan oppfatninger av hendelser kan reformuleres, og hvordan man kan finne omdreiningspunktet som beveger samtalen mot endring. Boken er et sjener\u00f8st innblikk i Michael Whites terapirom, men ogs\u00e5 en systematisk oversikt over hvilke tanker som ligger bak de sp\u00f8rsm\u00e5lene han stiller til sine klienter.<\/p>\n","protected":false},"excerpt":{"rendered":"<p>Hvordan kan den terapeutiske samtalen bevege barn og unges selvoppfatning i en positiv retning? Hvordan kan man hjelpe dem til \u00e5 gjenfinne sin styrke og sine ressurser? Denne boken er en guide til den terapeutiske samtalen, hvor klienten selv aktivt former sin egen endringsprosess. Michael White viser hvordan den narrative terapiens hovedelementer kan anvendes i [&hellip;]<\/p>\n","protected":false},"featured_media":29275,"template":"","meta":{"_acf_changed":false,"inline_featured_image":false},"product_brand":[],"product_cat":[1782],"product_tag":[739,1445,362,587,1068],"class_list":{"0":"post-23938","1":"product","2":"type-product","3":"status-publish","4":"has-post-thumbnail","6":"product_cat-fripris","7":"product_tag-barndom","8":"product_tag-barne-og-ungdomslitteratur","9":"product_tag-faglitteratur","10":"product_tag-muntlig-kommunikasjon","11":"product_tag-psykoterapi","13":"first","14":"instock","15":"shipping-taxable","16":"purchasable","17":"product-type-simple"},"acf":{"anmeldelse":null},"yoast_head":"<!-- This site is optimized with the Yoast SEO plugin v26.6 - https:\/\/yoast.com\/wordpress\/plugins\/seo\/ -->\n<title>Kart over narrativ praksis - Pax<\/title>\n<meta name=\"robots\" content=\"noindex, follow, max-snippet:-1, max-image-preview:large, max-video-preview:-1\" \/>\n<meta property=\"og:locale\" content=\"nb_NO\" \/>\n<meta property=\"og:type\" content=\"article\" \/>\n<meta property=\"og:title\" content=\"Kart over narrativ praksis - Pax\" \/>\n<meta property=\"og:description\" content=\"Hvordan kan den terapeutiske samtalen bevege barn og unges selvoppfatning i en positiv retning? Hvordan kan man hjelpe dem til \u00e5 gjenfinne sin styrke og sine ressurser? Denne boken er en guide til den terapeutiske samtalen, hvor klienten selv aktivt former sin egen endringsprosess. Michael White viser hvordan den narrative terapiens hovedelementer kan anvendes i [&hellip;]\" \/>\n<meta property=\"og:url\" content=\"https:\/\/staging.forenteforlag.no\/pax\/produkt\/kart-over-narrativ-praksis\/\" \/>\n<meta property=\"og:site_name\" content=\"Pax\" \/>\n<meta property=\"article:modified_time\" content=\"2026-03-03T20:53:12+00:00\" \/>\n<meta property=\"og:image\" content=\"https:\/\/staging.forenteforlag.no\/pax\/wp-content\/uploads\/sites\/5\/2025\/08\/jpg-9454.jpg\" \/>\n\t<meta property=\"og:image:width\" content=\"328\" \/>\n\t<meta property=\"og:image:height\" content=\"450\" \/>\n\t<meta property=\"og:image:type\" content=\"image\/jpeg\" \/>\n<meta name=\"twitter:card\" content=\"summary_large_image\" \/>\n<meta name=\"twitter:label1\" content=\"Ansl. lesetid\" \/>\n\t<meta name=\"twitter:data1\" content=\"1 minutt\" \/>\n<script type=\"application\/ld+json\" class=\"yoast-schema-graph\">{\"@context\":\"https:\/\/schema.org\",\"@graph\":[{\"@type\":\"WebPage\",\"@id\":\"https:\/\/staging.forenteforlag.no\/pax\/produkt\/kart-over-narrativ-praksis\/\",\"url\":\"https:\/\/staging.forenteforlag.no\/pax\/produkt\/kart-over-narrativ-praksis\/\",\"name\":\"Kart over narrativ praksis - Pax\",\"isPartOf\":{\"@id\":\"https:\/\/staging.forenteforlag.no\/pax\/#website\"},\"primaryImageOfPage\":{\"@id\":\"https:\/\/staging.forenteforlag.no\/pax\/produkt\/kart-over-narrativ-praksis\/#primaryimage\"},\"image\":{\"@id\":\"https:\/\/staging.forenteforlag.no\/pax\/produkt\/kart-over-narrativ-praksis\/#primaryimage\"},\"thumbnailUrl\":\"https:\/\/staging.forenteforlag.no\/pax\/wp-content\/uploads\/sites\/5\/2025\/08\/jpg-9454.jpg\",\"datePublished\":\"2009-10-12T00:00:00+00:00\",\"dateModified\":\"2026-03-03T20:53:12+00:00\",\"breadcrumb\":{\"@id\":\"https:\/\/staging.forenteforlag.no\/pax\/produkt\/kart-over-narrativ-praksis\/#breadcrumb\"},\"inLanguage\":\"nb-NO\",\"potentialAction\":[{\"@type\":\"ReadAction\",\"target\":[\"https:\/\/staging.forenteforlag.no\/pax\/produkt\/kart-over-narrativ-praksis\/\"]}]},{\"@type\":\"ImageObject\",\"inLanguage\":\"nb-NO\",\"@id\":\"https:\/\/staging.forenteforlag.no\/pax\/produkt\/kart-over-narrativ-praksis\/#primaryimage\",\"url\":\"https:\/\/staging.forenteforlag.no\/pax\/wp-content\/uploads\/sites\/5\/2025\/08\/jpg-9454.jpg\",\"contentUrl\":\"https:\/\/staging.forenteforlag.no\/pax\/wp-content\/uploads\/sites\/5\/2025\/08\/jpg-9454.jpg\",\"width\":328,\"height\":450},{\"@type\":\"BreadcrumbList\",\"@id\":\"https:\/\/staging.forenteforlag.no\/pax\/produkt\/kart-over-narrativ-praksis\/#breadcrumb\",\"itemListElement\":[{\"@type\":\"ListItem\",\"position\":1,\"name\":\"Hjem\",\"item\":\"https:\/\/staging.forenteforlag.no\/pax\/\"},{\"@type\":\"ListItem\",\"position\":2,\"name\":\"Alle b\u00f8ker\",\"item\":\"https:\/\/staging.forenteforlag.no\/pax\/butikk\/\"},{\"@type\":\"ListItem\",\"position\":3,\"name\":\"Kart over narrativ praksis\"}]},{\"@type\":\"WebSite\",\"@id\":\"https:\/\/staging.forenteforlag.no\/pax\/#website\",\"url\":\"https:\/\/staging.forenteforlag.no\/pax\/\",\"name\":\"Pax\",\"description\":\"\",\"potentialAction\":[{\"@type\":\"SearchAction\",\"target\":{\"@type\":\"EntryPoint\",\"urlTemplate\":\"https:\/\/staging.forenteforlag.no\/pax\/?s={search_term_string}\"},\"query-input\":{\"@type\":\"PropertyValueSpecification\",\"valueRequired\":true,\"valueName\":\"search_term_string\"}}],\"inLanguage\":\"nb-NO\"}]}<\/script>\n<!-- \/ Yoast SEO plugin. -->","yoast_head_json":{"title":"Kart over narrativ praksis - Pax","robots":{"index":"noindex","follow":"follow","max-snippet":"max-snippet:-1","max-image-preview":"max-image-preview:large","max-video-preview":"max-video-preview:-1"},"og_locale":"nb_NO","og_type":"article","og_title":"Kart over narrativ praksis - Pax","og_description":"Hvordan kan den terapeutiske samtalen bevege barn og unges selvoppfatning i en positiv retning? Hvordan kan man hjelpe dem til \u00e5 gjenfinne sin styrke og sine ressurser? Denne boken er en guide til den terapeutiske samtalen, hvor klienten selv aktivt former sin egen endringsprosess. Michael White viser hvordan den narrative terapiens hovedelementer kan anvendes i [&hellip;]","og_url":"https:\/\/staging.forenteforlag.no\/pax\/produkt\/kart-over-narrativ-praksis\/","og_site_name":"Pax","article_modified_time":"2026-03-03T20:53:12+00:00","og_image":[{"width":328,"height":450,"url":"https:\/\/staging.forenteforlag.no\/pax\/wp-content\/uploads\/sites\/5\/2025\/08\/jpg-9454.jpg","type":"image\/jpeg"}],"twitter_card":"summary_large_image","twitter_misc":{"Ansl. lesetid":"1 minutt"},"schema":{"@context":"https:\/\/schema.org","@graph":[{"@type":"WebPage","@id":"https:\/\/staging.forenteforlag.no\/pax\/produkt\/kart-over-narrativ-praksis\/","url":"https:\/\/staging.forenteforlag.no\/pax\/produkt\/kart-over-narrativ-praksis\/","name":"Kart over narrativ praksis - Pax","isPartOf":{"@id":"https:\/\/staging.forenteforlag.no\/pax\/#website"},"primaryImageOfPage":{"@id":"https:\/\/staging.forenteforlag.no\/pax\/produkt\/kart-over-narrativ-praksis\/#primaryimage"},"image":{"@id":"https:\/\/staging.forenteforlag.no\/pax\/produkt\/kart-over-narrativ-praksis\/#primaryimage"},"thumbnailUrl":"https:\/\/staging.forenteforlag.no\/pax\/wp-content\/uploads\/sites\/5\/2025\/08\/jpg-9454.jpg","datePublished":"2009-10-12T00:00:00+00:00","dateModified":"2026-03-03T20:53:12+00:00","breadcrumb":{"@id":"https:\/\/staging.forenteforlag.no\/pax\/produkt\/kart-over-narrativ-praksis\/#breadcrumb"},"inLanguage":"nb-NO","potentialAction":[{"@type":"ReadAction","target":["https:\/\/staging.forenteforlag.no\/pax\/produkt\/kart-over-narrativ-praksis\/"]}]},{"@type":"ImageObject","inLanguage":"nb-NO","@id":"https:\/\/staging.forenteforlag.no\/pax\/produkt\/kart-over-narrativ-praksis\/#primaryimage","url":"https:\/\/staging.forenteforlag.no\/pax\/wp-content\/uploads\/sites\/5\/2025\/08\/jpg-9454.jpg","contentUrl":"https:\/\/staging.forenteforlag.no\/pax\/wp-content\/uploads\/sites\/5\/2025\/08\/jpg-9454.jpg","width":328,"height":450},{"@type":"BreadcrumbList","@id":"https:\/\/staging.forenteforlag.no\/pax\/produkt\/kart-over-narrativ-praksis\/#breadcrumb","itemListElement":[{"@type":"ListItem","position":1,"name":"Hjem","item":"https:\/\/staging.forenteforlag.no\/pax\/"},{"@type":"ListItem","position":2,"name":"Alle b\u00f8ker","item":"https:\/\/staging.forenteforlag.no\/pax\/butikk\/"},{"@type":"ListItem","position":3,"name":"Kart over narrativ praksis"}]},{"@type":"WebSite","@id":"https:\/\/staging.forenteforlag.no\/pax\/#website","url":"https:\/\/staging.forenteforlag.no\/pax\/","name":"Pax","description":"","potentialAction":[{"@type":"SearchAction","target":{"@type":"EntryPoint","urlTemplate":"https:\/\/staging.forenteforlag.no\/pax\/?s={search_term_string}"},"query-input":{"@type":"PropertyValueSpecification","valueRequired":true,"valueName":"search_term_string"}}],"inLanguage":"nb-NO"}]}},"_links":{"self":[{"href":"https:\/\/staging.forenteforlag.no\/pax\/wp-json\/wp\/v2\/product\/23938","targetHints":{"allow":["GET"]}}],"collection":[{"href":"https:\/\/staging.forenteforlag.no\/pax\/wp-json\/wp\/v2\/product"}],"about":[{"href":"https:\/\/staging.forenteforlag.no\/pax\/wp-json\/wp\/v2\/types\/product"}],"wp:featuredmedia":[{"embeddable":true,"href":"https:\/\/staging.forenteforlag.no\/pax\/wp-json\/wp\/v2\/media\/29275"}],"wp:attachment":[{"href":"https:\/\/staging.forenteforlag.no\/pax\/wp-json\/wp\/v2\/media?parent=23938"}],"wp:term":[{"taxonomy":"product_brand","embeddable":true,"href":"https:\/\/staging.forenteforlag.no\/pax\/wp-json\/wp\/v2\/product_brand?post=23938"},{"taxonomy":"product_cat","embeddable":true,"href":"https:\/\/staging.forenteforlag.no\/pax\/wp-json\/wp\/v2\/product_cat?post=23938"},{"taxonomy":"product_tag","embeddable":true,"href":"https:\/\/staging.forenteforlag.no\/pax\/wp-json\/wp\/v2\/product_tag?post=23938"}],"curies":[{"name":"wp","href":"https:\/\/api.w.org\/{rel}","templated":true}]}}

<p>Hvordan kan den terapeutiske samtalen bevege barn og unges selvoppfatning i en positiv retning? Hvordan kan man hjelpe dem til å gjenfinne sin styrke og sine ressurser? Denne boken er en guide til den terapeutiske samtalen, hvor klienten selv aktivt former sin egen endringsprosess. Michael White viser hvordan den narrative terapiens hovedelementer kan anvendes i terapirommet; hvordan problemet kan eksternaliseres og dermed diskuteres, hvordan oppfatninger av hendelser kan reformuleres, og hvordan man kan finne omdreiningspunktet som beveger samtalen mot endring. Boken er et sjenerøst innblikk i Michael Whites terapirom, men også en systematisk oversikt over hvilke tanker som ligger bak de spørsmålene han stiller til sine klienter.</p>

<p>Hvordan kan den terapeutiske samtalen bevege barn og unges selvoppfatning i en positiv retning? Hvordan kan man hjelpe dem til å gjenfinne sin styrke og sine ressurser? Denne boken er en guide til den terapeutiske samtalen, hvor klienten selv aktivt former sin egen endringsprosess. Michael White viser hvordan den narrative terapiens hovedelementer kan anvendes i [&hellip;]</p>

<!-- This site is optimized with the Yoast SEO plugin v26.6 - https://yoast.com/wordpress/plugins/seo/ -->
<title>Kart over narrativ praksis - Pax</title>
<meta name="robots" content="noindex, follow, max-snippet:-1, max-image-preview:large, max-video-preview:-1" />
<meta property="og:locale" content="nb_NO" />
<meta property="og:type" content="article" />
<meta property="og:title" content="Kart over narrativ praksis - Pax" />
<meta property="og:description" content="Hvordan kan den terapeutiske samtalen bevege barn og unges selvoppfatning i en positiv retning? Hvordan kan man hjelpe dem til å gjenfinne sin styrke og sine ressurser? Denne boken er en guide til den terapeutiske samtalen, hvor klienten selv aktivt former sin egen endringsprosess. Michael White viser hvordan den narrative terapiens hovedelementer kan anvendes i [&hellip;]" />
<meta property="og:url" content="https://staging.forenteforlag.no/pax/produkt/kart-over-narrativ-praksis/" />
<meta property="og:site_name" content="Pax" />
<meta property="article:modified_time" content="2026-03-03T20:53:12+00:00" />
<meta property="og:image" content="https://staging.forenteforlag.no/pax/wp-content/uploads/sites/5/2025/08/jpg-9454.jpg" />
	<meta property="og:image:width" content="328" />
	<meta property="og:image:height" content="450" />
	<meta property="og:image:type" content="image/jpeg" />
<meta name="twitter:card" content="summary_large_image" />
<meta name="twitter:label1" content="Ansl. lesetid" />
	<meta name="twitter:data1" content="1 minutt" />
<script type="application/ld+json" class="yoast-schema-graph">{"@context":"https://schema.org","@graph":[{"@type":"WebPage","@id":"https://staging.forenteforlag.no/pax/produkt/kart-over-narrativ-praksis/","url":"https://staging.forenteforlag.no/pax/produkt/kart-over-narrativ-praksis/","name":"Kart over narrativ praksis - Pax","isPartOf":{"@id":"https://staging.forenteforlag.no/pax/#website"},"primaryImageOfPage":{"@id":"https://staging.forenteforlag.no/pax/produkt/kart-over-narrativ-praksis/#primaryimage"},"image":{"@id":"https://staging.forenteforlag.no/pax/produkt/kart-over-narrativ-praksis/#primaryimage"},"thumbnailUrl":"https://staging.forenteforlag.no/pax/wp-content/uploads/sites/5/2025/08/jpg-9454.jpg","datePublished":"2009-10-12T00:00:00+00:00","dateModified":"2026-03-03T20:53:12+00:00","breadcrumb":{"@id":"https://staging.forenteforlag.no/pax/produkt/kart-over-narrativ-praksis/#breadcrumb"},"inLanguage":"nb-NO","potentialAction":[{"@type":"ReadAction","target":["https://staging.forenteforlag.no/pax/produkt/kart-over-narrativ-praksis/"]}]},{"@type":"ImageObject","inLanguage":"nb-NO","@id":"https://staging.forenteforlag.no/pax/produkt/kart-over-narrativ-praksis/#primaryimage","url":"https://staging.forenteforlag.no/pax/wp-content/uploads/sites/5/2025/08/jpg-9454.jpg","contentUrl":"https://staging.forenteforlag.no/pax/wp-content/uploads/sites/5/2025/08/jpg-9454.jpg","width":328,"height":450},{"@type":"BreadcrumbList","@id":"https://staging.forenteforlag.no/pax/produkt/kart-over-narrativ-praksis/#breadcrumb","itemListElement":[{"@type":"ListItem","position":1,"name":"Hjem","item":"https://staging.forenteforlag.no/pax/"},{"@type":"ListItem","position":2,"name":"Alle bøker","item":"https://staging.forenteforlag.no/pax/butikk/"},{"@type":"ListItem","position":3,"name":"Kart over narrativ praksis"}]},{"@type":"WebSite","@id":"https://staging.forenteforlag.no/pax/#website","url":"https://staging.forenteforlag.no/pax/","name":"Pax","description":"","potentialAction":[{"@type":"SearchAction","target":{"@type":"EntryPoint","urlTemplate":"https://staging.forenteforlag.no/pax/?s={search_term_string}"},"query-input":{"@type":"PropertyValueSpecification","valueRequired":true,"valueName":"search_term_string"}}],"inLanguage":"nb-NO"}]}</script>
<!-- / Yoast SEO plugin. -->

Hvordan kan den terapeutiske samtalen bevege barn og unges selvoppfatning i en positiv retning? Hvordan kan man hjelpe dem til å gjenfinne sin styrke og sine ressurser? Denne boken er en guide til den terapeutiske samtalen, hvor klienten selv aktivt former sin egen endringsprosess. Michael White viser hvordan den narrative terapiens hovedelementer kan anvendes i [&hellip;]

Alle bøker
