{"id":23921,"date":"2013-05-31T02:00:00","date_gmt":"2013-05-31T00:00:00","guid":{"rendered":"https:\/\/pax.forenteforlag.no\/produkt\/frihetens-forskole\/"},"modified":"2025-08-27T10:03:18","modified_gmt":"2025-08-27T08:03:18","slug":"frihetens-forskole","status":"publish","type":"product","link":"https:\/\/staging.forenteforlag.no\/pax\/produkt\/frihetens-forskole\/","title":{"rendered":"Frihetens forskole"},"content":{"rendered":"<p>V\u00e5ren 1814 ble den norske grunnloven utarbeidet i l\u00f8pet av fem hektiske uker.N\u00e5 er den verdens nest eldste gjeldende grunnlov.Situasjonen var krevende, krig truet, og statsordningen skulle endres grunnleggende. Hva gjorde det mulig \u00e5 gjennomf\u00f8re et slikt raskt og vellykket grunnlovsarbeid? Svaret ligger i den intellektuelle bakgrunnentil de grunnlovsfedrene som hadde sin studie- og embetstid i K\u00f8benhavn p\u00e5 slutten av 1700- og tidlig p\u00e5 1800-tallet. Tiden var preget av relativt vid ytringsfrihet og stor offentlig interesse for den europeiske og transatlantiske utvikling. Disse impulsene innenfor rettsvitenskap, filosofi, statistikk og teologi blir her ogs\u00e5 satt inn i lengre historiske linjer. I Friheten forskoletar en rekke ledende forskere for seg dette intellektuelle milj\u00f8et. S\u00e6rlig blir det hittil oversette arbeidet til professor J.F.W. Schlegel trukket frem. I sin naturrett diskuterte han tidens moderne statsrettslige og samfunnsfilosofiske sp\u00f8rsm\u00e5l og ordninger. Boken gir en hovedn\u00f8kkel til forst\u00e5elsen av hvordan Grunnloven kunne bli som den ble. Den egner seg for alle som vil forst\u00e5 Grunnlovens historie, og for alle som er interessert i nordeuropeisk politisk id\u00e9historie i revolusjonenes tid. Inng\u00e5r i Nye perspektiver p\u00e5 Grunnloven 1814-1824-En bokserie i seks bind. Bidragsytere: Anton Fredrik Andresen, Lars Bj\u00f6rne, Michael Bregnsbo, H\u00e5kon Evju, Rasmus Glenth\u00f8j, Erik Holm\u00f8yvik, Rolv N\u00f8tvik Jakobsen, Jon Gunnar J\u00f8rgensen, Ola Mestad, Dag Michalsen, Brian Kj\u00e6r Olesen, Thor Inge R\u00f8rvik og Ditlev Tamm.<\/p>\n","protected":false},"excerpt":{"rendered":"<p>V\u00e5ren 1814 ble den norske grunnloven utarbeidet i l\u00f8pet av fem hektiske uker.N\u00e5 er den verdens nest eldste gjeldende grunnlov.Situasjonen var krevende, krig truet, og statsordningen skulle endres grunnleggende. Hva gjorde det mulig \u00e5 gjennomf\u00f8re et slikt raskt og vellykket grunnlovsarbeid? Svaret ligger i den intellektuelle bakgrunnentil de grunnlovsfedrene som hadde sin studie- og embetstid [&hellip;]<\/p>\n","protected":false},"featured_media":28631,"template":"","meta":{"_acf_changed":false,"inline_featured_image":false},"product_brand":[],"product_cat":[1782,23],"product_tag":[394,607,362,657,439,1033,1359],"class_list":{"0":"post-23921","1":"product","2":"type-product","3":"status-publish","4":"has-post-thumbnail","6":"product_cat-fripris","7":"product_cat-historie","8":"product_tag-1800-tallet","9":"product_tag-bedriftshistorie","10":"product_tag-faglitteratur","11":"product_tag-grunnloven","12":"product_tag-nord-norge","13":"product_tag-rettsfilosofi","14":"product_tag-statsforfatningsrett","15":"pa_format-innbundet","17":"first","18":"instock","19":"shipping-taxable","20":"purchasable","21":"product-type-simple"},"acf":{"anmeldelse":null},"yoast_head":"<!-- This site is optimized with the Yoast SEO plugin v26.6 - https:\/\/yoast.com\/wordpress\/plugins\/seo\/ -->\n<title>Frihetens forskole - Pax<\/title>\n<meta name=\"robots\" content=\"noindex, follow, max-snippet:-1, max-image-preview:large, max-video-preview:-1\" \/>\n<meta property=\"og:locale\" content=\"nb_NO\" \/>\n<meta property=\"og:type\" content=\"article\" \/>\n<meta property=\"og:title\" content=\"Frihetens forskole - Pax\" \/>\n<meta property=\"og:description\" content=\"V\u00e5ren 1814 ble den norske grunnloven utarbeidet i l\u00f8pet av fem hektiske uker.N\u00e5 er den verdens nest eldste gjeldende grunnlov.Situasjonen var krevende, krig truet, og statsordningen skulle endres grunnleggende. Hva gjorde det mulig \u00e5 gjennomf\u00f8re et slikt raskt og vellykket grunnlovsarbeid? Svaret ligger i den intellektuelle bakgrunnentil de grunnlovsfedrene som hadde sin studie- og embetstid [&hellip;]\" \/>\n<meta property=\"og:url\" content=\"https:\/\/staging.forenteforlag.no\/pax\/produkt\/frihetens-forskole\/\" \/>\n<meta property=\"og:site_name\" content=\"Pax\" \/>\n<meta property=\"article:modified_time\" content=\"2025-08-27T08:03:18+00:00\" \/>\n<meta property=\"og:image\" content=\"https:\/\/staging.forenteforlag.no\/pax\/wp-content\/uploads\/sites\/5\/2025\/08\/jpg-7490.jpg\" \/>\n\t<meta property=\"og:image:width\" content=\"330\" \/>\n\t<meta property=\"og:image:height\" content=\"450\" \/>\n\t<meta property=\"og:image:type\" content=\"image\/jpeg\" \/>\n<meta name=\"twitter:card\" content=\"summary_large_image\" \/>\n<meta name=\"twitter:label1\" content=\"Ansl. lesetid\" \/>\n\t<meta name=\"twitter:data1\" content=\"1 minutt\" \/>\n<script type=\"application\/ld+json\" class=\"yoast-schema-graph\">{\"@context\":\"https:\/\/schema.org\",\"@graph\":[{\"@type\":\"WebPage\",\"@id\":\"https:\/\/staging.forenteforlag.no\/pax\/produkt\/frihetens-forskole\/\",\"url\":\"https:\/\/staging.forenteforlag.no\/pax\/produkt\/frihetens-forskole\/\",\"name\":\"Frihetens forskole - Pax\",\"isPartOf\":{\"@id\":\"https:\/\/staging.forenteforlag.no\/pax\/#website\"},\"primaryImageOfPage\":{\"@id\":\"https:\/\/staging.forenteforlag.no\/pax\/produkt\/frihetens-forskole\/#primaryimage\"},\"image\":{\"@id\":\"https:\/\/staging.forenteforlag.no\/pax\/produkt\/frihetens-forskole\/#primaryimage\"},\"thumbnailUrl\":\"https:\/\/staging.forenteforlag.no\/pax\/wp-content\/uploads\/sites\/5\/2025\/08\/jpg-7490.jpg\",\"datePublished\":\"2013-05-31T00:00:00+00:00\",\"dateModified\":\"2025-08-27T08:03:18+00:00\",\"breadcrumb\":{\"@id\":\"https:\/\/staging.forenteforlag.no\/pax\/produkt\/frihetens-forskole\/#breadcrumb\"},\"inLanguage\":\"nb-NO\",\"potentialAction\":[{\"@type\":\"ReadAction\",\"target\":[\"https:\/\/staging.forenteforlag.no\/pax\/produkt\/frihetens-forskole\/\"]}]},{\"@type\":\"ImageObject\",\"inLanguage\":\"nb-NO\",\"@id\":\"https:\/\/staging.forenteforlag.no\/pax\/produkt\/frihetens-forskole\/#primaryimage\",\"url\":\"https:\/\/staging.forenteforlag.no\/pax\/wp-content\/uploads\/sites\/5\/2025\/08\/jpg-7490.jpg\",\"contentUrl\":\"https:\/\/staging.forenteforlag.no\/pax\/wp-content\/uploads\/sites\/5\/2025\/08\/jpg-7490.jpg\",\"width\":330,\"height\":450},{\"@type\":\"BreadcrumbList\",\"@id\":\"https:\/\/staging.forenteforlag.no\/pax\/produkt\/frihetens-forskole\/#breadcrumb\",\"itemListElement\":[{\"@type\":\"ListItem\",\"position\":1,\"name\":\"Hjem\",\"item\":\"https:\/\/staging.forenteforlag.no\/pax\/\"},{\"@type\":\"ListItem\",\"position\":2,\"name\":\"Alle b\u00f8ker\",\"item\":\"https:\/\/staging.forenteforlag.no\/pax\/butikk\/\"},{\"@type\":\"ListItem\",\"position\":3,\"name\":\"Frihetens forskole\"}]},{\"@type\":\"WebSite\",\"@id\":\"https:\/\/staging.forenteforlag.no\/pax\/#website\",\"url\":\"https:\/\/staging.forenteforlag.no\/pax\/\",\"name\":\"Pax\",\"description\":\"\",\"potentialAction\":[{\"@type\":\"SearchAction\",\"target\":{\"@type\":\"EntryPoint\",\"urlTemplate\":\"https:\/\/staging.forenteforlag.no\/pax\/?s={search_term_string}\"},\"query-input\":{\"@type\":\"PropertyValueSpecification\",\"valueRequired\":true,\"valueName\":\"search_term_string\"}}],\"inLanguage\":\"nb-NO\"}]}<\/script>\n<!-- \/ Yoast SEO plugin. -->","yoast_head_json":{"title":"Frihetens forskole - Pax","robots":{"index":"noindex","follow":"follow","max-snippet":"max-snippet:-1","max-image-preview":"max-image-preview:large","max-video-preview":"max-video-preview:-1"},"og_locale":"nb_NO","og_type":"article","og_title":"Frihetens forskole - Pax","og_description":"V\u00e5ren 1814 ble den norske grunnloven utarbeidet i l\u00f8pet av fem hektiske uker.N\u00e5 er den verdens nest eldste gjeldende grunnlov.Situasjonen var krevende, krig truet, og statsordningen skulle endres grunnleggende. Hva gjorde det mulig \u00e5 gjennomf\u00f8re et slikt raskt og vellykket grunnlovsarbeid? Svaret ligger i den intellektuelle bakgrunnentil de grunnlovsfedrene som hadde sin studie- og embetstid [&hellip;]","og_url":"https:\/\/staging.forenteforlag.no\/pax\/produkt\/frihetens-forskole\/","og_site_name":"Pax","article_modified_time":"2025-08-27T08:03:18+00:00","og_image":[{"width":330,"height":450,"url":"https:\/\/staging.forenteforlag.no\/pax\/wp-content\/uploads\/sites\/5\/2025\/08\/jpg-7490.jpg","type":"image\/jpeg"}],"twitter_card":"summary_large_image","twitter_misc":{"Ansl. lesetid":"1 minutt"},"schema":{"@context":"https:\/\/schema.org","@graph":[{"@type":"WebPage","@id":"https:\/\/staging.forenteforlag.no\/pax\/produkt\/frihetens-forskole\/","url":"https:\/\/staging.forenteforlag.no\/pax\/produkt\/frihetens-forskole\/","name":"Frihetens forskole - Pax","isPartOf":{"@id":"https:\/\/staging.forenteforlag.no\/pax\/#website"},"primaryImageOfPage":{"@id":"https:\/\/staging.forenteforlag.no\/pax\/produkt\/frihetens-forskole\/#primaryimage"},"image":{"@id":"https:\/\/staging.forenteforlag.no\/pax\/produkt\/frihetens-forskole\/#primaryimage"},"thumbnailUrl":"https:\/\/staging.forenteforlag.no\/pax\/wp-content\/uploads\/sites\/5\/2025\/08\/jpg-7490.jpg","datePublished":"2013-05-31T00:00:00+00:00","dateModified":"2025-08-27T08:03:18+00:00","breadcrumb":{"@id":"https:\/\/staging.forenteforlag.no\/pax\/produkt\/frihetens-forskole\/#breadcrumb"},"inLanguage":"nb-NO","potentialAction":[{"@type":"ReadAction","target":["https:\/\/staging.forenteforlag.no\/pax\/produkt\/frihetens-forskole\/"]}]},{"@type":"ImageObject","inLanguage":"nb-NO","@id":"https:\/\/staging.forenteforlag.no\/pax\/produkt\/frihetens-forskole\/#primaryimage","url":"https:\/\/staging.forenteforlag.no\/pax\/wp-content\/uploads\/sites\/5\/2025\/08\/jpg-7490.jpg","contentUrl":"https:\/\/staging.forenteforlag.no\/pax\/wp-content\/uploads\/sites\/5\/2025\/08\/jpg-7490.jpg","width":330,"height":450},{"@type":"BreadcrumbList","@id":"https:\/\/staging.forenteforlag.no\/pax\/produkt\/frihetens-forskole\/#breadcrumb","itemListElement":[{"@type":"ListItem","position":1,"name":"Hjem","item":"https:\/\/staging.forenteforlag.no\/pax\/"},{"@type":"ListItem","position":2,"name":"Alle b\u00f8ker","item":"https:\/\/staging.forenteforlag.no\/pax\/butikk\/"},{"@type":"ListItem","position":3,"name":"Frihetens forskole"}]},{"@type":"WebSite","@id":"https:\/\/staging.forenteforlag.no\/pax\/#website","url":"https:\/\/staging.forenteforlag.no\/pax\/","name":"Pax","description":"","potentialAction":[{"@type":"SearchAction","target":{"@type":"EntryPoint","urlTemplate":"https:\/\/staging.forenteforlag.no\/pax\/?s={search_term_string}"},"query-input":{"@type":"PropertyValueSpecification","valueRequired":true,"valueName":"search_term_string"}}],"inLanguage":"nb-NO"}]}},"_links":{"self":[{"href":"https:\/\/staging.forenteforlag.no\/pax\/wp-json\/wp\/v2\/product\/23921","targetHints":{"allow":["GET"]}}],"collection":[{"href":"https:\/\/staging.forenteforlag.no\/pax\/wp-json\/wp\/v2\/product"}],"about":[{"href":"https:\/\/staging.forenteforlag.no\/pax\/wp-json\/wp\/v2\/types\/product"}],"wp:featuredmedia":[{"embeddable":true,"href":"https:\/\/staging.forenteforlag.no\/pax\/wp-json\/wp\/v2\/media\/28631"}],"wp:attachment":[{"href":"https:\/\/staging.forenteforlag.no\/pax\/wp-json\/wp\/v2\/media?parent=23921"}],"wp:term":[{"taxonomy":"product_brand","embeddable":true,"href":"https:\/\/staging.forenteforlag.no\/pax\/wp-json\/wp\/v2\/product_brand?post=23921"},{"taxonomy":"product_cat","embeddable":true,"href":"https:\/\/staging.forenteforlag.no\/pax\/wp-json\/wp\/v2\/product_cat?post=23921"},{"taxonomy":"product_tag","embeddable":true,"href":"https:\/\/staging.forenteforlag.no\/pax\/wp-json\/wp\/v2\/product_tag?post=23921"}],"curies":[{"name":"wp","href":"https:\/\/api.w.org\/{rel}","templated":true}]}}

<p>Våren 1814 ble den norske grunnloven utarbeidet i løpet av fem hektiske uker.Nå er den verdens nest eldste gjeldende grunnlov.Situasjonen var krevende, krig truet, og statsordningen skulle endres grunnleggende. Hva gjorde det mulig å gjennomføre et slikt raskt og vellykket grunnlovsarbeid? Svaret ligger i den intellektuelle bakgrunnentil de grunnlovsfedrene som hadde sin studie- og embetstid i København på slutten av 1700- og tidlig på 1800-tallet. Tiden var preget av relativt vid ytringsfrihet og stor offentlig interesse for den europeiske og transatlantiske utvikling. Disse impulsene innenfor rettsvitenskap, filosofi, statistikk og teologi blir her også satt inn i lengre historiske linjer. I Friheten forskoletar en rekke ledende forskere for seg dette intellektuelle miljøet. Særlig blir det hittil oversette arbeidet til professor J.F.W. Schlegel trukket frem. I sin naturrett diskuterte han tidens moderne statsrettslige og samfunnsfilosofiske spørsmål og ordninger. Boken gir en hovednøkkel til forståelsen av hvordan Grunnloven kunne bli som den ble. Den egner seg for alle som vil forstå Grunnlovens historie, og for alle som er interessert i nordeuropeisk politisk idéhistorie i revolusjonenes tid. Inngår i Nye perspektiver på Grunnloven 1814-1824-En bokserie i seks bind. Bidragsytere: Anton Fredrik Andresen, Lars Björne, Michael Bregnsbo, Håkon Evju, Rasmus Glenthøj, Erik Holmøyvik, Rolv Nøtvik Jakobsen, Jon Gunnar Jørgensen, Ola Mestad, Dag Michalsen, Brian Kjær Olesen, Thor Inge Rørvik og Ditlev Tamm.</p>

<p>Våren 1814 ble den norske grunnloven utarbeidet i løpet av fem hektiske uker.Nå er den verdens nest eldste gjeldende grunnlov.Situasjonen var krevende, krig truet, og statsordningen skulle endres grunnleggende. Hva gjorde det mulig å gjennomføre et slikt raskt og vellykket grunnlovsarbeid? Svaret ligger i den intellektuelle bakgrunnentil de grunnlovsfedrene som hadde sin studie- og embetstid [&hellip;]</p>

<!-- This site is optimized with the Yoast SEO plugin v26.6 - https://yoast.com/wordpress/plugins/seo/ -->
<title>Frihetens forskole - Pax</title>
<meta name="robots" content="noindex, follow, max-snippet:-1, max-image-preview:large, max-video-preview:-1" />
<meta property="og:locale" content="nb_NO" />
<meta property="og:type" content="article" />
<meta property="og:title" content="Frihetens forskole - Pax" />
<meta property="og:description" content="Våren 1814 ble den norske grunnloven utarbeidet i løpet av fem hektiske uker.Nå er den verdens nest eldste gjeldende grunnlov.Situasjonen var krevende, krig truet, og statsordningen skulle endres grunnleggende. Hva gjorde det mulig å gjennomføre et slikt raskt og vellykket grunnlovsarbeid? Svaret ligger i den intellektuelle bakgrunnentil de grunnlovsfedrene som hadde sin studie- og embetstid [&hellip;]" />
<meta property="og:url" content="https://staging.forenteforlag.no/pax/produkt/frihetens-forskole/" />
<meta property="og:site_name" content="Pax" />
<meta property="article:modified_time" content="2025-08-27T08:03:18+00:00" />
<meta property="og:image" content="https://staging.forenteforlag.no/pax/wp-content/uploads/sites/5/2025/08/jpg-7490.jpg" />
	<meta property="og:image:width" content="330" />
	<meta property="og:image:height" content="450" />
	<meta property="og:image:type" content="image/jpeg" />
<meta name="twitter:card" content="summary_large_image" />
<meta name="twitter:label1" content="Ansl. lesetid" />
	<meta name="twitter:data1" content="1 minutt" />
<script type="application/ld+json" class="yoast-schema-graph">{"@context":"https://schema.org","@graph":[{"@type":"WebPage","@id":"https://staging.forenteforlag.no/pax/produkt/frihetens-forskole/","url":"https://staging.forenteforlag.no/pax/produkt/frihetens-forskole/","name":"Frihetens forskole - Pax","isPartOf":{"@id":"https://staging.forenteforlag.no/pax/#website"},"primaryImageOfPage":{"@id":"https://staging.forenteforlag.no/pax/produkt/frihetens-forskole/#primaryimage"},"image":{"@id":"https://staging.forenteforlag.no/pax/produkt/frihetens-forskole/#primaryimage"},"thumbnailUrl":"https://staging.forenteforlag.no/pax/wp-content/uploads/sites/5/2025/08/jpg-7490.jpg","datePublished":"2013-05-31T00:00:00+00:00","dateModified":"2025-08-27T08:03:18+00:00","breadcrumb":{"@id":"https://staging.forenteforlag.no/pax/produkt/frihetens-forskole/#breadcrumb"},"inLanguage":"nb-NO","potentialAction":[{"@type":"ReadAction","target":["https://staging.forenteforlag.no/pax/produkt/frihetens-forskole/"]}]},{"@type":"ImageObject","inLanguage":"nb-NO","@id":"https://staging.forenteforlag.no/pax/produkt/frihetens-forskole/#primaryimage","url":"https://staging.forenteforlag.no/pax/wp-content/uploads/sites/5/2025/08/jpg-7490.jpg","contentUrl":"https://staging.forenteforlag.no/pax/wp-content/uploads/sites/5/2025/08/jpg-7490.jpg","width":330,"height":450},{"@type":"BreadcrumbList","@id":"https://staging.forenteforlag.no/pax/produkt/frihetens-forskole/#breadcrumb","itemListElement":[{"@type":"ListItem","position":1,"name":"Hjem","item":"https://staging.forenteforlag.no/pax/"},{"@type":"ListItem","position":2,"name":"Alle bøker","item":"https://staging.forenteforlag.no/pax/butikk/"},{"@type":"ListItem","position":3,"name":"Frihetens forskole"}]},{"@type":"WebSite","@id":"https://staging.forenteforlag.no/pax/#website","url":"https://staging.forenteforlag.no/pax/","name":"Pax","description":"","potentialAction":[{"@type":"SearchAction","target":{"@type":"EntryPoint","urlTemplate":"https://staging.forenteforlag.no/pax/?s={search_term_string}"},"query-input":{"@type":"PropertyValueSpecification","valueRequired":true,"valueName":"search_term_string"}}],"inLanguage":"nb-NO"}]}</script>
<!-- / Yoast SEO plugin. -->

Våren 1814 ble den norske grunnloven utarbeidet i løpet av fem hektiske uker.Nå er den verdens nest eldste gjeldende grunnlov.Situasjonen var krevende, krig truet, og statsordningen skulle endres grunnleggende. Hva gjorde det mulig å gjennomføre et slikt raskt og vellykket grunnlovsarbeid? Svaret ligger i den intellektuelle bakgrunnentil de grunnlovsfedrene som hadde sin studie- og embetstid [&hellip;]

Alle bøker
