{"id":23891,"date":"2010-09-15T02:00:00","date_gmt":"2010-09-15T00:00:00","guid":{"rendered":"https:\/\/pax.forenteforlag.no\/produkt\/den-lange-veien\/"},"modified":"2025-08-27T07:41:37","modified_gmt":"2025-08-27T05:41:37","slug":"den-lange-veien","status":"publish","type":"product","link":"https:\/\/staging.forenteforlag.no\/pax\/produkt\/den-lange-veien\/","title":{"rendered":"Den lange veien"},"content":{"rendered":"<p>20. september 1910 blir Kristiana avdeling av Det norske Arbeiderparti stiftet. Med det begynte historien om Norges mektigste partilag. Journalist Thor Viksveen trekker linjene fra Christian Holtermann-Knudsens begynnende arbeidermobilisering p\u00e5 1870-tallet og frem til dagens stridssp\u00f8rsm\u00e5l og den kommende valgkampen.  Historien om Oslo Arbeiderparti kan ikke fortelles uten at man samtidig forteller historien om Oslos og Norges forvandling gjennom de siste hundre \u00e5r. I alt fra utviklingen av velferdsstaten til bygging og lokalisering av det nye operabygget, har partilaget hatt en h\u00e5nd p\u00e5 rattet, og som maktbase for skiftende Arbeiderparti-regjeringer kan lagets innflytelse vanskelig overdrives. Viksveens beretning er en historie som ikke g\u00e5r seg bort i maktens korridorer, men som, ved \u00e5 f\u00f8lge sentrale akt\u00f8rer og politiske sp\u00f8rsm\u00e5l gjennom ti\u00e5rene, viser hvordan politikk formes og ut\u00f8ves, fra grasrot til statsminister.<\/p>\n","protected":false},"excerpt":{"rendered":"<p>20. september 1910 blir Kristiana avdeling av Det norske Arbeiderparti stiftet. Med det begynte historien om Norges mektigste partilag. Journalist Thor Viksveen trekker linjene fra Christian Holtermann-Knudsens begynnende arbeidermobilisering p\u00e5 1870-tallet og frem til dagens stridssp\u00f8rsm\u00e5l og den kommende valgkampen. Historien om Oslo Arbeiderparti kan ikke fortelles uten at man samtidig forteller historien om Oslos [&hellip;]<\/p>\n","protected":false},"featured_media":27882,"template":"","meta":{"_acf_changed":false,"inline_featured_image":false},"product_brand":[],"product_cat":[1782,23],"product_tag":[441,364,964,607,362,377],"class_list":{"0":"post-23891","1":"product","2":"type-product","3":"status-publish","4":"has-post-thumbnail","6":"product_cat-fripris","7":"product_cat-historie","8":"product_tag-1900-tallet","9":"product_tag-2000-2009","10":"product_tag-arbeiderpartiet","11":"product_tag-bedriftshistorie","12":"product_tag-faglitteratur","13":"product_tag-oslo","14":"pa_format-innbundet","16":"first","17":"instock","18":"shipping-taxable","19":"purchasable","20":"product-type-simple"},"acf":{"anmeldelse":null},"yoast_head":"<!-- This site is optimized with the Yoast SEO plugin v26.6 - https:\/\/yoast.com\/wordpress\/plugins\/seo\/ -->\n<title>Den lange veien - Pax<\/title>\n<meta name=\"robots\" content=\"noindex, follow, max-snippet:-1, max-image-preview:large, max-video-preview:-1\" \/>\n<meta property=\"og:locale\" content=\"nb_NO\" \/>\n<meta property=\"og:type\" content=\"article\" \/>\n<meta property=\"og:title\" content=\"Den lange veien - Pax\" \/>\n<meta property=\"og:description\" content=\"20. september 1910 blir Kristiana avdeling av Det norske Arbeiderparti stiftet. Med det begynte historien om Norges mektigste partilag. Journalist Thor Viksveen trekker linjene fra Christian Holtermann-Knudsens begynnende arbeidermobilisering p\u00e5 1870-tallet og frem til dagens stridssp\u00f8rsm\u00e5l og den kommende valgkampen. Historien om Oslo Arbeiderparti kan ikke fortelles uten at man samtidig forteller historien om Oslos [&hellip;]\" \/>\n<meta property=\"og:url\" content=\"https:\/\/staging.forenteforlag.no\/pax\/produkt\/den-lange-veien\/\" \/>\n<meta property=\"og:site_name\" content=\"Pax\" \/>\n<meta property=\"article:modified_time\" content=\"2025-08-27T05:41:37+00:00\" \/>\n<meta property=\"og:image\" content=\"https:\/\/staging.forenteforlag.no\/pax\/wp-content\/uploads\/sites\/5\/2025\/08\/jpg-5334.jpg\" \/>\n\t<meta property=\"og:image:width\" content=\"339\" \/>\n\t<meta property=\"og:image:height\" content=\"449\" \/>\n\t<meta property=\"og:image:type\" content=\"image\/jpeg\" \/>\n<meta name=\"twitter:card\" content=\"summary_large_image\" \/>\n<meta name=\"twitter:label1\" content=\"Ansl. lesetid\" \/>\n\t<meta name=\"twitter:data1\" content=\"1 minutt\" \/>\n<script type=\"application\/ld+json\" class=\"yoast-schema-graph\">{\"@context\":\"https:\/\/schema.org\",\"@graph\":[{\"@type\":\"WebPage\",\"@id\":\"https:\/\/staging.forenteforlag.no\/pax\/produkt\/den-lange-veien\/\",\"url\":\"https:\/\/staging.forenteforlag.no\/pax\/produkt\/den-lange-veien\/\",\"name\":\"Den lange veien - Pax\",\"isPartOf\":{\"@id\":\"https:\/\/staging.forenteforlag.no\/pax\/#website\"},\"primaryImageOfPage\":{\"@id\":\"https:\/\/staging.forenteforlag.no\/pax\/produkt\/den-lange-veien\/#primaryimage\"},\"image\":{\"@id\":\"https:\/\/staging.forenteforlag.no\/pax\/produkt\/den-lange-veien\/#primaryimage\"},\"thumbnailUrl\":\"https:\/\/staging.forenteforlag.no\/pax\/wp-content\/uploads\/sites\/5\/2025\/08\/jpg-5334.jpg\",\"datePublished\":\"2010-09-15T00:00:00+00:00\",\"dateModified\":\"2025-08-27T05:41:37+00:00\",\"breadcrumb\":{\"@id\":\"https:\/\/staging.forenteforlag.no\/pax\/produkt\/den-lange-veien\/#breadcrumb\"},\"inLanguage\":\"nb-NO\",\"potentialAction\":[{\"@type\":\"ReadAction\",\"target\":[\"https:\/\/staging.forenteforlag.no\/pax\/produkt\/den-lange-veien\/\"]}]},{\"@type\":\"ImageObject\",\"inLanguage\":\"nb-NO\",\"@id\":\"https:\/\/staging.forenteforlag.no\/pax\/produkt\/den-lange-veien\/#primaryimage\",\"url\":\"https:\/\/staging.forenteforlag.no\/pax\/wp-content\/uploads\/sites\/5\/2025\/08\/jpg-5334.jpg\",\"contentUrl\":\"https:\/\/staging.forenteforlag.no\/pax\/wp-content\/uploads\/sites\/5\/2025\/08\/jpg-5334.jpg\",\"width\":339,\"height\":449},{\"@type\":\"BreadcrumbList\",\"@id\":\"https:\/\/staging.forenteforlag.no\/pax\/produkt\/den-lange-veien\/#breadcrumb\",\"itemListElement\":[{\"@type\":\"ListItem\",\"position\":1,\"name\":\"Hjem\",\"item\":\"https:\/\/staging.forenteforlag.no\/pax\/\"},{\"@type\":\"ListItem\",\"position\":2,\"name\":\"Alle b\u00f8ker\",\"item\":\"https:\/\/staging.forenteforlag.no\/pax\/butikk\/\"},{\"@type\":\"ListItem\",\"position\":3,\"name\":\"Den lange veien\"}]},{\"@type\":\"WebSite\",\"@id\":\"https:\/\/staging.forenteforlag.no\/pax\/#website\",\"url\":\"https:\/\/staging.forenteforlag.no\/pax\/\",\"name\":\"Pax\",\"description\":\"\",\"potentialAction\":[{\"@type\":\"SearchAction\",\"target\":{\"@type\":\"EntryPoint\",\"urlTemplate\":\"https:\/\/staging.forenteforlag.no\/pax\/?s={search_term_string}\"},\"query-input\":{\"@type\":\"PropertyValueSpecification\",\"valueRequired\":true,\"valueName\":\"search_term_string\"}}],\"inLanguage\":\"nb-NO\"}]}<\/script>\n<!-- \/ Yoast SEO plugin. -->","yoast_head_json":{"title":"Den lange veien - Pax","robots":{"index":"noindex","follow":"follow","max-snippet":"max-snippet:-1","max-image-preview":"max-image-preview:large","max-video-preview":"max-video-preview:-1"},"og_locale":"nb_NO","og_type":"article","og_title":"Den lange veien - Pax","og_description":"20. september 1910 blir Kristiana avdeling av Det norske Arbeiderparti stiftet. Med det begynte historien om Norges mektigste partilag. Journalist Thor Viksveen trekker linjene fra Christian Holtermann-Knudsens begynnende arbeidermobilisering p\u00e5 1870-tallet og frem til dagens stridssp\u00f8rsm\u00e5l og den kommende valgkampen. Historien om Oslo Arbeiderparti kan ikke fortelles uten at man samtidig forteller historien om Oslos [&hellip;]","og_url":"https:\/\/staging.forenteforlag.no\/pax\/produkt\/den-lange-veien\/","og_site_name":"Pax","article_modified_time":"2025-08-27T05:41:37+00:00","og_image":[{"width":339,"height":449,"url":"https:\/\/staging.forenteforlag.no\/pax\/wp-content\/uploads\/sites\/5\/2025\/08\/jpg-5334.jpg","type":"image\/jpeg"}],"twitter_card":"summary_large_image","twitter_misc":{"Ansl. lesetid":"1 minutt"},"schema":{"@context":"https:\/\/schema.org","@graph":[{"@type":"WebPage","@id":"https:\/\/staging.forenteforlag.no\/pax\/produkt\/den-lange-veien\/","url":"https:\/\/staging.forenteforlag.no\/pax\/produkt\/den-lange-veien\/","name":"Den lange veien - Pax","isPartOf":{"@id":"https:\/\/staging.forenteforlag.no\/pax\/#website"},"primaryImageOfPage":{"@id":"https:\/\/staging.forenteforlag.no\/pax\/produkt\/den-lange-veien\/#primaryimage"},"image":{"@id":"https:\/\/staging.forenteforlag.no\/pax\/produkt\/den-lange-veien\/#primaryimage"},"thumbnailUrl":"https:\/\/staging.forenteforlag.no\/pax\/wp-content\/uploads\/sites\/5\/2025\/08\/jpg-5334.jpg","datePublished":"2010-09-15T00:00:00+00:00","dateModified":"2025-08-27T05:41:37+00:00","breadcrumb":{"@id":"https:\/\/staging.forenteforlag.no\/pax\/produkt\/den-lange-veien\/#breadcrumb"},"inLanguage":"nb-NO","potentialAction":[{"@type":"ReadAction","target":["https:\/\/staging.forenteforlag.no\/pax\/produkt\/den-lange-veien\/"]}]},{"@type":"ImageObject","inLanguage":"nb-NO","@id":"https:\/\/staging.forenteforlag.no\/pax\/produkt\/den-lange-veien\/#primaryimage","url":"https:\/\/staging.forenteforlag.no\/pax\/wp-content\/uploads\/sites\/5\/2025\/08\/jpg-5334.jpg","contentUrl":"https:\/\/staging.forenteforlag.no\/pax\/wp-content\/uploads\/sites\/5\/2025\/08\/jpg-5334.jpg","width":339,"height":449},{"@type":"BreadcrumbList","@id":"https:\/\/staging.forenteforlag.no\/pax\/produkt\/den-lange-veien\/#breadcrumb","itemListElement":[{"@type":"ListItem","position":1,"name":"Hjem","item":"https:\/\/staging.forenteforlag.no\/pax\/"},{"@type":"ListItem","position":2,"name":"Alle b\u00f8ker","item":"https:\/\/staging.forenteforlag.no\/pax\/butikk\/"},{"@type":"ListItem","position":3,"name":"Den lange veien"}]},{"@type":"WebSite","@id":"https:\/\/staging.forenteforlag.no\/pax\/#website","url":"https:\/\/staging.forenteforlag.no\/pax\/","name":"Pax","description":"","potentialAction":[{"@type":"SearchAction","target":{"@type":"EntryPoint","urlTemplate":"https:\/\/staging.forenteforlag.no\/pax\/?s={search_term_string}"},"query-input":{"@type":"PropertyValueSpecification","valueRequired":true,"valueName":"search_term_string"}}],"inLanguage":"nb-NO"}]}},"_links":{"self":[{"href":"https:\/\/staging.forenteforlag.no\/pax\/wp-json\/wp\/v2\/product\/23891","targetHints":{"allow":["GET"]}}],"collection":[{"href":"https:\/\/staging.forenteforlag.no\/pax\/wp-json\/wp\/v2\/product"}],"about":[{"href":"https:\/\/staging.forenteforlag.no\/pax\/wp-json\/wp\/v2\/types\/product"}],"wp:featuredmedia":[{"embeddable":true,"href":"https:\/\/staging.forenteforlag.no\/pax\/wp-json\/wp\/v2\/media\/27882"}],"wp:attachment":[{"href":"https:\/\/staging.forenteforlag.no\/pax\/wp-json\/wp\/v2\/media?parent=23891"}],"wp:term":[{"taxonomy":"product_brand","embeddable":true,"href":"https:\/\/staging.forenteforlag.no\/pax\/wp-json\/wp\/v2\/product_brand?post=23891"},{"taxonomy":"product_cat","embeddable":true,"href":"https:\/\/staging.forenteforlag.no\/pax\/wp-json\/wp\/v2\/product_cat?post=23891"},{"taxonomy":"product_tag","embeddable":true,"href":"https:\/\/staging.forenteforlag.no\/pax\/wp-json\/wp\/v2\/product_tag?post=23891"}],"curies":[{"name":"wp","href":"https:\/\/api.w.org\/{rel}","templated":true}]}}