{"id":23866,"date":"2023-10-05T02:00:00","date_gmt":"2023-10-05T00:00:00","guid":{"rendered":"https:\/\/pax.forenteforlag.no\/produkt\/rettferdighet-for-dyrene\/"},"modified":"2025-10-06T08:05:12","modified_gmt":"2025-10-06T06:05:12","slug":"rettferdighet-for-dyrene","status":"publish","type":"product","link":"https:\/\/staging.forenteforlag.no\/pax\/produkt\/rettferdighet-for-dyrene\/","title":{"rendered":"Rettferdighet for dyrene"},"content":{"rendered":"<p>Over hele verden lider dyr. De blir p\u00e5f\u00f8rt smerte hver eneste dag &#8211; i kj\u00f8ttproduksjonsindustrien og i form av vanskj\u00f8tsel, inhumane jaktmetoder og krypskytteri, \u00f8deleggelse av habitater og forurensning av luft og hav. <\/p>\n<p>Menneskeheten m\u00e5 v\u00e5kne! mener Martha C. Nussbaum, en av verdens mest innflytelsesrike filosofer. Vi vet for mye om dyrenes liv til \u00e5 kunne skjule oss bak lettvinte unnskyldninger om at dyr er primitive vesener uten evne til \u00e5 kjenne smerte, frykt eller glede. Det er p\u00e5 tide at vi tar inn over oss denne kunnskapen og handler i tr\u00e5d med den. <\/p>\n<p>I denne boken tar Nussbaum for seg hele dyreriket &#8211; fra delfiner og kr\u00e5ker til elefanter og hunder &#8211; p\u00e5 en banebrytende m\u00e5te. Ikke minst argumenterer hun for at det er menneskets plikt \u00e5 sl\u00e5 ned p\u00e5 dyreplageri av alle slag og s\u00f8rge for rettferdighet for dyrene.  <\/p>\n<p>\u00abVi mennesker kan og m\u00e5 gj\u00f8re det bedre. Loven kan og m\u00e5 gj\u00f8re det bedre. Jeg tror at vi n\u00e5 befinner oss i en viktig oppv\u00e5kningstid: Vi er i ferd med \u00e5 bli klar over at vi er i slekt med en verden full av bemerkelsesverdig intelligente skapninger, og at vi st\u00e5r til ansvar for hvordan vi behandler dem.\u00bb<\/p>\n","protected":false},"excerpt":{"rendered":"<p>Over hele verden lider dyr. De blir p\u00e5f\u00f8rt smerte hver eneste dag &#8211; i kj\u00f8ttproduksjonsindustrien og i form av vanskj\u00f8tsel, inhumane jaktmetoder og krypskytteri, \u00f8deleggelse av habitater og forurensning av luft og hav. Menneskeheten m\u00e5 v\u00e5kne! mener Martha C. Nussbaum, en av verdens mest innflytelsesrike filosofer. Vi vet for mye om dyrenes liv til \u00e5 [&hellip;]<\/p>\n","protected":false},"featured_media":28093,"template":"","meta":{"_acf_changed":false,"inline_featured_image":false},"product_brand":[],"product_cat":[21,1782,1791],"product_tag":[362],"class_list":{"0":"post-23866","1":"product","2":"type-product","3":"status-publish","4":"has-post-thumbnail","6":"product_cat-filosofi","7":"product_cat-fripris","8":"product_cat-tilbud","9":"product_tag-faglitteratur","10":"pa_format-innbundet","12":"first","13":"instock","14":"shipping-taxable","15":"purchasable","16":"product-type-simple"},"acf":{"anmeldelse":[{"tekst_anmeldelser":"\"Som filosof og jurist har hun et skarpt blikk for mulighetene som finnes i den progressive delen av lovverket, s\u00e5 vel som for manglene, b\u00e5de n\u00e5r det gjelder lovgivning og lovanvendelse. Kapittel sju, 'Lovens rolle', som er bokens siste, blir s\u00e5ledes et velplassert h\u00f8ydepunkt. ... Agnete \u00d8yes oversettelse er forbilledlig, ikke minst p\u00e5 begrepsniv\u00e5.\"","av_anmeldelser":"Gisle Selnes","terningkast":false,"kilde":"Prosa"}]},"yoast_head":"<!-- This site is optimized with the Yoast SEO plugin v26.6 - https:\/\/yoast.com\/wordpress\/plugins\/seo\/ -->\n<title>Rettferdighet for dyrene - Pax<\/title>\n<meta name=\"robots\" content=\"noindex, follow, max-snippet:-1, max-image-preview:large, max-video-preview:-1\" \/>\n<meta property=\"og:locale\" content=\"nb_NO\" \/>\n<meta property=\"og:type\" content=\"article\" \/>\n<meta property=\"og:title\" content=\"Rettferdighet for dyrene - Pax\" \/>\n<meta property=\"og:description\" content=\"Over hele verden lider dyr. De blir p\u00e5f\u00f8rt smerte hver eneste dag &#8211; i kj\u00f8ttproduksjonsindustrien og i form av vanskj\u00f8tsel, inhumane jaktmetoder og krypskytteri, \u00f8deleggelse av habitater og forurensning av luft og hav. Menneskeheten m\u00e5 v\u00e5kne! mener Martha C. Nussbaum, en av verdens mest innflytelsesrike filosofer. Vi vet for mye om dyrenes liv til \u00e5 [&hellip;]\" \/>\n<meta property=\"og:url\" content=\"https:\/\/staging.forenteforlag.no\/pax\/produkt\/rettferdighet-for-dyrene\/\" \/>\n<meta property=\"og:site_name\" content=\"Pax\" \/>\n<meta property=\"article:modified_time\" content=\"2025-10-06T06:05:12+00:00\" \/>\n<meta property=\"og:image\" content=\"https:\/\/staging.forenteforlag.no\/pax\/wp-content\/uploads\/sites\/5\/2025\/08\/jpg-5968-scaled-1-scaled.jpg\" \/>\n\t<meta property=\"og:image:width\" content=\"1348\" \/>\n\t<meta property=\"og:image:height\" content=\"1920\" \/>\n\t<meta property=\"og:image:type\" content=\"image\/jpeg\" \/>\n<meta name=\"twitter:card\" content=\"summary_large_image\" \/>\n<meta name=\"twitter:label1\" content=\"Ansl. lesetid\" \/>\n\t<meta name=\"twitter:data1\" content=\"1 minutt\" \/>\n<script type=\"application\/ld+json\" class=\"yoast-schema-graph\">{\"@context\":\"https:\/\/schema.org\",\"@graph\":[{\"@type\":\"WebPage\",\"@id\":\"https:\/\/staging.forenteforlag.no\/pax\/produkt\/rettferdighet-for-dyrene\/\",\"url\":\"https:\/\/staging.forenteforlag.no\/pax\/produkt\/rettferdighet-for-dyrene\/\",\"name\":\"Rettferdighet for dyrene - Pax\",\"isPartOf\":{\"@id\":\"https:\/\/staging.forenteforlag.no\/pax\/#website\"},\"primaryImageOfPage\":{\"@id\":\"https:\/\/staging.forenteforlag.no\/pax\/produkt\/rettferdighet-for-dyrene\/#primaryimage\"},\"image\":{\"@id\":\"https:\/\/staging.forenteforlag.no\/pax\/produkt\/rettferdighet-for-dyrene\/#primaryimage\"},\"thumbnailUrl\":\"https:\/\/staging.forenteforlag.no\/pax\/wp-content\/uploads\/sites\/5\/2025\/08\/jpg-5968-scaled-1-scaled.jpg\",\"datePublished\":\"2023-10-05T00:00:00+00:00\",\"dateModified\":\"2025-10-06T06:05:12+00:00\",\"breadcrumb\":{\"@id\":\"https:\/\/staging.forenteforlag.no\/pax\/produkt\/rettferdighet-for-dyrene\/#breadcrumb\"},\"inLanguage\":\"nb-NO\",\"potentialAction\":[{\"@type\":\"ReadAction\",\"target\":[\"https:\/\/staging.forenteforlag.no\/pax\/produkt\/rettferdighet-for-dyrene\/\"]}]},{\"@type\":\"ImageObject\",\"inLanguage\":\"nb-NO\",\"@id\":\"https:\/\/staging.forenteforlag.no\/pax\/produkt\/rettferdighet-for-dyrene\/#primaryimage\",\"url\":\"https:\/\/staging.forenteforlag.no\/pax\/wp-content\/uploads\/sites\/5\/2025\/08\/jpg-5968-scaled-1-scaled.jpg\",\"contentUrl\":\"https:\/\/staging.forenteforlag.no\/pax\/wp-content\/uploads\/sites\/5\/2025\/08\/jpg-5968-scaled-1-scaled.jpg\",\"width\":1348,\"height\":1920},{\"@type\":\"BreadcrumbList\",\"@id\":\"https:\/\/staging.forenteforlag.no\/pax\/produkt\/rettferdighet-for-dyrene\/#breadcrumb\",\"itemListElement\":[{\"@type\":\"ListItem\",\"position\":1,\"name\":\"Hjem\",\"item\":\"https:\/\/staging.forenteforlag.no\/pax\/\"},{\"@type\":\"ListItem\",\"position\":2,\"name\":\"Alle b\u00f8ker\",\"item\":\"https:\/\/staging.forenteforlag.no\/pax\/butikk\/\"},{\"@type\":\"ListItem\",\"position\":3,\"name\":\"Rettferdighet for dyrene\"}]},{\"@type\":\"WebSite\",\"@id\":\"https:\/\/staging.forenteforlag.no\/pax\/#website\",\"url\":\"https:\/\/staging.forenteforlag.no\/pax\/\",\"name\":\"Pax\",\"description\":\"\",\"potentialAction\":[{\"@type\":\"SearchAction\",\"target\":{\"@type\":\"EntryPoint\",\"urlTemplate\":\"https:\/\/staging.forenteforlag.no\/pax\/?s={search_term_string}\"},\"query-input\":{\"@type\":\"PropertyValueSpecification\",\"valueRequired\":true,\"valueName\":\"search_term_string\"}}],\"inLanguage\":\"nb-NO\"}]}<\/script>\n<!-- \/ Yoast SEO plugin. -->","yoast_head_json":{"title":"Rettferdighet for dyrene - Pax","robots":{"index":"noindex","follow":"follow","max-snippet":"max-snippet:-1","max-image-preview":"max-image-preview:large","max-video-preview":"max-video-preview:-1"},"og_locale":"nb_NO","og_type":"article","og_title":"Rettferdighet for dyrene - Pax","og_description":"Over hele verden lider dyr. De blir p\u00e5f\u00f8rt smerte hver eneste dag &#8211; i kj\u00f8ttproduksjonsindustrien og i form av vanskj\u00f8tsel, inhumane jaktmetoder og krypskytteri, \u00f8deleggelse av habitater og forurensning av luft og hav. Menneskeheten m\u00e5 v\u00e5kne! mener Martha C. Nussbaum, en av verdens mest innflytelsesrike filosofer. Vi vet for mye om dyrenes liv til \u00e5 [&hellip;]","og_url":"https:\/\/staging.forenteforlag.no\/pax\/produkt\/rettferdighet-for-dyrene\/","og_site_name":"Pax","article_modified_time":"2025-10-06T06:05:12+00:00","og_image":[{"width":1348,"height":1920,"url":"https:\/\/staging.forenteforlag.no\/pax\/wp-content\/uploads\/sites\/5\/2025\/08\/jpg-5968-scaled-1-scaled.jpg","type":"image\/jpeg"}],"twitter_card":"summary_large_image","twitter_misc":{"Ansl. lesetid":"1 minutt"},"schema":{"@context":"https:\/\/schema.org","@graph":[{"@type":"WebPage","@id":"https:\/\/staging.forenteforlag.no\/pax\/produkt\/rettferdighet-for-dyrene\/","url":"https:\/\/staging.forenteforlag.no\/pax\/produkt\/rettferdighet-for-dyrene\/","name":"Rettferdighet for dyrene - Pax","isPartOf":{"@id":"https:\/\/staging.forenteforlag.no\/pax\/#website"},"primaryImageOfPage":{"@id":"https:\/\/staging.forenteforlag.no\/pax\/produkt\/rettferdighet-for-dyrene\/#primaryimage"},"image":{"@id":"https:\/\/staging.forenteforlag.no\/pax\/produkt\/rettferdighet-for-dyrene\/#primaryimage"},"thumbnailUrl":"https:\/\/staging.forenteforlag.no\/pax\/wp-content\/uploads\/sites\/5\/2025\/08\/jpg-5968-scaled-1-scaled.jpg","datePublished":"2023-10-05T00:00:00+00:00","dateModified":"2025-10-06T06:05:12+00:00","breadcrumb":{"@id":"https:\/\/staging.forenteforlag.no\/pax\/produkt\/rettferdighet-for-dyrene\/#breadcrumb"},"inLanguage":"nb-NO","potentialAction":[{"@type":"ReadAction","target":["https:\/\/staging.forenteforlag.no\/pax\/produkt\/rettferdighet-for-dyrene\/"]}]},{"@type":"ImageObject","inLanguage":"nb-NO","@id":"https:\/\/staging.forenteforlag.no\/pax\/produkt\/rettferdighet-for-dyrene\/#primaryimage","url":"https:\/\/staging.forenteforlag.no\/pax\/wp-content\/uploads\/sites\/5\/2025\/08\/jpg-5968-scaled-1-scaled.jpg","contentUrl":"https:\/\/staging.forenteforlag.no\/pax\/wp-content\/uploads\/sites\/5\/2025\/08\/jpg-5968-scaled-1-scaled.jpg","width":1348,"height":1920},{"@type":"BreadcrumbList","@id":"https:\/\/staging.forenteforlag.no\/pax\/produkt\/rettferdighet-for-dyrene\/#breadcrumb","itemListElement":[{"@type":"ListItem","position":1,"name":"Hjem","item":"https:\/\/staging.forenteforlag.no\/pax\/"},{"@type":"ListItem","position":2,"name":"Alle b\u00f8ker","item":"https:\/\/staging.forenteforlag.no\/pax\/butikk\/"},{"@type":"ListItem","position":3,"name":"Rettferdighet for dyrene"}]},{"@type":"WebSite","@id":"https:\/\/staging.forenteforlag.no\/pax\/#website","url":"https:\/\/staging.forenteforlag.no\/pax\/","name":"Pax","description":"","potentialAction":[{"@type":"SearchAction","target":{"@type":"EntryPoint","urlTemplate":"https:\/\/staging.forenteforlag.no\/pax\/?s={search_term_string}"},"query-input":{"@type":"PropertyValueSpecification","valueRequired":true,"valueName":"search_term_string"}}],"inLanguage":"nb-NO"}]}},"_links":{"self":[{"href":"https:\/\/staging.forenteforlag.no\/pax\/wp-json\/wp\/v2\/product\/23866","targetHints":{"allow":["GET"]}}],"collection":[{"href":"https:\/\/staging.forenteforlag.no\/pax\/wp-json\/wp\/v2\/product"}],"about":[{"href":"https:\/\/staging.forenteforlag.no\/pax\/wp-json\/wp\/v2\/types\/product"}],"wp:featuredmedia":[{"embeddable":true,"href":"https:\/\/staging.forenteforlag.no\/pax\/wp-json\/wp\/v2\/media\/28093"}],"wp:attachment":[{"href":"https:\/\/staging.forenteforlag.no\/pax\/wp-json\/wp\/v2\/media?parent=23866"}],"wp:term":[{"taxonomy":"product_brand","embeddable":true,"href":"https:\/\/staging.forenteforlag.no\/pax\/wp-json\/wp\/v2\/product_brand?post=23866"},{"taxonomy":"product_cat","embeddable":true,"href":"https:\/\/staging.forenteforlag.no\/pax\/wp-json\/wp\/v2\/product_cat?post=23866"},{"taxonomy":"product_tag","embeddable":true,"href":"https:\/\/staging.forenteforlag.no\/pax\/wp-json\/wp\/v2\/product_tag?post=23866"}],"curies":[{"name":"wp","href":"https:\/\/api.w.org\/{rel}","templated":true}]}}