{"id":23858,"date":"2024-01-18T01:00:00","date_gmt":"2024-01-18T00:00:00","guid":{"rendered":"https:\/\/pax.forenteforlag.no\/produkt\/kriegslazarett-1-509\/"},"modified":"2026-02-09T05:41:37","modified_gmt":"2026-02-09T04:41:37","slug":"kriegslazarett-1-509","status":"publish","type":"product","link":"https:\/\/staging.forenteforlag.no\/pax\/produkt\/kriegslazarett-1-509\/","title":{"rendered":"Kriegslazarett 1\/509"},"content":{"rendered":"<p>22. juni 1941 ble Sovjetunionen overfalt langs en front som l\u00f8p fra Nordishavet til Svartehavet. Helten fra Narvik, general Dietl, ledet det gigantiske tyske angrepets nordlige del. Ved \u00e5 innta Murmansk, ishavskystens viktigste havn, skulle han avskj\u00e6re de alliertes mulighet til \u00e5 sende krigsmateriell inn i Sovjetunionen fra nord. Men Dietl trodde ikke p\u00e5 oppgaven. \u00abMein F\u00fchrer,\u00bb hadde han innvendt: \u00abDer oppe ser landskapet ut som det gjorde da Jorden ble skapt. Rundt Murmansk ligger det en ubeboelig sone p\u00e5 hundre kilometer som gir byen den samme beskyttelse som et panserskjold.\u00bb  <\/p>\n<p>Dietl fikk rett: Murmansk ble aldri erobret. Fors\u00f8kene kostet tusener av tyske liv, enda flere fikk skudd- og frostskader. Hardt skadde m\u00e5tte ut p\u00e5 en lang reise mot Kriegslazarett I\/509, som inntok Aker sykehus i mai 1940.  <\/p>\n<p>Boken tegner et bilde av utbyggingen av sykehuset under krigen. Bygningene presenteres, og deres tyske arkitekt, men ogs\u00e5 norske bidragsytere. De var kollaborat\u00f8rer, men bare utilb\u00f8rlig kollaborasjon var straffverdig etter krigen. En av rettsakene gir et inntrykk av hvor vanskelig det kunne v\u00e6re \u00e5 finne en moralsk farbar led mellom tidens motstridende hensyn.  <\/p>\n<p>\u00abEn varig ulykke for Akers sykehus,\u00bb ble tyskerbygningene kalt i 1946. Likevel ble de st\u00e5ende. Dette er ogs\u00e5 historien om bygningenes etterliv som ansette rammer om viktig sykehusvirksomhet i etterkrigstiden.<\/p>\n","protected":false},"excerpt":{"rendered":"<p>22. juni 1941 ble Sovjetunionen overfalt langs en front som l\u00f8p fra Nordishavet til Svartehavet. Helten fra Narvik, general Dietl, ledet det gigantiske tyske angrepets nordlige del. Ved \u00e5 innta Murmansk, ishavskystens viktigste havn, skulle han avskj\u00e6re de alliertes mulighet til \u00e5 sende krigsmateriell inn i Sovjetunionen fra nord. Men Dietl trodde ikke p\u00e5 oppgaven. [&hellip;]<\/p>\n","protected":false},"featured_media":28026,"template":"","meta":{"_acf_changed":false,"inline_featured_image":false},"product_brand":[],"product_cat":[1782,1791,23],"product_tag":[362],"class_list":{"0":"post-23858","1":"product","2":"type-product","3":"status-publish","4":"has-post-thumbnail","6":"product_cat-fripris","7":"product_cat-tilbud","8":"product_cat-historie","9":"product_tag-faglitteratur","10":"pa_format-innbundet","12":"first","13":"instock","14":"shipping-taxable","15":"purchasable","16":"product-type-simple"},"acf":{"anmeldelse":null},"yoast_head":"<!-- This site is optimized with the Yoast SEO plugin v26.6 - https:\/\/yoast.com\/wordpress\/plugins\/seo\/ -->\n<title>Kriegslazarett 1\/509 - Pax<\/title>\n<meta name=\"robots\" content=\"noindex, follow, max-snippet:-1, max-image-preview:large, max-video-preview:-1\" \/>\n<meta property=\"og:locale\" content=\"nb_NO\" \/>\n<meta property=\"og:type\" content=\"article\" \/>\n<meta property=\"og:title\" content=\"Kriegslazarett 1\/509 - Pax\" \/>\n<meta property=\"og:description\" content=\"22. juni 1941 ble Sovjetunionen overfalt langs en front som l\u00f8p fra Nordishavet til Svartehavet. Helten fra Narvik, general Dietl, ledet det gigantiske tyske angrepets nordlige del. Ved \u00e5 innta Murmansk, ishavskystens viktigste havn, skulle han avskj\u00e6re de alliertes mulighet til \u00e5 sende krigsmateriell inn i Sovjetunionen fra nord. Men Dietl trodde ikke p\u00e5 oppgaven. [&hellip;]\" \/>\n<meta property=\"og:url\" content=\"https:\/\/staging.forenteforlag.no\/pax\/produkt\/kriegslazarett-1-509\/\" \/>\n<meta property=\"og:site_name\" content=\"Pax\" \/>\n<meta property=\"article:modified_time\" content=\"2026-02-09T04:41:37+00:00\" \/>\n<meta property=\"og:image\" content=\"https:\/\/staging.forenteforlag.no\/pax\/wp-content\/uploads\/sites\/5\/2025\/08\/jpg-5795-scaled-1-scaled.jpg\" \/>\n\t<meta property=\"og:image:width\" content=\"1355\" \/>\n\t<meta property=\"og:image:height\" content=\"1920\" \/>\n\t<meta property=\"og:image:type\" content=\"image\/jpeg\" \/>\n<meta name=\"twitter:card\" content=\"summary_large_image\" \/>\n<meta name=\"twitter:label1\" content=\"Ansl. lesetid\" \/>\n\t<meta name=\"twitter:data1\" content=\"1 minutt\" \/>\n<script type=\"application\/ld+json\" class=\"yoast-schema-graph\">{\"@context\":\"https:\/\/schema.org\",\"@graph\":[{\"@type\":\"WebPage\",\"@id\":\"https:\/\/staging.forenteforlag.no\/pax\/produkt\/kriegslazarett-1-509\/\",\"url\":\"https:\/\/staging.forenteforlag.no\/pax\/produkt\/kriegslazarett-1-509\/\",\"name\":\"Kriegslazarett 1\/509 - Pax\",\"isPartOf\":{\"@id\":\"https:\/\/staging.forenteforlag.no\/pax\/#website\"},\"primaryImageOfPage\":{\"@id\":\"https:\/\/staging.forenteforlag.no\/pax\/produkt\/kriegslazarett-1-509\/#primaryimage\"},\"image\":{\"@id\":\"https:\/\/staging.forenteforlag.no\/pax\/produkt\/kriegslazarett-1-509\/#primaryimage\"},\"thumbnailUrl\":\"https:\/\/staging.forenteforlag.no\/pax\/wp-content\/uploads\/sites\/5\/2025\/08\/jpg-5795-scaled-1-scaled.jpg\",\"datePublished\":\"2024-01-18T00:00:00+00:00\",\"dateModified\":\"2026-02-09T04:41:37+00:00\",\"breadcrumb\":{\"@id\":\"https:\/\/staging.forenteforlag.no\/pax\/produkt\/kriegslazarett-1-509\/#breadcrumb\"},\"inLanguage\":\"nb-NO\",\"potentialAction\":[{\"@type\":\"ReadAction\",\"target\":[\"https:\/\/staging.forenteforlag.no\/pax\/produkt\/kriegslazarett-1-509\/\"]}]},{\"@type\":\"ImageObject\",\"inLanguage\":\"nb-NO\",\"@id\":\"https:\/\/staging.forenteforlag.no\/pax\/produkt\/kriegslazarett-1-509\/#primaryimage\",\"url\":\"https:\/\/staging.forenteforlag.no\/pax\/wp-content\/uploads\/sites\/5\/2025\/08\/jpg-5795-scaled-1-scaled.jpg\",\"contentUrl\":\"https:\/\/staging.forenteforlag.no\/pax\/wp-content\/uploads\/sites\/5\/2025\/08\/jpg-5795-scaled-1-scaled.jpg\",\"width\":1355,\"height\":1920},{\"@type\":\"BreadcrumbList\",\"@id\":\"https:\/\/staging.forenteforlag.no\/pax\/produkt\/kriegslazarett-1-509\/#breadcrumb\",\"itemListElement\":[{\"@type\":\"ListItem\",\"position\":1,\"name\":\"Hjem\",\"item\":\"https:\/\/staging.forenteforlag.no\/pax\/\"},{\"@type\":\"ListItem\",\"position\":2,\"name\":\"Alle b\u00f8ker\",\"item\":\"https:\/\/staging.forenteforlag.no\/pax\/butikk\/\"},{\"@type\":\"ListItem\",\"position\":3,\"name\":\"Kriegslazarett 1\/509\"}]},{\"@type\":\"WebSite\",\"@id\":\"https:\/\/staging.forenteforlag.no\/pax\/#website\",\"url\":\"https:\/\/staging.forenteforlag.no\/pax\/\",\"name\":\"Pax\",\"description\":\"\",\"potentialAction\":[{\"@type\":\"SearchAction\",\"target\":{\"@type\":\"EntryPoint\",\"urlTemplate\":\"https:\/\/staging.forenteforlag.no\/pax\/?s={search_term_string}\"},\"query-input\":{\"@type\":\"PropertyValueSpecification\",\"valueRequired\":true,\"valueName\":\"search_term_string\"}}],\"inLanguage\":\"nb-NO\"}]}<\/script>\n<!-- \/ Yoast SEO plugin. -->","yoast_head_json":{"title":"Kriegslazarett 1\/509 - Pax","robots":{"index":"noindex","follow":"follow","max-snippet":"max-snippet:-1","max-image-preview":"max-image-preview:large","max-video-preview":"max-video-preview:-1"},"og_locale":"nb_NO","og_type":"article","og_title":"Kriegslazarett 1\/509 - Pax","og_description":"22. juni 1941 ble Sovjetunionen overfalt langs en front som l\u00f8p fra Nordishavet til Svartehavet. Helten fra Narvik, general Dietl, ledet det gigantiske tyske angrepets nordlige del. Ved \u00e5 innta Murmansk, ishavskystens viktigste havn, skulle han avskj\u00e6re de alliertes mulighet til \u00e5 sende krigsmateriell inn i Sovjetunionen fra nord. Men Dietl trodde ikke p\u00e5 oppgaven. [&hellip;]","og_url":"https:\/\/staging.forenteforlag.no\/pax\/produkt\/kriegslazarett-1-509\/","og_site_name":"Pax","article_modified_time":"2026-02-09T04:41:37+00:00","og_image":[{"width":1355,"height":1920,"url":"https:\/\/staging.forenteforlag.no\/pax\/wp-content\/uploads\/sites\/5\/2025\/08\/jpg-5795-scaled-1-scaled.jpg","type":"image\/jpeg"}],"twitter_card":"summary_large_image","twitter_misc":{"Ansl. lesetid":"1 minutt"},"schema":{"@context":"https:\/\/schema.org","@graph":[{"@type":"WebPage","@id":"https:\/\/staging.forenteforlag.no\/pax\/produkt\/kriegslazarett-1-509\/","url":"https:\/\/staging.forenteforlag.no\/pax\/produkt\/kriegslazarett-1-509\/","name":"Kriegslazarett 1\/509 - Pax","isPartOf":{"@id":"https:\/\/staging.forenteforlag.no\/pax\/#website"},"primaryImageOfPage":{"@id":"https:\/\/staging.forenteforlag.no\/pax\/produkt\/kriegslazarett-1-509\/#primaryimage"},"image":{"@id":"https:\/\/staging.forenteforlag.no\/pax\/produkt\/kriegslazarett-1-509\/#primaryimage"},"thumbnailUrl":"https:\/\/staging.forenteforlag.no\/pax\/wp-content\/uploads\/sites\/5\/2025\/08\/jpg-5795-scaled-1-scaled.jpg","datePublished":"2024-01-18T00:00:00+00:00","dateModified":"2026-02-09T04:41:37+00:00","breadcrumb":{"@id":"https:\/\/staging.forenteforlag.no\/pax\/produkt\/kriegslazarett-1-509\/#breadcrumb"},"inLanguage":"nb-NO","potentialAction":[{"@type":"ReadAction","target":["https:\/\/staging.forenteforlag.no\/pax\/produkt\/kriegslazarett-1-509\/"]}]},{"@type":"ImageObject","inLanguage":"nb-NO","@id":"https:\/\/staging.forenteforlag.no\/pax\/produkt\/kriegslazarett-1-509\/#primaryimage","url":"https:\/\/staging.forenteforlag.no\/pax\/wp-content\/uploads\/sites\/5\/2025\/08\/jpg-5795-scaled-1-scaled.jpg","contentUrl":"https:\/\/staging.forenteforlag.no\/pax\/wp-content\/uploads\/sites\/5\/2025\/08\/jpg-5795-scaled-1-scaled.jpg","width":1355,"height":1920},{"@type":"BreadcrumbList","@id":"https:\/\/staging.forenteforlag.no\/pax\/produkt\/kriegslazarett-1-509\/#breadcrumb","itemListElement":[{"@type":"ListItem","position":1,"name":"Hjem","item":"https:\/\/staging.forenteforlag.no\/pax\/"},{"@type":"ListItem","position":2,"name":"Alle b\u00f8ker","item":"https:\/\/staging.forenteforlag.no\/pax\/butikk\/"},{"@type":"ListItem","position":3,"name":"Kriegslazarett 1\/509"}]},{"@type":"WebSite","@id":"https:\/\/staging.forenteforlag.no\/pax\/#website","url":"https:\/\/staging.forenteforlag.no\/pax\/","name":"Pax","description":"","potentialAction":[{"@type":"SearchAction","target":{"@type":"EntryPoint","urlTemplate":"https:\/\/staging.forenteforlag.no\/pax\/?s={search_term_string}"},"query-input":{"@type":"PropertyValueSpecification","valueRequired":true,"valueName":"search_term_string"}}],"inLanguage":"nb-NO"}]}},"_links":{"self":[{"href":"https:\/\/staging.forenteforlag.no\/pax\/wp-json\/wp\/v2\/product\/23858","targetHints":{"allow":["GET"]}}],"collection":[{"href":"https:\/\/staging.forenteforlag.no\/pax\/wp-json\/wp\/v2\/product"}],"about":[{"href":"https:\/\/staging.forenteforlag.no\/pax\/wp-json\/wp\/v2\/types\/product"}],"wp:featuredmedia":[{"embeddable":true,"href":"https:\/\/staging.forenteforlag.no\/pax\/wp-json\/wp\/v2\/media\/28026"}],"wp:attachment":[{"href":"https:\/\/staging.forenteforlag.no\/pax\/wp-json\/wp\/v2\/media?parent=23858"}],"wp:term":[{"taxonomy":"product_brand","embeddable":true,"href":"https:\/\/staging.forenteforlag.no\/pax\/wp-json\/wp\/v2\/product_brand?post=23858"},{"taxonomy":"product_cat","embeddable":true,"href":"https:\/\/staging.forenteforlag.no\/pax\/wp-json\/wp\/v2\/product_cat?post=23858"},{"taxonomy":"product_tag","embeddable":true,"href":"https:\/\/staging.forenteforlag.no\/pax\/wp-json\/wp\/v2\/product_tag?post=23858"}],"curies":[{"name":"wp","href":"https:\/\/api.w.org\/{rel}","templated":true}]}}