{"id":23854,"date":"2023-08-10T02:00:00","date_gmt":"2023-08-10T00:00:00","guid":{"rendered":"https:\/\/pax.forenteforlag.no\/produkt\/de-der-2\/"},"modified":"2026-02-09T05:40:48","modified_gmt":"2026-02-09T04:40:48","slug":"de-der-2","status":"publish","type":"product","link":"https:\/\/staging.forenteforlag.no\/pax\/produkt\/de-der-2\/","title":{"rendered":"De der"},"content":{"rendered":"<p>\u00abde der\u00bb f\u00f8lger en familie i Detroit gjennom tre ti\u00e5r, fra de harde 1930-\u00e5rene til de blodige raseoppt\u00f8yene i 1967. Den unge moren Loretta Wendall lever i fattigslige k\u00e5r, og datteren Maureen og s\u00f8nnen Jules m\u00e5 tidlig kjempe for \u00e5 overleve. Maureen \u00f8nsker seg bort fra volden som omgir dem, men det er ikke bare lett \u00e5 unnslippe. Jules g\u00e5r sine egne veier, men stadig i en spiral av vold og overgrep. <\/p>\n<p>\u00abde der\u00bb er en gripende roman om kj\u00e6rlighet, klasse, makt, etnisitet og hva mennesker kan v\u00e6re i stand til n\u00e5r de blir presset til det ytterste.<\/p>\n","protected":false},"excerpt":{"rendered":"<p>\u00abde der\u00bb f\u00f8lger en familie i Detroit gjennom tre ti\u00e5r, fra de harde 1930-\u00e5rene til de blodige raseoppt\u00f8yene i 1967. Den unge moren Loretta Wendall lever i fattigslige k\u00e5r, og datteren Maureen og s\u00f8nnen Jules m\u00e5 tidlig kjempe for \u00e5 overleve. Maureen \u00f8nsker seg bort fra volden som omgir dem, men det er ikke bare [&hellip;]<\/p>\n","protected":false},"featured_media":28017,"template":"","meta":{"_acf_changed":false,"inline_featured_image":false},"product_brand":[],"product_cat":[1782,40],"product_tag":[370],"class_list":{"0":"post-23854","1":"product","2":"type-product","3":"status-publish","4":"has-post-thumbnail","6":"product_cat-fripris","7":"product_cat-romaner","8":"product_tag-skjonnlitteratur","9":"pa_format-innbundet","11":"first","12":"outofstock","13":"shipping-taxable","14":"purchasable","15":"product-type-simple"},"acf":{"anmeldelse":null},"yoast_head":"<!-- This site is optimized with the Yoast SEO plugin v26.6 - https:\/\/yoast.com\/wordpress\/plugins\/seo\/ -->\n<title>De der - Pax<\/title>\n<meta name=\"robots\" content=\"noindex, follow, max-snippet:-1, max-image-preview:large, max-video-preview:-1\" \/>\n<meta property=\"og:locale\" content=\"nb_NO\" \/>\n<meta property=\"og:type\" content=\"article\" \/>\n<meta property=\"og:title\" content=\"De der - Pax\" \/>\n<meta property=\"og:description\" content=\"\u00abde der\u00bb f\u00f8lger en familie i Detroit gjennom tre ti\u00e5r, fra de harde 1930-\u00e5rene til de blodige raseoppt\u00f8yene i 1967. Den unge moren Loretta Wendall lever i fattigslige k\u00e5r, og datteren Maureen og s\u00f8nnen Jules m\u00e5 tidlig kjempe for \u00e5 overleve. Maureen \u00f8nsker seg bort fra volden som omgir dem, men det er ikke bare [&hellip;]\" \/>\n<meta property=\"og:url\" content=\"https:\/\/staging.forenteforlag.no\/pax\/produkt\/de-der-2\/\" \/>\n<meta property=\"og:site_name\" content=\"Pax\" \/>\n<meta property=\"article:modified_time\" content=\"2026-02-09T04:40:48+00:00\" \/>\n<meta property=\"og:image\" content=\"https:\/\/staging.forenteforlag.no\/pax\/wp-content\/uploads\/sites\/5\/2025\/08\/jpg-5759-scaled.jpg\" \/>\n\t<meta property=\"og:image:width\" content=\"1217\" \/>\n\t<meta property=\"og:image:height\" content=\"1920\" \/>\n\t<meta property=\"og:image:type\" content=\"image\/jpeg\" \/>\n<meta name=\"twitter:card\" content=\"summary_large_image\" \/>\n<meta name=\"twitter:label1\" content=\"Ansl. lesetid\" \/>\n\t<meta name=\"twitter:data1\" content=\"1 minutt\" \/>\n<script type=\"application\/ld+json\" class=\"yoast-schema-graph\">{\"@context\":\"https:\/\/schema.org\",\"@graph\":[{\"@type\":\"WebPage\",\"@id\":\"https:\/\/staging.forenteforlag.no\/pax\/produkt\/de-der-2\/\",\"url\":\"https:\/\/staging.forenteforlag.no\/pax\/produkt\/de-der-2\/\",\"name\":\"De der - Pax\",\"isPartOf\":{\"@id\":\"https:\/\/staging.forenteforlag.no\/pax\/#website\"},\"primaryImageOfPage\":{\"@id\":\"https:\/\/staging.forenteforlag.no\/pax\/produkt\/de-der-2\/#primaryimage\"},\"image\":{\"@id\":\"https:\/\/staging.forenteforlag.no\/pax\/produkt\/de-der-2\/#primaryimage\"},\"thumbnailUrl\":\"https:\/\/staging.forenteforlag.no\/pax\/wp-content\/uploads\/sites\/5\/2025\/08\/jpg-5759-scaled.jpg\",\"datePublished\":\"2023-08-10T00:00:00+00:00\",\"dateModified\":\"2026-02-09T04:40:48+00:00\",\"breadcrumb\":{\"@id\":\"https:\/\/staging.forenteforlag.no\/pax\/produkt\/de-der-2\/#breadcrumb\"},\"inLanguage\":\"nb-NO\",\"potentialAction\":[{\"@type\":\"ReadAction\",\"target\":[\"https:\/\/staging.forenteforlag.no\/pax\/produkt\/de-der-2\/\"]}]},{\"@type\":\"ImageObject\",\"inLanguage\":\"nb-NO\",\"@id\":\"https:\/\/staging.forenteforlag.no\/pax\/produkt\/de-der-2\/#primaryimage\",\"url\":\"https:\/\/staging.forenteforlag.no\/pax\/wp-content\/uploads\/sites\/5\/2025\/08\/jpg-5759-scaled.jpg\",\"contentUrl\":\"https:\/\/staging.forenteforlag.no\/pax\/wp-content\/uploads\/sites\/5\/2025\/08\/jpg-5759-scaled.jpg\",\"width\":1217,\"height\":1920},{\"@type\":\"BreadcrumbList\",\"@id\":\"https:\/\/staging.forenteforlag.no\/pax\/produkt\/de-der-2\/#breadcrumb\",\"itemListElement\":[{\"@type\":\"ListItem\",\"position\":1,\"name\":\"Hjem\",\"item\":\"https:\/\/staging.forenteforlag.no\/pax\/\"},{\"@type\":\"ListItem\",\"position\":2,\"name\":\"Alle b\u00f8ker\",\"item\":\"https:\/\/staging.forenteforlag.no\/pax\/butikk\/\"},{\"@type\":\"ListItem\",\"position\":3,\"name\":\"De der\"}]},{\"@type\":\"WebSite\",\"@id\":\"https:\/\/staging.forenteforlag.no\/pax\/#website\",\"url\":\"https:\/\/staging.forenteforlag.no\/pax\/\",\"name\":\"Pax\",\"description\":\"\",\"potentialAction\":[{\"@type\":\"SearchAction\",\"target\":{\"@type\":\"EntryPoint\",\"urlTemplate\":\"https:\/\/staging.forenteforlag.no\/pax\/?s={search_term_string}\"},\"query-input\":{\"@type\":\"PropertyValueSpecification\",\"valueRequired\":true,\"valueName\":\"search_term_string\"}}],\"inLanguage\":\"nb-NO\"}]}<\/script>\n<!-- \/ Yoast SEO plugin. -->","yoast_head_json":{"title":"De der - Pax","robots":{"index":"noindex","follow":"follow","max-snippet":"max-snippet:-1","max-image-preview":"max-image-preview:large","max-video-preview":"max-video-preview:-1"},"og_locale":"nb_NO","og_type":"article","og_title":"De der - Pax","og_description":"\u00abde der\u00bb f\u00f8lger en familie i Detroit gjennom tre ti\u00e5r, fra de harde 1930-\u00e5rene til de blodige raseoppt\u00f8yene i 1967. Den unge moren Loretta Wendall lever i fattigslige k\u00e5r, og datteren Maureen og s\u00f8nnen Jules m\u00e5 tidlig kjempe for \u00e5 overleve. Maureen \u00f8nsker seg bort fra volden som omgir dem, men det er ikke bare [&hellip;]","og_url":"https:\/\/staging.forenteforlag.no\/pax\/produkt\/de-der-2\/","og_site_name":"Pax","article_modified_time":"2026-02-09T04:40:48+00:00","og_image":[{"width":1217,"height":1920,"url":"https:\/\/staging.forenteforlag.no\/pax\/wp-content\/uploads\/sites\/5\/2025\/08\/jpg-5759-scaled.jpg","type":"image\/jpeg"}],"twitter_card":"summary_large_image","twitter_misc":{"Ansl. lesetid":"1 minutt"},"schema":{"@context":"https:\/\/schema.org","@graph":[{"@type":"WebPage","@id":"https:\/\/staging.forenteforlag.no\/pax\/produkt\/de-der-2\/","url":"https:\/\/staging.forenteforlag.no\/pax\/produkt\/de-der-2\/","name":"De der - Pax","isPartOf":{"@id":"https:\/\/staging.forenteforlag.no\/pax\/#website"},"primaryImageOfPage":{"@id":"https:\/\/staging.forenteforlag.no\/pax\/produkt\/de-der-2\/#primaryimage"},"image":{"@id":"https:\/\/staging.forenteforlag.no\/pax\/produkt\/de-der-2\/#primaryimage"},"thumbnailUrl":"https:\/\/staging.forenteforlag.no\/pax\/wp-content\/uploads\/sites\/5\/2025\/08\/jpg-5759-scaled.jpg","datePublished":"2023-08-10T00:00:00+00:00","dateModified":"2026-02-09T04:40:48+00:00","breadcrumb":{"@id":"https:\/\/staging.forenteforlag.no\/pax\/produkt\/de-der-2\/#breadcrumb"},"inLanguage":"nb-NO","potentialAction":[{"@type":"ReadAction","target":["https:\/\/staging.forenteforlag.no\/pax\/produkt\/de-der-2\/"]}]},{"@type":"ImageObject","inLanguage":"nb-NO","@id":"https:\/\/staging.forenteforlag.no\/pax\/produkt\/de-der-2\/#primaryimage","url":"https:\/\/staging.forenteforlag.no\/pax\/wp-content\/uploads\/sites\/5\/2025\/08\/jpg-5759-scaled.jpg","contentUrl":"https:\/\/staging.forenteforlag.no\/pax\/wp-content\/uploads\/sites\/5\/2025\/08\/jpg-5759-scaled.jpg","width":1217,"height":1920},{"@type":"BreadcrumbList","@id":"https:\/\/staging.forenteforlag.no\/pax\/produkt\/de-der-2\/#breadcrumb","itemListElement":[{"@type":"ListItem","position":1,"name":"Hjem","item":"https:\/\/staging.forenteforlag.no\/pax\/"},{"@type":"ListItem","position":2,"name":"Alle b\u00f8ker","item":"https:\/\/staging.forenteforlag.no\/pax\/butikk\/"},{"@type":"ListItem","position":3,"name":"De der"}]},{"@type":"WebSite","@id":"https:\/\/staging.forenteforlag.no\/pax\/#website","url":"https:\/\/staging.forenteforlag.no\/pax\/","name":"Pax","description":"","potentialAction":[{"@type":"SearchAction","target":{"@type":"EntryPoint","urlTemplate":"https:\/\/staging.forenteforlag.no\/pax\/?s={search_term_string}"},"query-input":{"@type":"PropertyValueSpecification","valueRequired":true,"valueName":"search_term_string"}}],"inLanguage":"nb-NO"}]}},"_links":{"self":[{"href":"https:\/\/staging.forenteforlag.no\/pax\/wp-json\/wp\/v2\/product\/23854","targetHints":{"allow":["GET"]}}],"collection":[{"href":"https:\/\/staging.forenteforlag.no\/pax\/wp-json\/wp\/v2\/product"}],"about":[{"href":"https:\/\/staging.forenteforlag.no\/pax\/wp-json\/wp\/v2\/types\/product"}],"wp:featuredmedia":[{"embeddable":true,"href":"https:\/\/staging.forenteforlag.no\/pax\/wp-json\/wp\/v2\/media\/28017"}],"wp:attachment":[{"href":"https:\/\/staging.forenteforlag.no\/pax\/wp-json\/wp\/v2\/media?parent=23854"}],"wp:term":[{"taxonomy":"product_brand","embeddable":true,"href":"https:\/\/staging.forenteforlag.no\/pax\/wp-json\/wp\/v2\/product_brand?post=23854"},{"taxonomy":"product_cat","embeddable":true,"href":"https:\/\/staging.forenteforlag.no\/pax\/wp-json\/wp\/v2\/product_cat?post=23854"},{"taxonomy":"product_tag","embeddable":true,"href":"https:\/\/staging.forenteforlag.no\/pax\/wp-json\/wp\/v2\/product_tag?post=23854"}],"curies":[{"name":"wp","href":"https:\/\/api.w.org\/{rel}","templated":true}]}}

<p>«de der» følger en familie i Detroit gjennom tre tiår, fra de harde 1930-årene til de blodige raseopptøyene i 1967. Den unge moren Loretta Wendall lever i fattigslige kår, og datteren Maureen og sønnen Jules må tidlig kjempe for å overleve. Maureen ønsker seg bort fra volden som omgir dem, men det er ikke bare lett å unnslippe. Jules går sine egne veier, men stadig i en spiral av vold og overgrep. </p>
<p>«de der» er en gripende roman om kjærlighet, klasse, makt, etnisitet og hva mennesker kan være i stand til når de blir presset til det ytterste.</p>

<p>«de der» følger en familie i Detroit gjennom tre tiår, fra de harde 1930-årene til de blodige raseopptøyene i 1967. Den unge moren Loretta Wendall lever i fattigslige kår, og datteren Maureen og sønnen Jules må tidlig kjempe for å overleve. Maureen ønsker seg bort fra volden som omgir dem, men det er ikke bare [&hellip;]</p>

<!-- This site is optimized with the Yoast SEO plugin v26.6 - https://yoast.com/wordpress/plugins/seo/ -->
<title>De der - Pax</title>
<meta name="robots" content="noindex, follow, max-snippet:-1, max-image-preview:large, max-video-preview:-1" />
<meta property="og:locale" content="nb_NO" />
<meta property="og:type" content="article" />
<meta property="og:title" content="De der - Pax" />
<meta property="og:description" content="«de der» følger en familie i Detroit gjennom tre tiår, fra de harde 1930-årene til de blodige raseopptøyene i 1967. Den unge moren Loretta Wendall lever i fattigslige kår, og datteren Maureen og sønnen Jules må tidlig kjempe for å overleve. Maureen ønsker seg bort fra volden som omgir dem, men det er ikke bare [&hellip;]" />
<meta property="og:url" content="https://staging.forenteforlag.no/pax/produkt/de-der-2/" />
<meta property="og:site_name" content="Pax" />
<meta property="article:modified_time" content="2026-02-09T04:40:48+00:00" />
<meta property="og:image" content="https://staging.forenteforlag.no/pax/wp-content/uploads/sites/5/2025/08/jpg-5759-scaled.jpg" />
	<meta property="og:image:width" content="1217" />
	<meta property="og:image:height" content="1920" />
	<meta property="og:image:type" content="image/jpeg" />
<meta name="twitter:card" content="summary_large_image" />
<meta name="twitter:label1" content="Ansl. lesetid" />
	<meta name="twitter:data1" content="1 minutt" />
<script type="application/ld+json" class="yoast-schema-graph">{"@context":"https://schema.org","@graph":[{"@type":"WebPage","@id":"https://staging.forenteforlag.no/pax/produkt/de-der-2/","url":"https://staging.forenteforlag.no/pax/produkt/de-der-2/","name":"De der - Pax","isPartOf":{"@id":"https://staging.forenteforlag.no/pax/#website"},"primaryImageOfPage":{"@id":"https://staging.forenteforlag.no/pax/produkt/de-der-2/#primaryimage"},"image":{"@id":"https://staging.forenteforlag.no/pax/produkt/de-der-2/#primaryimage"},"thumbnailUrl":"https://staging.forenteforlag.no/pax/wp-content/uploads/sites/5/2025/08/jpg-5759-scaled.jpg","datePublished":"2023-08-10T00:00:00+00:00","dateModified":"2026-02-09T04:40:48+00:00","breadcrumb":{"@id":"https://staging.forenteforlag.no/pax/produkt/de-der-2/#breadcrumb"},"inLanguage":"nb-NO","potentialAction":[{"@type":"ReadAction","target":["https://staging.forenteforlag.no/pax/produkt/de-der-2/"]}]},{"@type":"ImageObject","inLanguage":"nb-NO","@id":"https://staging.forenteforlag.no/pax/produkt/de-der-2/#primaryimage","url":"https://staging.forenteforlag.no/pax/wp-content/uploads/sites/5/2025/08/jpg-5759-scaled.jpg","contentUrl":"https://staging.forenteforlag.no/pax/wp-content/uploads/sites/5/2025/08/jpg-5759-scaled.jpg","width":1217,"height":1920},{"@type":"BreadcrumbList","@id":"https://staging.forenteforlag.no/pax/produkt/de-der-2/#breadcrumb","itemListElement":[{"@type":"ListItem","position":1,"name":"Hjem","item":"https://staging.forenteforlag.no/pax/"},{"@type":"ListItem","position":2,"name":"Alle bøker","item":"https://staging.forenteforlag.no/pax/butikk/"},{"@type":"ListItem","position":3,"name":"De der"}]},{"@type":"WebSite","@id":"https://staging.forenteforlag.no/pax/#website","url":"https://staging.forenteforlag.no/pax/","name":"Pax","description":"","potentialAction":[{"@type":"SearchAction","target":{"@type":"EntryPoint","urlTemplate":"https://staging.forenteforlag.no/pax/?s={search_term_string}"},"query-input":{"@type":"PropertyValueSpecification","valueRequired":true,"valueName":"search_term_string"}}],"inLanguage":"nb-NO"}]}</script>
<!-- / Yoast SEO plugin. -->

«de der» følger en familie i Detroit gjennom tre tiår, fra de harde 1930-årene til de blodige raseopptøyene i 1967. Den unge moren Loretta Wendall lever i fattigslige kår, og datteren Maureen og sønnen Jules må tidlig kjempe for å overleve. Maureen ønsker seg bort fra volden som omgir dem, men det er ikke bare [&hellip;]

Alle bøker
