{"id":23846,"date":"2023-09-07T02:00:00","date_gmt":"2023-09-07T00:00:00","guid":{"rendered":"https:\/\/pax.forenteforlag.no\/produkt\/edvard-masoni\/"},"modified":"2025-08-27T14:12:44","modified_gmt":"2025-08-27T12:12:44","slug":"edvard-masoni","status":"publish","type":"product","link":"https:\/\/staging.forenteforlag.no\/pax\/produkt\/edvard-masoni\/","title":{"rendered":"Edvard Masoni"},"content":{"rendered":"<p>Edvard Masoni vart f\u00f8dd i husmannsgrenda Rasta i Rana p\u00e5 Helgeland i 1870. Han voks opp i djup fattigdom og som same h\u00f8yrde han til eit folk med l\u00e5g status b\u00e5de i lokalmilj\u00f8et og i det norske storsamfunnet. Det som likevel skilde Edvard Masoni fr\u00e5 dei fleste andre samar p\u00e5 denne tida, var at han etter kvart tok to lange akademiske utdanningar. Han studerte teologi ved misjonsskulen i Stavanger, og medisin i USA. Medisinutdanninga brukte han til \u00e5 praktisera som lege p\u00e5 den kinesiske landsbygda fr\u00e5 1912 og fram til slutten av 1920-talet. <\/p>\n<p>Masoni drog for f\u00f8rste gong til Kina for \u00e5 driva misjon i 1898. To \u00e5r etter at han kom til landet braut det ut store oppt\u00f8yar som f\u00f8lgje av sterke antivestlege stemningar, boksaroppr\u00f8ret. Mange misjon\u00e6rar vart drepne. Alle misjon\u00e6rane fr\u00e5 Noreg med unntak av Masoni reiste d\u00e5 heim. Masoni vart fanga av oppr\u00f8rarar og d\u00f8mt til d\u00f8den, men klarte p\u00e5 mirakul\u00f8st vis \u00e5 berga livet. Om boksaroppr\u00f8ret skreiv han at det var den vestlege kolonialismen som hadde skulda, noko anna kunne ikkje Vesten venta seg med tanke p\u00e5 korleis europeiske styresmakter f\u00f2r fram i Asia. <\/p>\n<p>Historia om Edvard Masoni er ein viktig del av samisk historie. Saman med nokre f\u00e5 andre kjempa han hardt for politiske idear som femti \u00e5r seinare vart f\u00f8rte vidare av den moderne samer\u00f8rsla. F\u00f8rst rundt 1990 kom det store gjennomslaget, og nokre av desse ideane er no offisiell norsk urfolkspolitikk.<\/p>\n","protected":false},"excerpt":{"rendered":"<p>Edvard Masoni vart f\u00f8dd i husmannsgrenda Rasta i Rana p\u00e5 Helgeland i 1870. Han voks opp i djup fattigdom og som same h\u00f8yrde han til eit folk med l\u00e5g status b\u00e5de i lokalmilj\u00f8et og i det norske storsamfunnet. Det som likevel skilde Edvard Masoni fr\u00e5 dei fleste andre samar p\u00e5 denne tida, var at han [&hellip;]<\/p>\n","protected":false},"featured_media":27981,"template":"","meta":{"_acf_changed":false,"inline_featured_image":false},"product_brand":[],"product_cat":[20,1782,1791],"product_tag":[362,1596,1047,417],"class_list":{"0":"post-23846","1":"product","2":"type-product","3":"status-publish","4":"has-post-thumbnail","6":"product_cat-biografier-og-memoarer","7":"product_cat-fripris","8":"product_cat-tilbud","9":"product_tag-faglitteratur","10":"product_tag-misjonaerer","11":"product_tag-samer","12":"product_tag-selvbiografier","13":"pa_format-innbundet","15":"first","16":"instock","17":"shipping-taxable","18":"purchasable","19":"product-type-simple"},"acf":{"anmeldelse":null},"yoast_head":"<!-- This site is optimized with the Yoast SEO plugin v26.6 - https:\/\/yoast.com\/wordpress\/plugins\/seo\/ -->\n<title>Edvard Masoni - Pax<\/title>\n<meta name=\"robots\" content=\"noindex, follow, max-snippet:-1, max-image-preview:large, max-video-preview:-1\" \/>\n<meta property=\"og:locale\" content=\"nb_NO\" \/>\n<meta property=\"og:type\" content=\"article\" \/>\n<meta property=\"og:title\" content=\"Edvard Masoni - Pax\" \/>\n<meta property=\"og:description\" content=\"Edvard Masoni vart f\u00f8dd i husmannsgrenda Rasta i Rana p\u00e5 Helgeland i 1870. Han voks opp i djup fattigdom og som same h\u00f8yrde han til eit folk med l\u00e5g status b\u00e5de i lokalmilj\u00f8et og i det norske storsamfunnet. Det som likevel skilde Edvard Masoni fr\u00e5 dei fleste andre samar p\u00e5 denne tida, var at han [&hellip;]\" \/>\n<meta property=\"og:url\" content=\"https:\/\/staging.forenteforlag.no\/pax\/produkt\/edvard-masoni\/\" \/>\n<meta property=\"og:site_name\" content=\"Pax\" \/>\n<meta property=\"article:modified_time\" content=\"2025-08-27T12:12:44+00:00\" \/>\n<meta property=\"og:image\" content=\"https:\/\/staging.forenteforlag.no\/pax\/wp-content\/uploads\/sites\/5\/2025\/08\/jpg-5640-scaled.jpg\" \/>\n\t<meta property=\"og:image:width\" content=\"1381\" \/>\n\t<meta property=\"og:image:height\" content=\"1920\" \/>\n\t<meta property=\"og:image:type\" content=\"image\/jpeg\" \/>\n<meta name=\"twitter:card\" content=\"summary_large_image\" \/>\n<meta name=\"twitter:label1\" content=\"Ansl. lesetid\" \/>\n\t<meta name=\"twitter:data1\" content=\"1 minutt\" \/>\n<script type=\"application\/ld+json\" class=\"yoast-schema-graph\">{\"@context\":\"https:\/\/schema.org\",\"@graph\":[{\"@type\":\"WebPage\",\"@id\":\"https:\/\/staging.forenteforlag.no\/pax\/produkt\/edvard-masoni\/\",\"url\":\"https:\/\/staging.forenteforlag.no\/pax\/produkt\/edvard-masoni\/\",\"name\":\"Edvard Masoni - Pax\",\"isPartOf\":{\"@id\":\"https:\/\/staging.forenteforlag.no\/pax\/#website\"},\"primaryImageOfPage\":{\"@id\":\"https:\/\/staging.forenteforlag.no\/pax\/produkt\/edvard-masoni\/#primaryimage\"},\"image\":{\"@id\":\"https:\/\/staging.forenteforlag.no\/pax\/produkt\/edvard-masoni\/#primaryimage\"},\"thumbnailUrl\":\"https:\/\/staging.forenteforlag.no\/pax\/wp-content\/uploads\/sites\/5\/2025\/08\/jpg-5640-scaled.jpg\",\"datePublished\":\"2023-09-07T00:00:00+00:00\",\"dateModified\":\"2025-08-27T12:12:44+00:00\",\"breadcrumb\":{\"@id\":\"https:\/\/staging.forenteforlag.no\/pax\/produkt\/edvard-masoni\/#breadcrumb\"},\"inLanguage\":\"nb-NO\",\"potentialAction\":[{\"@type\":\"ReadAction\",\"target\":[\"https:\/\/staging.forenteforlag.no\/pax\/produkt\/edvard-masoni\/\"]}]},{\"@type\":\"ImageObject\",\"inLanguage\":\"nb-NO\",\"@id\":\"https:\/\/staging.forenteforlag.no\/pax\/produkt\/edvard-masoni\/#primaryimage\",\"url\":\"https:\/\/staging.forenteforlag.no\/pax\/wp-content\/uploads\/sites\/5\/2025\/08\/jpg-5640-scaled.jpg\",\"contentUrl\":\"https:\/\/staging.forenteforlag.no\/pax\/wp-content\/uploads\/sites\/5\/2025\/08\/jpg-5640-scaled.jpg\",\"width\":1381,\"height\":1920},{\"@type\":\"BreadcrumbList\",\"@id\":\"https:\/\/staging.forenteforlag.no\/pax\/produkt\/edvard-masoni\/#breadcrumb\",\"itemListElement\":[{\"@type\":\"ListItem\",\"position\":1,\"name\":\"Hjem\",\"item\":\"https:\/\/staging.forenteforlag.no\/pax\/\"},{\"@type\":\"ListItem\",\"position\":2,\"name\":\"Alle b\u00f8ker\",\"item\":\"https:\/\/staging.forenteforlag.no\/pax\/butikk\/\"},{\"@type\":\"ListItem\",\"position\":3,\"name\":\"Edvard Masoni\"}]},{\"@type\":\"WebSite\",\"@id\":\"https:\/\/staging.forenteforlag.no\/pax\/#website\",\"url\":\"https:\/\/staging.forenteforlag.no\/pax\/\",\"name\":\"Pax\",\"description\":\"\",\"potentialAction\":[{\"@type\":\"SearchAction\",\"target\":{\"@type\":\"EntryPoint\",\"urlTemplate\":\"https:\/\/staging.forenteforlag.no\/pax\/?s={search_term_string}\"},\"query-input\":{\"@type\":\"PropertyValueSpecification\",\"valueRequired\":true,\"valueName\":\"search_term_string\"}}],\"inLanguage\":\"nb-NO\"}]}<\/script>\n<!-- \/ Yoast SEO plugin. -->","yoast_head_json":{"title":"Edvard Masoni - Pax","robots":{"index":"noindex","follow":"follow","max-snippet":"max-snippet:-1","max-image-preview":"max-image-preview:large","max-video-preview":"max-video-preview:-1"},"og_locale":"nb_NO","og_type":"article","og_title":"Edvard Masoni - Pax","og_description":"Edvard Masoni vart f\u00f8dd i husmannsgrenda Rasta i Rana p\u00e5 Helgeland i 1870. Han voks opp i djup fattigdom og som same h\u00f8yrde han til eit folk med l\u00e5g status b\u00e5de i lokalmilj\u00f8et og i det norske storsamfunnet. Det som likevel skilde Edvard Masoni fr\u00e5 dei fleste andre samar p\u00e5 denne tida, var at han [&hellip;]","og_url":"https:\/\/staging.forenteforlag.no\/pax\/produkt\/edvard-masoni\/","og_site_name":"Pax","article_modified_time":"2025-08-27T12:12:44+00:00","og_image":[{"width":1381,"height":1920,"url":"https:\/\/staging.forenteforlag.no\/pax\/wp-content\/uploads\/sites\/5\/2025\/08\/jpg-5640-scaled.jpg","type":"image\/jpeg"}],"twitter_card":"summary_large_image","twitter_misc":{"Ansl. lesetid":"1 minutt"},"schema":{"@context":"https:\/\/schema.org","@graph":[{"@type":"WebPage","@id":"https:\/\/staging.forenteforlag.no\/pax\/produkt\/edvard-masoni\/","url":"https:\/\/staging.forenteforlag.no\/pax\/produkt\/edvard-masoni\/","name":"Edvard Masoni - Pax","isPartOf":{"@id":"https:\/\/staging.forenteforlag.no\/pax\/#website"},"primaryImageOfPage":{"@id":"https:\/\/staging.forenteforlag.no\/pax\/produkt\/edvard-masoni\/#primaryimage"},"image":{"@id":"https:\/\/staging.forenteforlag.no\/pax\/produkt\/edvard-masoni\/#primaryimage"},"thumbnailUrl":"https:\/\/staging.forenteforlag.no\/pax\/wp-content\/uploads\/sites\/5\/2025\/08\/jpg-5640-scaled.jpg","datePublished":"2023-09-07T00:00:00+00:00","dateModified":"2025-08-27T12:12:44+00:00","breadcrumb":{"@id":"https:\/\/staging.forenteforlag.no\/pax\/produkt\/edvard-masoni\/#breadcrumb"},"inLanguage":"nb-NO","potentialAction":[{"@type":"ReadAction","target":["https:\/\/staging.forenteforlag.no\/pax\/produkt\/edvard-masoni\/"]}]},{"@type":"ImageObject","inLanguage":"nb-NO","@id":"https:\/\/staging.forenteforlag.no\/pax\/produkt\/edvard-masoni\/#primaryimage","url":"https:\/\/staging.forenteforlag.no\/pax\/wp-content\/uploads\/sites\/5\/2025\/08\/jpg-5640-scaled.jpg","contentUrl":"https:\/\/staging.forenteforlag.no\/pax\/wp-content\/uploads\/sites\/5\/2025\/08\/jpg-5640-scaled.jpg","width":1381,"height":1920},{"@type":"BreadcrumbList","@id":"https:\/\/staging.forenteforlag.no\/pax\/produkt\/edvard-masoni\/#breadcrumb","itemListElement":[{"@type":"ListItem","position":1,"name":"Hjem","item":"https:\/\/staging.forenteforlag.no\/pax\/"},{"@type":"ListItem","position":2,"name":"Alle b\u00f8ker","item":"https:\/\/staging.forenteforlag.no\/pax\/butikk\/"},{"@type":"ListItem","position":3,"name":"Edvard Masoni"}]},{"@type":"WebSite","@id":"https:\/\/staging.forenteforlag.no\/pax\/#website","url":"https:\/\/staging.forenteforlag.no\/pax\/","name":"Pax","description":"","potentialAction":[{"@type":"SearchAction","target":{"@type":"EntryPoint","urlTemplate":"https:\/\/staging.forenteforlag.no\/pax\/?s={search_term_string}"},"query-input":{"@type":"PropertyValueSpecification","valueRequired":true,"valueName":"search_term_string"}}],"inLanguage":"nb-NO"}]}},"_links":{"self":[{"href":"https:\/\/staging.forenteforlag.no\/pax\/wp-json\/wp\/v2\/product\/23846","targetHints":{"allow":["GET"]}}],"collection":[{"href":"https:\/\/staging.forenteforlag.no\/pax\/wp-json\/wp\/v2\/product"}],"about":[{"href":"https:\/\/staging.forenteforlag.no\/pax\/wp-json\/wp\/v2\/types\/product"}],"wp:featuredmedia":[{"embeddable":true,"href":"https:\/\/staging.forenteforlag.no\/pax\/wp-json\/wp\/v2\/media\/27981"}],"wp:attachment":[{"href":"https:\/\/staging.forenteforlag.no\/pax\/wp-json\/wp\/v2\/media?parent=23846"}],"wp:term":[{"taxonomy":"product_brand","embeddable":true,"href":"https:\/\/staging.forenteforlag.no\/pax\/wp-json\/wp\/v2\/product_brand?post=23846"},{"taxonomy":"product_cat","embeddable":true,"href":"https:\/\/staging.forenteforlag.no\/pax\/wp-json\/wp\/v2\/product_cat?post=23846"},{"taxonomy":"product_tag","embeddable":true,"href":"https:\/\/staging.forenteforlag.no\/pax\/wp-json\/wp\/v2\/product_tag?post=23846"}],"curies":[{"name":"wp","href":"https:\/\/api.w.org\/{rel}","templated":true}]}}

<p>Edvard Masoni vart fødd i husmannsgrenda Rasta i Rana på Helgeland i 1870. Han voks opp i djup fattigdom og som same høyrde han til eit folk med låg status både i lokalmiljøet og i det norske storsamfunnet. Det som likevel skilde Edvard Masoni frå dei fleste andre samar på denne tida, var at han etter kvart tok to lange akademiske utdanningar. Han studerte teologi ved misjonsskulen i Stavanger, og medisin i USA. Medisinutdanninga brukte han til å praktisera som lege på den kinesiske landsbygda frå 1912 og fram til slutten av 1920-talet. </p>
<p>Masoni drog for første gong til Kina for å driva misjon i 1898. To år etter at han kom til landet braut det ut store opptøyar som følgje av sterke antivestlege stemningar, boksaropprøret. Mange misjonærar vart drepne. Alle misjonærane frå Noreg med unntak av Masoni reiste då heim. Masoni vart fanga av opprørarar og dømt til døden, men klarte på mirakuløst vis å berga livet. Om boksaropprøret skreiv han at det var den vestlege kolonialismen som hadde skulda, noko anna kunne ikkje Vesten venta seg med tanke på korleis europeiske styresmakter fòr fram i Asia. </p>
<p>Historia om Edvard Masoni er ein viktig del av samisk historie. Saman med nokre få andre kjempa han hardt for politiske idear som femti år seinare vart førte vidare av den moderne samerørsla. Først rundt 1990 kom det store gjennomslaget, og nokre av desse ideane er no offisiell norsk urfolkspolitikk.</p>

<p>Edvard Masoni vart fødd i husmannsgrenda Rasta i Rana på Helgeland i 1870. Han voks opp i djup fattigdom og som same høyrde han til eit folk med låg status både i lokalmiljøet og i det norske storsamfunnet. Det som likevel skilde Edvard Masoni frå dei fleste andre samar på denne tida, var at han [&hellip;]</p>

<!-- This site is optimized with the Yoast SEO plugin v26.6 - https://yoast.com/wordpress/plugins/seo/ -->
<title>Edvard Masoni - Pax</title>
<meta name="robots" content="noindex, follow, max-snippet:-1, max-image-preview:large, max-video-preview:-1" />
<meta property="og:locale" content="nb_NO" />
<meta property="og:type" content="article" />
<meta property="og:title" content="Edvard Masoni - Pax" />
<meta property="og:description" content="Edvard Masoni vart fødd i husmannsgrenda Rasta i Rana på Helgeland i 1870. Han voks opp i djup fattigdom og som same høyrde han til eit folk med låg status både i lokalmiljøet og i det norske storsamfunnet. Det som likevel skilde Edvard Masoni frå dei fleste andre samar på denne tida, var at han [&hellip;]" />
<meta property="og:url" content="https://staging.forenteforlag.no/pax/produkt/edvard-masoni/" />
<meta property="og:site_name" content="Pax" />
<meta property="article:modified_time" content="2025-08-27T12:12:44+00:00" />
<meta property="og:image" content="https://staging.forenteforlag.no/pax/wp-content/uploads/sites/5/2025/08/jpg-5640-scaled.jpg" />
	<meta property="og:image:width" content="1381" />
	<meta property="og:image:height" content="1920" />
	<meta property="og:image:type" content="image/jpeg" />
<meta name="twitter:card" content="summary_large_image" />
<meta name="twitter:label1" content="Ansl. lesetid" />
	<meta name="twitter:data1" content="1 minutt" />
<script type="application/ld+json" class="yoast-schema-graph">{"@context":"https://schema.org","@graph":[{"@type":"WebPage","@id":"https://staging.forenteforlag.no/pax/produkt/edvard-masoni/","url":"https://staging.forenteforlag.no/pax/produkt/edvard-masoni/","name":"Edvard Masoni - Pax","isPartOf":{"@id":"https://staging.forenteforlag.no/pax/#website"},"primaryImageOfPage":{"@id":"https://staging.forenteforlag.no/pax/produkt/edvard-masoni/#primaryimage"},"image":{"@id":"https://staging.forenteforlag.no/pax/produkt/edvard-masoni/#primaryimage"},"thumbnailUrl":"https://staging.forenteforlag.no/pax/wp-content/uploads/sites/5/2025/08/jpg-5640-scaled.jpg","datePublished":"2023-09-07T00:00:00+00:00","dateModified":"2025-08-27T12:12:44+00:00","breadcrumb":{"@id":"https://staging.forenteforlag.no/pax/produkt/edvard-masoni/#breadcrumb"},"inLanguage":"nb-NO","potentialAction":[{"@type":"ReadAction","target":["https://staging.forenteforlag.no/pax/produkt/edvard-masoni/"]}]},{"@type":"ImageObject","inLanguage":"nb-NO","@id":"https://staging.forenteforlag.no/pax/produkt/edvard-masoni/#primaryimage","url":"https://staging.forenteforlag.no/pax/wp-content/uploads/sites/5/2025/08/jpg-5640-scaled.jpg","contentUrl":"https://staging.forenteforlag.no/pax/wp-content/uploads/sites/5/2025/08/jpg-5640-scaled.jpg","width":1381,"height":1920},{"@type":"BreadcrumbList","@id":"https://staging.forenteforlag.no/pax/produkt/edvard-masoni/#breadcrumb","itemListElement":[{"@type":"ListItem","position":1,"name":"Hjem","item":"https://staging.forenteforlag.no/pax/"},{"@type":"ListItem","position":2,"name":"Alle bøker","item":"https://staging.forenteforlag.no/pax/butikk/"},{"@type":"ListItem","position":3,"name":"Edvard Masoni"}]},{"@type":"WebSite","@id":"https://staging.forenteforlag.no/pax/#website","url":"https://staging.forenteforlag.no/pax/","name":"Pax","description":"","potentialAction":[{"@type":"SearchAction","target":{"@type":"EntryPoint","urlTemplate":"https://staging.forenteforlag.no/pax/?s={search_term_string}"},"query-input":{"@type":"PropertyValueSpecification","valueRequired":true,"valueName":"search_term_string"}}],"inLanguage":"nb-NO"}]}</script>
<!-- / Yoast SEO plugin. -->

Edvard Masoni vart fødd i husmannsgrenda Rasta i Rana på Helgeland i 1870. Han voks opp i djup fattigdom og som same høyrde han til eit folk med låg status både i lokalmiljøet og i det norske storsamfunnet. Det som likevel skilde Edvard Masoni frå dei fleste andre samar på denne tida, var at han [&hellip;]

Alle bøker
