{"id":23796,"date":"2010-08-30T02:00:00","date_gmt":"2010-08-30T00:00:00","guid":{"rendered":"https:\/\/pax.forenteforlag.no\/produkt\/motlos-ungdom\/"},"modified":"2025-08-27T12:50:32","modified_gmt":"2025-08-27T10:50:32","slug":"motlos-ungdom","status":"publish","type":"product","link":"https:\/\/staging.forenteforlag.no\/pax\/produkt\/motlos-ungdom\/","title":{"rendered":"Motl\u00f8s ungdom?"},"content":{"rendered":"<p>Motl\u00f8s ungdom? er en studie av ungdoms samfunnsengasjement og politiske deltagelse i Norge. Dagens unge fremst\u00e5r langt fra som motl\u00f8se og passive dersom man legger politisk aktivitetsniv\u00e5 til grunn. Dette er en av hovedkonklusjonene i boka. Guro \u00d8deg\u00e5rd peker videre p\u00e5 sentrale paradokser i myndighetenes fors\u00f8k p\u00e5 \u00e5 f\u00e5 ungdom med i den etablerte politikken.  Studien bygger p\u00e5 fire vitenskapelige artikler som samlet tar m\u00e5l av seg til \u00e5 beskrive hvordan ungdoms politiske &laquo;kretsl\u00f8p&raquo; tar form. Forfatteren presenterer ulike aktiviteter og arenaer ungdom bruker for \u00e5 uttrykke sitt samfunnsengasjement. Videre diskuterer hun betydningen av ulike sosialiseringsfaktorer, samt organisatoriske og strukturelle forutsetningere for etablering, videref\u00f8ring og opprettholdelse av et slikt engasjement.  Studien, gjennomf\u00f8rt ved Norsk institutt for forskning om oppvekst, velferd og aldring (NOVA), bidrar til \u00f8kt kunnskap om formingen av det nye samfunnsengasjementet. Slik sett er boka ogs\u00e5 en ansats til \u00f8kt forst\u00e5else av de utfordringer demokratiet v\u00e5rt vil m\u00f8te i framtida.<\/p>\n","protected":false},"excerpt":{"rendered":"<p>Motl\u00f8s ungdom? er en studie av ungdoms samfunnsengasjement og politiske deltagelse i Norge. Dagens unge fremst\u00e5r langt fra som motl\u00f8se og passive dersom man legger politisk aktivitetsniv\u00e5 til grunn. Dette er en av hovedkonklusjonene i boka. Guro \u00d8deg\u00e5rd peker videre p\u00e5 sentrale paradokser i myndighetenes fors\u00f8k p\u00e5 \u00e5 f\u00e5 ungdom med i den etablerte politikken. [&hellip;]<\/p>\n","protected":false},"featured_media":29327,"template":"","meta":{"_acf_changed":false,"inline_featured_image":false},"product_brand":[],"product_cat":[49,32],"product_tag":[1445,362,1724,602,439],"class_list":{"0":"post-23796","1":"product","2":"type-product","3":"status-publish","4":"has-post-thumbnail","6":"product_cat-barn-og-ungdom","7":"product_cat-samfunn-og-politikk","8":"product_tag-barne-og-ungdomslitteratur","9":"product_tag-faglitteratur","10":"product_tag-identitetspolitikk","11":"product_tag-kultursosiologi","12":"product_tag-nord-norge","13":"pa_format-innbundet","15":"first","16":"outofstock","17":"shipping-taxable","18":"purchasable","19":"product-type-simple"},"acf":{"anmeldelse":null},"yoast_head":"<!-- This site is optimized with the Yoast SEO plugin v26.6 - https:\/\/yoast.com\/wordpress\/plugins\/seo\/ -->\n<title>Motl\u00f8s ungdom? - Pax<\/title>\n<meta name=\"robots\" content=\"noindex, follow, max-snippet:-1, max-image-preview:large, max-video-preview:-1\" \/>\n<meta property=\"og:locale\" content=\"nb_NO\" \/>\n<meta property=\"og:type\" content=\"article\" \/>\n<meta property=\"og:title\" content=\"Motl\u00f8s ungdom? - Pax\" \/>\n<meta property=\"og:description\" content=\"Motl\u00f8s ungdom? er en studie av ungdoms samfunnsengasjement og politiske deltagelse i Norge. Dagens unge fremst\u00e5r langt fra som motl\u00f8se og passive dersom man legger politisk aktivitetsniv\u00e5 til grunn. Dette er en av hovedkonklusjonene i boka. Guro \u00d8deg\u00e5rd peker videre p\u00e5 sentrale paradokser i myndighetenes fors\u00f8k p\u00e5 \u00e5 f\u00e5 ungdom med i den etablerte politikken. [&hellip;]\" \/>\n<meta property=\"og:url\" content=\"https:\/\/staging.forenteforlag.no\/pax\/produkt\/motlos-ungdom\/\" \/>\n<meta property=\"og:site_name\" content=\"Pax\" \/>\n<meta property=\"article:modified_time\" content=\"2025-08-27T10:50:32+00:00\" \/>\n<meta property=\"og:image\" content=\"https:\/\/staging.forenteforlag.no\/pax\/wp-content\/uploads\/sites\/5\/2025\/08\/jpg-9620.jpg\" \/>\n\t<meta property=\"og:image:width\" content=\"292\" \/>\n\t<meta property=\"og:image:height\" content=\"449\" \/>\n\t<meta property=\"og:image:type\" content=\"image\/jpeg\" \/>\n<meta name=\"twitter:card\" content=\"summary_large_image\" \/>\n<meta name=\"twitter:label1\" content=\"Ansl. lesetid\" \/>\n\t<meta name=\"twitter:data1\" content=\"1 minutt\" \/>\n<script type=\"application\/ld+json\" class=\"yoast-schema-graph\">{\"@context\":\"https:\/\/schema.org\",\"@graph\":[{\"@type\":\"WebPage\",\"@id\":\"https:\/\/staging.forenteforlag.no\/pax\/produkt\/motlos-ungdom\/\",\"url\":\"https:\/\/staging.forenteforlag.no\/pax\/produkt\/motlos-ungdom\/\",\"name\":\"Motl\u00f8s ungdom? - Pax\",\"isPartOf\":{\"@id\":\"https:\/\/staging.forenteforlag.no\/pax\/#website\"},\"primaryImageOfPage\":{\"@id\":\"https:\/\/staging.forenteforlag.no\/pax\/produkt\/motlos-ungdom\/#primaryimage\"},\"image\":{\"@id\":\"https:\/\/staging.forenteforlag.no\/pax\/produkt\/motlos-ungdom\/#primaryimage\"},\"thumbnailUrl\":\"https:\/\/staging.forenteforlag.no\/pax\/wp-content\/uploads\/sites\/5\/2025\/08\/jpg-9620.jpg\",\"datePublished\":\"2010-08-30T00:00:00+00:00\",\"dateModified\":\"2025-08-27T10:50:32+00:00\",\"breadcrumb\":{\"@id\":\"https:\/\/staging.forenteforlag.no\/pax\/produkt\/motlos-ungdom\/#breadcrumb\"},\"inLanguage\":\"nb-NO\",\"potentialAction\":[{\"@type\":\"ReadAction\",\"target\":[\"https:\/\/staging.forenteforlag.no\/pax\/produkt\/motlos-ungdom\/\"]}]},{\"@type\":\"ImageObject\",\"inLanguage\":\"nb-NO\",\"@id\":\"https:\/\/staging.forenteforlag.no\/pax\/produkt\/motlos-ungdom\/#primaryimage\",\"url\":\"https:\/\/staging.forenteforlag.no\/pax\/wp-content\/uploads\/sites\/5\/2025\/08\/jpg-9620.jpg\",\"contentUrl\":\"https:\/\/staging.forenteforlag.no\/pax\/wp-content\/uploads\/sites\/5\/2025\/08\/jpg-9620.jpg\",\"width\":292,\"height\":449},{\"@type\":\"BreadcrumbList\",\"@id\":\"https:\/\/staging.forenteforlag.no\/pax\/produkt\/motlos-ungdom\/#breadcrumb\",\"itemListElement\":[{\"@type\":\"ListItem\",\"position\":1,\"name\":\"Hjem\",\"item\":\"https:\/\/staging.forenteforlag.no\/pax\/\"},{\"@type\":\"ListItem\",\"position\":2,\"name\":\"Alle b\u00f8ker\",\"item\":\"https:\/\/staging.forenteforlag.no\/pax\/butikk\/\"},{\"@type\":\"ListItem\",\"position\":3,\"name\":\"Motl\u00f8s ungdom?\"}]},{\"@type\":\"WebSite\",\"@id\":\"https:\/\/staging.forenteforlag.no\/pax\/#website\",\"url\":\"https:\/\/staging.forenteforlag.no\/pax\/\",\"name\":\"Pax\",\"description\":\"\",\"potentialAction\":[{\"@type\":\"SearchAction\",\"target\":{\"@type\":\"EntryPoint\",\"urlTemplate\":\"https:\/\/staging.forenteforlag.no\/pax\/?s={search_term_string}\"},\"query-input\":{\"@type\":\"PropertyValueSpecification\",\"valueRequired\":true,\"valueName\":\"search_term_string\"}}],\"inLanguage\":\"nb-NO\"}]}<\/script>\n<!-- \/ Yoast SEO plugin. -->","yoast_head_json":{"title":"Motl\u00f8s ungdom? - Pax","robots":{"index":"noindex","follow":"follow","max-snippet":"max-snippet:-1","max-image-preview":"max-image-preview:large","max-video-preview":"max-video-preview:-1"},"og_locale":"nb_NO","og_type":"article","og_title":"Motl\u00f8s ungdom? - Pax","og_description":"Motl\u00f8s ungdom? er en studie av ungdoms samfunnsengasjement og politiske deltagelse i Norge. Dagens unge fremst\u00e5r langt fra som motl\u00f8se og passive dersom man legger politisk aktivitetsniv\u00e5 til grunn. Dette er en av hovedkonklusjonene i boka. Guro \u00d8deg\u00e5rd peker videre p\u00e5 sentrale paradokser i myndighetenes fors\u00f8k p\u00e5 \u00e5 f\u00e5 ungdom med i den etablerte politikken. [&hellip;]","og_url":"https:\/\/staging.forenteforlag.no\/pax\/produkt\/motlos-ungdom\/","og_site_name":"Pax","article_modified_time":"2025-08-27T10:50:32+00:00","og_image":[{"width":292,"height":449,"url":"https:\/\/staging.forenteforlag.no\/pax\/wp-content\/uploads\/sites\/5\/2025\/08\/jpg-9620.jpg","type":"image\/jpeg"}],"twitter_card":"summary_large_image","twitter_misc":{"Ansl. lesetid":"1 minutt"},"schema":{"@context":"https:\/\/schema.org","@graph":[{"@type":"WebPage","@id":"https:\/\/staging.forenteforlag.no\/pax\/produkt\/motlos-ungdom\/","url":"https:\/\/staging.forenteforlag.no\/pax\/produkt\/motlos-ungdom\/","name":"Motl\u00f8s ungdom? - Pax","isPartOf":{"@id":"https:\/\/staging.forenteforlag.no\/pax\/#website"},"primaryImageOfPage":{"@id":"https:\/\/staging.forenteforlag.no\/pax\/produkt\/motlos-ungdom\/#primaryimage"},"image":{"@id":"https:\/\/staging.forenteforlag.no\/pax\/produkt\/motlos-ungdom\/#primaryimage"},"thumbnailUrl":"https:\/\/staging.forenteforlag.no\/pax\/wp-content\/uploads\/sites\/5\/2025\/08\/jpg-9620.jpg","datePublished":"2010-08-30T00:00:00+00:00","dateModified":"2025-08-27T10:50:32+00:00","breadcrumb":{"@id":"https:\/\/staging.forenteforlag.no\/pax\/produkt\/motlos-ungdom\/#breadcrumb"},"inLanguage":"nb-NO","potentialAction":[{"@type":"ReadAction","target":["https:\/\/staging.forenteforlag.no\/pax\/produkt\/motlos-ungdom\/"]}]},{"@type":"ImageObject","inLanguage":"nb-NO","@id":"https:\/\/staging.forenteforlag.no\/pax\/produkt\/motlos-ungdom\/#primaryimage","url":"https:\/\/staging.forenteforlag.no\/pax\/wp-content\/uploads\/sites\/5\/2025\/08\/jpg-9620.jpg","contentUrl":"https:\/\/staging.forenteforlag.no\/pax\/wp-content\/uploads\/sites\/5\/2025\/08\/jpg-9620.jpg","width":292,"height":449},{"@type":"BreadcrumbList","@id":"https:\/\/staging.forenteforlag.no\/pax\/produkt\/motlos-ungdom\/#breadcrumb","itemListElement":[{"@type":"ListItem","position":1,"name":"Hjem","item":"https:\/\/staging.forenteforlag.no\/pax\/"},{"@type":"ListItem","position":2,"name":"Alle b\u00f8ker","item":"https:\/\/staging.forenteforlag.no\/pax\/butikk\/"},{"@type":"ListItem","position":3,"name":"Motl\u00f8s ungdom?"}]},{"@type":"WebSite","@id":"https:\/\/staging.forenteforlag.no\/pax\/#website","url":"https:\/\/staging.forenteforlag.no\/pax\/","name":"Pax","description":"","potentialAction":[{"@type":"SearchAction","target":{"@type":"EntryPoint","urlTemplate":"https:\/\/staging.forenteforlag.no\/pax\/?s={search_term_string}"},"query-input":{"@type":"PropertyValueSpecification","valueRequired":true,"valueName":"search_term_string"}}],"inLanguage":"nb-NO"}]}},"_links":{"self":[{"href":"https:\/\/staging.forenteforlag.no\/pax\/wp-json\/wp\/v2\/product\/23796","targetHints":{"allow":["GET"]}}],"collection":[{"href":"https:\/\/staging.forenteforlag.no\/pax\/wp-json\/wp\/v2\/product"}],"about":[{"href":"https:\/\/staging.forenteforlag.no\/pax\/wp-json\/wp\/v2\/types\/product"}],"wp:featuredmedia":[{"embeddable":true,"href":"https:\/\/staging.forenteforlag.no\/pax\/wp-json\/wp\/v2\/media\/29327"}],"wp:attachment":[{"href":"https:\/\/staging.forenteforlag.no\/pax\/wp-json\/wp\/v2\/media?parent=23796"}],"wp:term":[{"taxonomy":"product_brand","embeddable":true,"href":"https:\/\/staging.forenteforlag.no\/pax\/wp-json\/wp\/v2\/product_brand?post=23796"},{"taxonomy":"product_cat","embeddable":true,"href":"https:\/\/staging.forenteforlag.no\/pax\/wp-json\/wp\/v2\/product_cat?post=23796"},{"taxonomy":"product_tag","embeddable":true,"href":"https:\/\/staging.forenteforlag.no\/pax\/wp-json\/wp\/v2\/product_tag?post=23796"}],"curies":[{"name":"wp","href":"https:\/\/api.w.org\/{rel}","templated":true}]}}