{"id":23697,"date":"2009-01-23T01:00:00","date_gmt":"2009-01-23T00:00:00","guid":{"rendered":"https:\/\/pax.forenteforlag.no\/produkt\/pippa-lees-hemmelige-liv\/"},"modified":"2025-11-06T09:25:26","modified_gmt":"2025-11-06T08:25:26","slug":"pippa-lees-hemmelige-liv","status":"publish","type":"product","link":"https:\/\/staging.forenteforlag.no\/pax\/produkt\/pippa-lees-hemmelige-liv\/","title":{"rendered":"Pippa Lees hemmelige liv"},"content":{"rendered":"<p>Pippa Lee ser ut til \u00e5 ha alt man kan \u00f8nske seg. Hun er lykkelig gift, har to voksne barn og et trygt og godt liv. Men n\u00e5r hun flytter med den tretti \u00e5r eldre ektemannen Herb til &#8216;Marigold Village&#8217;, et boliganlegg for eldre kalt &#8216;Rynkeby&#8217; p\u00e5 folkemunne, begynner det hele \u00e5 rakne. Pippa, som hittil har v\u00e6rt den perfekte kone og mor, begynner \u00e5 sp\u00f8rre seg om hvordan livet hennes er blitt som det er blitt. Svaret ligger i en vill ungdomstid, i uventede m\u00f8ter, aff\u00e6rer og utroskap &#8211; og i ekteskapets farlige trygghet. For hva er egentlig forskjellen p\u00e5 \u00e5 finne sin plass, og \u00e5 finne seg selv?  Pippa Lees hemmelige liv er en usedvanlig velskrevet og medrivende fortelling om utfordringene og mulighetene som ligger i det \u00e5 t\u00f8rre \u00e5 leve sitt eget liv.<\/p>\n","protected":false},"excerpt":{"rendered":"<p>Pippa Lee ser ut til \u00e5 ha alt man kan \u00f8nske seg. Hun er lykkelig gift, har to voksne barn og et trygt og godt liv. Men n\u00e5r hun flytter med den tretti \u00e5r eldre ektemannen Herb til &#8216;Marigold Village&#8217;, et boliganlegg for eldre kalt &#8216;Rynkeby&#8217; p\u00e5 folkemunne, begynner det hele \u00e5 rakne. Pippa, som [&hellip;]<\/p>\n","protected":false},"featured_media":28604,"template":"","meta":{"_acf_changed":false,"inline_featured_image":false},"product_brand":[],"product_cat":[40],"product_tag":[370],"class_list":{"0":"post-23697","1":"product","2":"type-product","3":"status-publish","4":"has-post-thumbnail","6":"product_cat-romaner","7":"product_tag-skjonnlitteratur","8":"pa_format-innbundet","10":"first","11":"outofstock","12":"shipping-taxable","13":"purchasable","14":"product-type-simple"},"acf":{"anmeldelse":null},"yoast_head":"<!-- This site is optimized with the Yoast SEO plugin v26.6 - https:\/\/yoast.com\/wordpress\/plugins\/seo\/ -->\n<title>Pippa Lees hemmelige liv - Pax<\/title>\n<meta name=\"robots\" content=\"noindex, follow, max-snippet:-1, max-image-preview:large, max-video-preview:-1\" \/>\n<meta property=\"og:locale\" content=\"nb_NO\" \/>\n<meta property=\"og:type\" content=\"article\" \/>\n<meta property=\"og:title\" content=\"Pippa Lees hemmelige liv - Pax\" \/>\n<meta property=\"og:description\" content=\"Pippa Lee ser ut til \u00e5 ha alt man kan \u00f8nske seg. Hun er lykkelig gift, har to voksne barn og et trygt og godt liv. Men n\u00e5r hun flytter med den tretti \u00e5r eldre ektemannen Herb til &#8216;Marigold Village&#8217;, et boliganlegg for eldre kalt &#8216;Rynkeby&#8217; p\u00e5 folkemunne, begynner det hele \u00e5 rakne. Pippa, som [&hellip;]\" \/>\n<meta property=\"og:url\" content=\"https:\/\/staging.forenteforlag.no\/pax\/produkt\/pippa-lees-hemmelige-liv\/\" \/>\n<meta property=\"og:site_name\" content=\"Pax\" \/>\n<meta property=\"article:modified_time\" content=\"2025-11-06T08:25:26+00:00\" \/>\n<meta property=\"og:image\" content=\"https:\/\/staging.forenteforlag.no\/pax\/wp-content\/uploads\/sites\/5\/2025\/08\/jpg-7438.jpg\" \/>\n\t<meta property=\"og:image:width\" content=\"286\" \/>\n\t<meta property=\"og:image:height\" content=\"450\" \/>\n\t<meta property=\"og:image:type\" content=\"image\/jpeg\" \/>\n<meta name=\"twitter:card\" content=\"summary_large_image\" \/>\n<meta name=\"twitter:label1\" content=\"Ansl. lesetid\" \/>\n\t<meta name=\"twitter:data1\" content=\"1 minutt\" \/>\n<script type=\"application\/ld+json\" class=\"yoast-schema-graph\">{\"@context\":\"https:\/\/schema.org\",\"@graph\":[{\"@type\":\"WebPage\",\"@id\":\"https:\/\/staging.forenteforlag.no\/pax\/produkt\/pippa-lees-hemmelige-liv\/\",\"url\":\"https:\/\/staging.forenteforlag.no\/pax\/produkt\/pippa-lees-hemmelige-liv\/\",\"name\":\"Pippa Lees hemmelige liv - Pax\",\"isPartOf\":{\"@id\":\"https:\/\/staging.forenteforlag.no\/pax\/#website\"},\"primaryImageOfPage\":{\"@id\":\"https:\/\/staging.forenteforlag.no\/pax\/produkt\/pippa-lees-hemmelige-liv\/#primaryimage\"},\"image\":{\"@id\":\"https:\/\/staging.forenteforlag.no\/pax\/produkt\/pippa-lees-hemmelige-liv\/#primaryimage\"},\"thumbnailUrl\":\"https:\/\/staging.forenteforlag.no\/pax\/wp-content\/uploads\/sites\/5\/2025\/08\/jpg-7438.jpg\",\"datePublished\":\"2009-01-23T00:00:00+00:00\",\"dateModified\":\"2025-11-06T08:25:26+00:00\",\"breadcrumb\":{\"@id\":\"https:\/\/staging.forenteforlag.no\/pax\/produkt\/pippa-lees-hemmelige-liv\/#breadcrumb\"},\"inLanguage\":\"nb-NO\",\"potentialAction\":[{\"@type\":\"ReadAction\",\"target\":[\"https:\/\/staging.forenteforlag.no\/pax\/produkt\/pippa-lees-hemmelige-liv\/\"]}]},{\"@type\":\"ImageObject\",\"inLanguage\":\"nb-NO\",\"@id\":\"https:\/\/staging.forenteforlag.no\/pax\/produkt\/pippa-lees-hemmelige-liv\/#primaryimage\",\"url\":\"https:\/\/staging.forenteforlag.no\/pax\/wp-content\/uploads\/sites\/5\/2025\/08\/jpg-7438.jpg\",\"contentUrl\":\"https:\/\/staging.forenteforlag.no\/pax\/wp-content\/uploads\/sites\/5\/2025\/08\/jpg-7438.jpg\",\"width\":286,\"height\":450},{\"@type\":\"BreadcrumbList\",\"@id\":\"https:\/\/staging.forenteforlag.no\/pax\/produkt\/pippa-lees-hemmelige-liv\/#breadcrumb\",\"itemListElement\":[{\"@type\":\"ListItem\",\"position\":1,\"name\":\"Hjem\",\"item\":\"https:\/\/staging.forenteforlag.no\/pax\/\"},{\"@type\":\"ListItem\",\"position\":2,\"name\":\"Alle b\u00f8ker\",\"item\":\"https:\/\/staging.forenteforlag.no\/pax\/butikk\/\"},{\"@type\":\"ListItem\",\"position\":3,\"name\":\"Pippa Lees hemmelige liv\"}]},{\"@type\":\"WebSite\",\"@id\":\"https:\/\/staging.forenteforlag.no\/pax\/#website\",\"url\":\"https:\/\/staging.forenteforlag.no\/pax\/\",\"name\":\"Pax\",\"description\":\"\",\"potentialAction\":[{\"@type\":\"SearchAction\",\"target\":{\"@type\":\"EntryPoint\",\"urlTemplate\":\"https:\/\/staging.forenteforlag.no\/pax\/?s={search_term_string}\"},\"query-input\":{\"@type\":\"PropertyValueSpecification\",\"valueRequired\":true,\"valueName\":\"search_term_string\"}}],\"inLanguage\":\"nb-NO\"}]}<\/script>\n<!-- \/ Yoast SEO plugin. -->","yoast_head_json":{"title":"Pippa Lees hemmelige liv - Pax","robots":{"index":"noindex","follow":"follow","max-snippet":"max-snippet:-1","max-image-preview":"max-image-preview:large","max-video-preview":"max-video-preview:-1"},"og_locale":"nb_NO","og_type":"article","og_title":"Pippa Lees hemmelige liv - Pax","og_description":"Pippa Lee ser ut til \u00e5 ha alt man kan \u00f8nske seg. Hun er lykkelig gift, har to voksne barn og et trygt og godt liv. Men n\u00e5r hun flytter med den tretti \u00e5r eldre ektemannen Herb til &#8216;Marigold Village&#8217;, et boliganlegg for eldre kalt &#8216;Rynkeby&#8217; p\u00e5 folkemunne, begynner det hele \u00e5 rakne. Pippa, som [&hellip;]","og_url":"https:\/\/staging.forenteforlag.no\/pax\/produkt\/pippa-lees-hemmelige-liv\/","og_site_name":"Pax","article_modified_time":"2025-11-06T08:25:26+00:00","og_image":[{"width":286,"height":450,"url":"https:\/\/staging.forenteforlag.no\/pax\/wp-content\/uploads\/sites\/5\/2025\/08\/jpg-7438.jpg","type":"image\/jpeg"}],"twitter_card":"summary_large_image","twitter_misc":{"Ansl. lesetid":"1 minutt"},"schema":{"@context":"https:\/\/schema.org","@graph":[{"@type":"WebPage","@id":"https:\/\/staging.forenteforlag.no\/pax\/produkt\/pippa-lees-hemmelige-liv\/","url":"https:\/\/staging.forenteforlag.no\/pax\/produkt\/pippa-lees-hemmelige-liv\/","name":"Pippa Lees hemmelige liv - Pax","isPartOf":{"@id":"https:\/\/staging.forenteforlag.no\/pax\/#website"},"primaryImageOfPage":{"@id":"https:\/\/staging.forenteforlag.no\/pax\/produkt\/pippa-lees-hemmelige-liv\/#primaryimage"},"image":{"@id":"https:\/\/staging.forenteforlag.no\/pax\/produkt\/pippa-lees-hemmelige-liv\/#primaryimage"},"thumbnailUrl":"https:\/\/staging.forenteforlag.no\/pax\/wp-content\/uploads\/sites\/5\/2025\/08\/jpg-7438.jpg","datePublished":"2009-01-23T00:00:00+00:00","dateModified":"2025-11-06T08:25:26+00:00","breadcrumb":{"@id":"https:\/\/staging.forenteforlag.no\/pax\/produkt\/pippa-lees-hemmelige-liv\/#breadcrumb"},"inLanguage":"nb-NO","potentialAction":[{"@type":"ReadAction","target":["https:\/\/staging.forenteforlag.no\/pax\/produkt\/pippa-lees-hemmelige-liv\/"]}]},{"@type":"ImageObject","inLanguage":"nb-NO","@id":"https:\/\/staging.forenteforlag.no\/pax\/produkt\/pippa-lees-hemmelige-liv\/#primaryimage","url":"https:\/\/staging.forenteforlag.no\/pax\/wp-content\/uploads\/sites\/5\/2025\/08\/jpg-7438.jpg","contentUrl":"https:\/\/staging.forenteforlag.no\/pax\/wp-content\/uploads\/sites\/5\/2025\/08\/jpg-7438.jpg","width":286,"height":450},{"@type":"BreadcrumbList","@id":"https:\/\/staging.forenteforlag.no\/pax\/produkt\/pippa-lees-hemmelige-liv\/#breadcrumb","itemListElement":[{"@type":"ListItem","position":1,"name":"Hjem","item":"https:\/\/staging.forenteforlag.no\/pax\/"},{"@type":"ListItem","position":2,"name":"Alle b\u00f8ker","item":"https:\/\/staging.forenteforlag.no\/pax\/butikk\/"},{"@type":"ListItem","position":3,"name":"Pippa Lees hemmelige liv"}]},{"@type":"WebSite","@id":"https:\/\/staging.forenteforlag.no\/pax\/#website","url":"https:\/\/staging.forenteforlag.no\/pax\/","name":"Pax","description":"","potentialAction":[{"@type":"SearchAction","target":{"@type":"EntryPoint","urlTemplate":"https:\/\/staging.forenteforlag.no\/pax\/?s={search_term_string}"},"query-input":{"@type":"PropertyValueSpecification","valueRequired":true,"valueName":"search_term_string"}}],"inLanguage":"nb-NO"}]}},"_links":{"self":[{"href":"https:\/\/staging.forenteforlag.no\/pax\/wp-json\/wp\/v2\/product\/23697","targetHints":{"allow":["GET"]}}],"collection":[{"href":"https:\/\/staging.forenteforlag.no\/pax\/wp-json\/wp\/v2\/product"}],"about":[{"href":"https:\/\/staging.forenteforlag.no\/pax\/wp-json\/wp\/v2\/types\/product"}],"wp:featuredmedia":[{"embeddable":true,"href":"https:\/\/staging.forenteforlag.no\/pax\/wp-json\/wp\/v2\/media\/28604"}],"wp:attachment":[{"href":"https:\/\/staging.forenteforlag.no\/pax\/wp-json\/wp\/v2\/media?parent=23697"}],"wp:term":[{"taxonomy":"product_brand","embeddable":true,"href":"https:\/\/staging.forenteforlag.no\/pax\/wp-json\/wp\/v2\/product_brand?post=23697"},{"taxonomy":"product_cat","embeddable":true,"href":"https:\/\/staging.forenteforlag.no\/pax\/wp-json\/wp\/v2\/product_cat?post=23697"},{"taxonomy":"product_tag","embeddable":true,"href":"https:\/\/staging.forenteforlag.no\/pax\/wp-json\/wp\/v2\/product_tag?post=23697"}],"curies":[{"name":"wp","href":"https:\/\/api.w.org\/{rel}","templated":true}]}}