{"id":23685,"date":"2024-12-10T22:56:39","date_gmt":"2024-12-10T21:56:39","guid":{"rendered":"https:\/\/pax.forenteforlag.no\/produkt\/magiske-tall\/"},"modified":"2026-03-04T20:57:19","modified_gmt":"2026-03-04T19:57:19","slug":"magiske-tall","status":"publish","type":"product","link":"https:\/\/staging.forenteforlag.no\/pax\/produkt\/magiske-tall\/","title":{"rendered":"Magiske tall"},"content":{"rendered":"<p>Romanen forteller om da Roald Amundsen kom til Tsjukotka med polarskuta Maud i 1919. Vi f\u00f8lger Maud-ekspedisjonen gjennom en vinter ved Ajon, en hendelse som har satt spor i den lokale fortellertradisjonen. Fofatteren fanger inn det \u00f8yeblikket verden utenfra sl\u00e5r inn i det lille urbefolkningssamfunnet. Fra sj\u00f8siden kommer nordmennene i Maud med sin vitenskapstro og eventyrtrang. Fra den andre kanten kommer den russiske revolusjonens representanter som vil skape en ny orden og en lysere fremtid. Hovedpersonen er Kagot, en sjaman og fangstmann, som b\u00e5de forsvarer sin gamle kultur og er \u00e5pen for det nye &#8211; s\u00e6rlig tallenes magi. Forfatteren dikter relativt fritt rundt historiske personer, og den ytre rammen stemmer kun delvis med det som ellers er kjent fra ekspedisjonen.<\/p>\n","protected":false},"excerpt":{"rendered":"<p>Romanen forteller om da Roald Amundsen kom til Tsjukotka med polarskuta Maud i 1919. Vi f\u00f8lger Maud-ekspedisjonen gjennom en vinter ved Ajon, en hendelse som har satt spor i den lokale fortellertradisjonen. Fofatteren fanger inn det \u00f8yeblikket verden utenfra sl\u00e5r inn i det lille urbefolkningssamfunnet. Fra sj\u00f8siden kommer nordmennene i Maud med sin vitenskapstro og [&hellip;]<\/p>\n","protected":false},"featured_media":29215,"template":"","meta":{"_acf_changed":false,"inline_featured_image":false},"product_brand":[],"product_cat":[1782],"product_tag":[517,1095,693,532,370,817],"class_list":{"0":"post-23685","1":"product","2":"type-product","3":"status-publish","4":"has-post-thumbnail","6":"product_cat-fripris","7":"product_tag-1918-1939","8":"product_tag-grafiske-romaner","9":"product_tag-oppdagelsesreiser","10":"product_tag-russland","11":"product_tag-skjonnlitteratur","12":"product_tag-urbefolkning","14":"first","15":"outofstock","16":"taxable","17":"shipping-taxable","18":"purchasable","19":"product-type-simple"},"acf":{"anmeldelse":null},"yoast_head":"<!-- This site is optimized with the Yoast SEO plugin v26.6 - https:\/\/yoast.com\/wordpress\/plugins\/seo\/ -->\n<title>Magiske tall - Pax<\/title>\n<meta name=\"robots\" content=\"noindex, follow, max-snippet:-1, max-image-preview:large, max-video-preview:-1\" \/>\n<meta property=\"og:locale\" content=\"nb_NO\" \/>\n<meta property=\"og:type\" content=\"article\" \/>\n<meta property=\"og:title\" content=\"Magiske tall - Pax\" \/>\n<meta property=\"og:description\" content=\"Romanen forteller om da Roald Amundsen kom til Tsjukotka med polarskuta Maud i 1919. Vi f\u00f8lger Maud-ekspedisjonen gjennom en vinter ved Ajon, en hendelse som har satt spor i den lokale fortellertradisjonen. Fofatteren fanger inn det \u00f8yeblikket verden utenfra sl\u00e5r inn i det lille urbefolkningssamfunnet. Fra sj\u00f8siden kommer nordmennene i Maud med sin vitenskapstro og [&hellip;]\" \/>\n<meta property=\"og:url\" content=\"https:\/\/staging.forenteforlag.no\/pax\/produkt\/magiske-tall\/\" \/>\n<meta property=\"og:site_name\" content=\"Pax\" \/>\n<meta property=\"article:modified_time\" content=\"2026-03-04T19:57:19+00:00\" \/>\n<meta property=\"og:image\" content=\"https:\/\/staging.forenteforlag.no\/pax\/wp-content\/uploads\/sites\/5\/2025\/08\/jpg-9256.jpg\" \/>\n\t<meta property=\"og:image:width\" content=\"270\" \/>\n\t<meta property=\"og:image:height\" content=\"449\" \/>\n\t<meta property=\"og:image:type\" content=\"image\/jpeg\" \/>\n<meta name=\"twitter:card\" content=\"summary_large_image\" \/>\n<meta name=\"twitter:label1\" content=\"Ansl. lesetid\" \/>\n\t<meta name=\"twitter:data1\" content=\"1 minutt\" \/>\n<script type=\"application\/ld+json\" class=\"yoast-schema-graph\">{\"@context\":\"https:\/\/schema.org\",\"@graph\":[{\"@type\":\"WebPage\",\"@id\":\"https:\/\/staging.forenteforlag.no\/pax\/produkt\/magiske-tall\/\",\"url\":\"https:\/\/staging.forenteforlag.no\/pax\/produkt\/magiske-tall\/\",\"name\":\"Magiske tall - Pax\",\"isPartOf\":{\"@id\":\"https:\/\/staging.forenteforlag.no\/pax\/#website\"},\"primaryImageOfPage\":{\"@id\":\"https:\/\/staging.forenteforlag.no\/pax\/produkt\/magiske-tall\/#primaryimage\"},\"image\":{\"@id\":\"https:\/\/staging.forenteforlag.no\/pax\/produkt\/magiske-tall\/#primaryimage\"},\"thumbnailUrl\":\"https:\/\/staging.forenteforlag.no\/pax\/wp-content\/uploads\/sites\/5\/2025\/08\/jpg-9256.jpg\",\"datePublished\":\"2024-12-10T21:56:39+00:00\",\"dateModified\":\"2026-03-04T19:57:19+00:00\",\"breadcrumb\":{\"@id\":\"https:\/\/staging.forenteforlag.no\/pax\/produkt\/magiske-tall\/#breadcrumb\"},\"inLanguage\":\"nb-NO\",\"potentialAction\":[{\"@type\":\"ReadAction\",\"target\":[\"https:\/\/staging.forenteforlag.no\/pax\/produkt\/magiske-tall\/\"]}]},{\"@type\":\"ImageObject\",\"inLanguage\":\"nb-NO\",\"@id\":\"https:\/\/staging.forenteforlag.no\/pax\/produkt\/magiske-tall\/#primaryimage\",\"url\":\"https:\/\/staging.forenteforlag.no\/pax\/wp-content\/uploads\/sites\/5\/2025\/08\/jpg-9256.jpg\",\"contentUrl\":\"https:\/\/staging.forenteforlag.no\/pax\/wp-content\/uploads\/sites\/5\/2025\/08\/jpg-9256.jpg\",\"width\":270,\"height\":449},{\"@type\":\"BreadcrumbList\",\"@id\":\"https:\/\/staging.forenteforlag.no\/pax\/produkt\/magiske-tall\/#breadcrumb\",\"itemListElement\":[{\"@type\":\"ListItem\",\"position\":1,\"name\":\"Hjem\",\"item\":\"https:\/\/staging.forenteforlag.no\/pax\/\"},{\"@type\":\"ListItem\",\"position\":2,\"name\":\"Alle b\u00f8ker\",\"item\":\"https:\/\/staging.forenteforlag.no\/pax\/butikk\/\"},{\"@type\":\"ListItem\",\"position\":3,\"name\":\"Magiske tall\"}]},{\"@type\":\"WebSite\",\"@id\":\"https:\/\/staging.forenteforlag.no\/pax\/#website\",\"url\":\"https:\/\/staging.forenteforlag.no\/pax\/\",\"name\":\"Pax\",\"description\":\"\",\"potentialAction\":[{\"@type\":\"SearchAction\",\"target\":{\"@type\":\"EntryPoint\",\"urlTemplate\":\"https:\/\/staging.forenteforlag.no\/pax\/?s={search_term_string}\"},\"query-input\":{\"@type\":\"PropertyValueSpecification\",\"valueRequired\":true,\"valueName\":\"search_term_string\"}}],\"inLanguage\":\"nb-NO\"}]}<\/script>\n<!-- \/ Yoast SEO plugin. -->","yoast_head_json":{"title":"Magiske tall - Pax","robots":{"index":"noindex","follow":"follow","max-snippet":"max-snippet:-1","max-image-preview":"max-image-preview:large","max-video-preview":"max-video-preview:-1"},"og_locale":"nb_NO","og_type":"article","og_title":"Magiske tall - Pax","og_description":"Romanen forteller om da Roald Amundsen kom til Tsjukotka med polarskuta Maud i 1919. Vi f\u00f8lger Maud-ekspedisjonen gjennom en vinter ved Ajon, en hendelse som har satt spor i den lokale fortellertradisjonen. Fofatteren fanger inn det \u00f8yeblikket verden utenfra sl\u00e5r inn i det lille urbefolkningssamfunnet. Fra sj\u00f8siden kommer nordmennene i Maud med sin vitenskapstro og [&hellip;]","og_url":"https:\/\/staging.forenteforlag.no\/pax\/produkt\/magiske-tall\/","og_site_name":"Pax","article_modified_time":"2026-03-04T19:57:19+00:00","og_image":[{"width":270,"height":449,"url":"https:\/\/staging.forenteforlag.no\/pax\/wp-content\/uploads\/sites\/5\/2025\/08\/jpg-9256.jpg","type":"image\/jpeg"}],"twitter_card":"summary_large_image","twitter_misc":{"Ansl. lesetid":"1 minutt"},"schema":{"@context":"https:\/\/schema.org","@graph":[{"@type":"WebPage","@id":"https:\/\/staging.forenteforlag.no\/pax\/produkt\/magiske-tall\/","url":"https:\/\/staging.forenteforlag.no\/pax\/produkt\/magiske-tall\/","name":"Magiske tall - Pax","isPartOf":{"@id":"https:\/\/staging.forenteforlag.no\/pax\/#website"},"primaryImageOfPage":{"@id":"https:\/\/staging.forenteforlag.no\/pax\/produkt\/magiske-tall\/#primaryimage"},"image":{"@id":"https:\/\/staging.forenteforlag.no\/pax\/produkt\/magiske-tall\/#primaryimage"},"thumbnailUrl":"https:\/\/staging.forenteforlag.no\/pax\/wp-content\/uploads\/sites\/5\/2025\/08\/jpg-9256.jpg","datePublished":"2024-12-10T21:56:39+00:00","dateModified":"2026-03-04T19:57:19+00:00","breadcrumb":{"@id":"https:\/\/staging.forenteforlag.no\/pax\/produkt\/magiske-tall\/#breadcrumb"},"inLanguage":"nb-NO","potentialAction":[{"@type":"ReadAction","target":["https:\/\/staging.forenteforlag.no\/pax\/produkt\/magiske-tall\/"]}]},{"@type":"ImageObject","inLanguage":"nb-NO","@id":"https:\/\/staging.forenteforlag.no\/pax\/produkt\/magiske-tall\/#primaryimage","url":"https:\/\/staging.forenteforlag.no\/pax\/wp-content\/uploads\/sites\/5\/2025\/08\/jpg-9256.jpg","contentUrl":"https:\/\/staging.forenteforlag.no\/pax\/wp-content\/uploads\/sites\/5\/2025\/08\/jpg-9256.jpg","width":270,"height":449},{"@type":"BreadcrumbList","@id":"https:\/\/staging.forenteforlag.no\/pax\/produkt\/magiske-tall\/#breadcrumb","itemListElement":[{"@type":"ListItem","position":1,"name":"Hjem","item":"https:\/\/staging.forenteforlag.no\/pax\/"},{"@type":"ListItem","position":2,"name":"Alle b\u00f8ker","item":"https:\/\/staging.forenteforlag.no\/pax\/butikk\/"},{"@type":"ListItem","position":3,"name":"Magiske tall"}]},{"@type":"WebSite","@id":"https:\/\/staging.forenteforlag.no\/pax\/#website","url":"https:\/\/staging.forenteforlag.no\/pax\/","name":"Pax","description":"","potentialAction":[{"@type":"SearchAction","target":{"@type":"EntryPoint","urlTemplate":"https:\/\/staging.forenteforlag.no\/pax\/?s={search_term_string}"},"query-input":{"@type":"PropertyValueSpecification","valueRequired":true,"valueName":"search_term_string"}}],"inLanguage":"nb-NO"}]}},"_links":{"self":[{"href":"https:\/\/staging.forenteforlag.no\/pax\/wp-json\/wp\/v2\/product\/23685","targetHints":{"allow":["GET"]}}],"collection":[{"href":"https:\/\/staging.forenteforlag.no\/pax\/wp-json\/wp\/v2\/product"}],"about":[{"href":"https:\/\/staging.forenteforlag.no\/pax\/wp-json\/wp\/v2\/types\/product"}],"wp:featuredmedia":[{"embeddable":true,"href":"https:\/\/staging.forenteforlag.no\/pax\/wp-json\/wp\/v2\/media\/29215"}],"wp:attachment":[{"href":"https:\/\/staging.forenteforlag.no\/pax\/wp-json\/wp\/v2\/media?parent=23685"}],"wp:term":[{"taxonomy":"product_brand","embeddable":true,"href":"https:\/\/staging.forenteforlag.no\/pax\/wp-json\/wp\/v2\/product_brand?post=23685"},{"taxonomy":"product_cat","embeddable":true,"href":"https:\/\/staging.forenteforlag.no\/pax\/wp-json\/wp\/v2\/product_cat?post=23685"},{"taxonomy":"product_tag","embeddable":true,"href":"https:\/\/staging.forenteforlag.no\/pax\/wp-json\/wp\/v2\/product_tag?post=23685"}],"curies":[{"name":"wp","href":"https:\/\/api.w.org\/{rel}","templated":true}]}}

<p>Romanen forteller om da Roald Amundsen kom til Tsjukotka med polarskuta Maud i 1919. Vi følger Maud-ekspedisjonen gjennom en vinter ved Ajon, en hendelse som har satt spor i den lokale fortellertradisjonen. Fofatteren fanger inn det øyeblikket verden utenfra slår inn i det lille urbefolkningssamfunnet. Fra sjøsiden kommer nordmennene i Maud med sin vitenskapstro og eventyrtrang. Fra den andre kanten kommer den russiske revolusjonens representanter som vil skape en ny orden og en lysere fremtid. Hovedpersonen er Kagot, en sjaman og fangstmann, som både forsvarer sin gamle kultur og er åpen for det nye &#8211; særlig tallenes magi. Forfatteren dikter relativt fritt rundt historiske personer, og den ytre rammen stemmer kun delvis med det som ellers er kjent fra ekspedisjonen.</p>

<p>Romanen forteller om da Roald Amundsen kom til Tsjukotka med polarskuta Maud i 1919. Vi følger Maud-ekspedisjonen gjennom en vinter ved Ajon, en hendelse som har satt spor i den lokale fortellertradisjonen. Fofatteren fanger inn det øyeblikket verden utenfra slår inn i det lille urbefolkningssamfunnet. Fra sjøsiden kommer nordmennene i Maud med sin vitenskapstro og [&hellip;]</p>

<!-- This site is optimized with the Yoast SEO plugin v26.6 - https://yoast.com/wordpress/plugins/seo/ -->
<title>Magiske tall - Pax</title>
<meta name="robots" content="noindex, follow, max-snippet:-1, max-image-preview:large, max-video-preview:-1" />
<meta property="og:locale" content="nb_NO" />
<meta property="og:type" content="article" />
<meta property="og:title" content="Magiske tall - Pax" />
<meta property="og:description" content="Romanen forteller om da Roald Amundsen kom til Tsjukotka med polarskuta Maud i 1919. Vi følger Maud-ekspedisjonen gjennom en vinter ved Ajon, en hendelse som har satt spor i den lokale fortellertradisjonen. Fofatteren fanger inn det øyeblikket verden utenfra slår inn i det lille urbefolkningssamfunnet. Fra sjøsiden kommer nordmennene i Maud med sin vitenskapstro og [&hellip;]" />
<meta property="og:url" content="https://staging.forenteforlag.no/pax/produkt/magiske-tall/" />
<meta property="og:site_name" content="Pax" />
<meta property="article:modified_time" content="2026-03-04T19:57:19+00:00" />
<meta property="og:image" content="https://staging.forenteforlag.no/pax/wp-content/uploads/sites/5/2025/08/jpg-9256.jpg" />
	<meta property="og:image:width" content="270" />
	<meta property="og:image:height" content="449" />
	<meta property="og:image:type" content="image/jpeg" />
<meta name="twitter:card" content="summary_large_image" />
<meta name="twitter:label1" content="Ansl. lesetid" />
	<meta name="twitter:data1" content="1 minutt" />
<script type="application/ld+json" class="yoast-schema-graph">{"@context":"https://schema.org","@graph":[{"@type":"WebPage","@id":"https://staging.forenteforlag.no/pax/produkt/magiske-tall/","url":"https://staging.forenteforlag.no/pax/produkt/magiske-tall/","name":"Magiske tall - Pax","isPartOf":{"@id":"https://staging.forenteforlag.no/pax/#website"},"primaryImageOfPage":{"@id":"https://staging.forenteforlag.no/pax/produkt/magiske-tall/#primaryimage"},"image":{"@id":"https://staging.forenteforlag.no/pax/produkt/magiske-tall/#primaryimage"},"thumbnailUrl":"https://staging.forenteforlag.no/pax/wp-content/uploads/sites/5/2025/08/jpg-9256.jpg","datePublished":"2024-12-10T21:56:39+00:00","dateModified":"2026-03-04T19:57:19+00:00","breadcrumb":{"@id":"https://staging.forenteforlag.no/pax/produkt/magiske-tall/#breadcrumb"},"inLanguage":"nb-NO","potentialAction":[{"@type":"ReadAction","target":["https://staging.forenteforlag.no/pax/produkt/magiske-tall/"]}]},{"@type":"ImageObject","inLanguage":"nb-NO","@id":"https://staging.forenteforlag.no/pax/produkt/magiske-tall/#primaryimage","url":"https://staging.forenteforlag.no/pax/wp-content/uploads/sites/5/2025/08/jpg-9256.jpg","contentUrl":"https://staging.forenteforlag.no/pax/wp-content/uploads/sites/5/2025/08/jpg-9256.jpg","width":270,"height":449},{"@type":"BreadcrumbList","@id":"https://staging.forenteforlag.no/pax/produkt/magiske-tall/#breadcrumb","itemListElement":[{"@type":"ListItem","position":1,"name":"Hjem","item":"https://staging.forenteforlag.no/pax/"},{"@type":"ListItem","position":2,"name":"Alle bøker","item":"https://staging.forenteforlag.no/pax/butikk/"},{"@type":"ListItem","position":3,"name":"Magiske tall"}]},{"@type":"WebSite","@id":"https://staging.forenteforlag.no/pax/#website","url":"https://staging.forenteforlag.no/pax/","name":"Pax","description":"","potentialAction":[{"@type":"SearchAction","target":{"@type":"EntryPoint","urlTemplate":"https://staging.forenteforlag.no/pax/?s={search_term_string}"},"query-input":{"@type":"PropertyValueSpecification","valueRequired":true,"valueName":"search_term_string"}}],"inLanguage":"nb-NO"}]}</script>
<!-- / Yoast SEO plugin. -->

Romanen forteller om da Roald Amundsen kom til Tsjukotka med polarskuta Maud i 1919. Vi følger Maud-ekspedisjonen gjennom en vinter ved Ajon, en hendelse som har satt spor i den lokale fortellertradisjonen. Fofatteren fanger inn det øyeblikket verden utenfra slår inn i det lille urbefolkningssamfunnet. Fra sjøsiden kommer nordmennene i Maud med sin vitenskapstro og [&hellip;]

Alle bøker
