{"id":23668,"date":"2024-12-10T22:56:11","date_gmt":"2024-12-10T21:56:11","guid":{"rendered":"https:\/\/pax.forenteforlag.no\/produkt\/pippi-og-sokrates\/"},"modified":"2026-03-04T21:11:55","modified_gmt":"2026-03-04T20:11:55","slug":"pippi-og-sokrates","status":"publish","type":"product","link":"https:\/\/staging.forenteforlag.no\/pax\/produkt\/pippi-og-sokrates\/","title":{"rendered":"Pippi og Sokrates"},"content":{"rendered":"<p>Verdens sterkeste jente m\u00f8ter verdens viseste mann. N\u00e5r Sokrates skrider inn porten til Villa Villekulla, er det duket for et filosofisk drikkegilde. Her stilles sp\u00f8rsm\u00e5l ved spr\u00e5ket og virkeligheten, her rokkes tabuer og utfordres makten. Pippis hele v\u00e6rem\u00e5te er en kritikk av den sunne fornuft og et forsvar for nytten av det unyttige. Boka er en forkortet og vesentlig omskrevet utgave av Pippi og Sokrates : filosofiske vandringer i Astrid Lindgrens verden (2000). Har litteraturliste og register.<\/p>\n","protected":false},"excerpt":{"rendered":"<p>Verdens sterkeste jente m\u00f8ter verdens viseste mann. N\u00e5r Sokrates skrider inn porten til Villa Villekulla, er det duket for et filosofisk drikkegilde. Her stilles sp\u00f8rsm\u00e5l ved spr\u00e5ket og virkeligheten, her rokkes tabuer og utfordres makten. Pippis hele v\u00e6rem\u00e5te er en kritikk av den sunne fornuft og et forsvar for nytten av det unyttige. Boka er [&hellip;]<\/p>\n","protected":false},"featured_media":29241,"template":"","meta":{"_acf_changed":false,"inline_featured_image":false},"product_brand":[],"product_cat":[1782],"product_tag":[1346,362,665],"class_list":{"0":"post-23668","1":"product","2":"type-product","3":"status-publish","4":"has-post-thumbnail","6":"product_cat-fripris","7":"product_tag-antikk-filosofi","8":"product_tag-faglitteratur","9":"product_tag-litteraer-analyse","11":"first","12":"outofstock","13":"taxable","14":"shipping-taxable","15":"purchasable","16":"product-type-simple"},"acf":{"anmeldelse":null},"yoast_head":"<!-- This site is optimized with the Yoast SEO plugin v26.6 - https:\/\/yoast.com\/wordpress\/plugins\/seo\/ -->\n<title>Pippi og Sokrates - Pax<\/title>\n<meta name=\"robots\" content=\"noindex, follow, max-snippet:-1, max-image-preview:large, max-video-preview:-1\" \/>\n<meta property=\"og:locale\" content=\"nb_NO\" \/>\n<meta property=\"og:type\" content=\"article\" \/>\n<meta property=\"og:title\" content=\"Pippi og Sokrates - Pax\" \/>\n<meta property=\"og:description\" content=\"Verdens sterkeste jente m\u00f8ter verdens viseste mann. N\u00e5r Sokrates skrider inn porten til Villa Villekulla, er det duket for et filosofisk drikkegilde. Her stilles sp\u00f8rsm\u00e5l ved spr\u00e5ket og virkeligheten, her rokkes tabuer og utfordres makten. Pippis hele v\u00e6rem\u00e5te er en kritikk av den sunne fornuft og et forsvar for nytten av det unyttige. Boka er [&hellip;]\" \/>\n<meta property=\"og:url\" content=\"https:\/\/staging.forenteforlag.no\/pax\/produkt\/pippi-og-sokrates\/\" \/>\n<meta property=\"og:site_name\" content=\"Pax\" \/>\n<meta property=\"article:modified_time\" content=\"2026-03-04T20:11:55+00:00\" \/>\n<meta property=\"og:image\" content=\"https:\/\/staging.forenteforlag.no\/pax\/wp-content\/uploads\/sites\/5\/2025\/08\/jpg-9334.jpg\" \/>\n\t<meta property=\"og:image:width\" content=\"282\" \/>\n\t<meta property=\"og:image:height\" content=\"450\" \/>\n\t<meta property=\"og:image:type\" content=\"image\/jpeg\" \/>\n<meta name=\"twitter:card\" content=\"summary_large_image\" \/>\n<script type=\"application\/ld+json\" class=\"yoast-schema-graph\">{\"@context\":\"https:\/\/schema.org\",\"@graph\":[{\"@type\":\"WebPage\",\"@id\":\"https:\/\/staging.forenteforlag.no\/pax\/produkt\/pippi-og-sokrates\/\",\"url\":\"https:\/\/staging.forenteforlag.no\/pax\/produkt\/pippi-og-sokrates\/\",\"name\":\"Pippi og Sokrates - Pax\",\"isPartOf\":{\"@id\":\"https:\/\/staging.forenteforlag.no\/pax\/#website\"},\"primaryImageOfPage\":{\"@id\":\"https:\/\/staging.forenteforlag.no\/pax\/produkt\/pippi-og-sokrates\/#primaryimage\"},\"image\":{\"@id\":\"https:\/\/staging.forenteforlag.no\/pax\/produkt\/pippi-og-sokrates\/#primaryimage\"},\"thumbnailUrl\":\"https:\/\/staging.forenteforlag.no\/pax\/wp-content\/uploads\/sites\/5\/2025\/08\/jpg-9334.jpg\",\"datePublished\":\"2024-12-10T21:56:11+00:00\",\"dateModified\":\"2026-03-04T20:11:55+00:00\",\"breadcrumb\":{\"@id\":\"https:\/\/staging.forenteforlag.no\/pax\/produkt\/pippi-og-sokrates\/#breadcrumb\"},\"inLanguage\":\"nb-NO\",\"potentialAction\":[{\"@type\":\"ReadAction\",\"target\":[\"https:\/\/staging.forenteforlag.no\/pax\/produkt\/pippi-og-sokrates\/\"]}]},{\"@type\":\"ImageObject\",\"inLanguage\":\"nb-NO\",\"@id\":\"https:\/\/staging.forenteforlag.no\/pax\/produkt\/pippi-og-sokrates\/#primaryimage\",\"url\":\"https:\/\/staging.forenteforlag.no\/pax\/wp-content\/uploads\/sites\/5\/2025\/08\/jpg-9334.jpg\",\"contentUrl\":\"https:\/\/staging.forenteforlag.no\/pax\/wp-content\/uploads\/sites\/5\/2025\/08\/jpg-9334.jpg\",\"width\":282,\"height\":450},{\"@type\":\"BreadcrumbList\",\"@id\":\"https:\/\/staging.forenteforlag.no\/pax\/produkt\/pippi-og-sokrates\/#breadcrumb\",\"itemListElement\":[{\"@type\":\"ListItem\",\"position\":1,\"name\":\"Hjem\",\"item\":\"https:\/\/staging.forenteforlag.no\/pax\/\"},{\"@type\":\"ListItem\",\"position\":2,\"name\":\"Alle b\u00f8ker\",\"item\":\"https:\/\/staging.forenteforlag.no\/pax\/butikk\/\"},{\"@type\":\"ListItem\",\"position\":3,\"name\":\"Pippi og Sokrates\"}]},{\"@type\":\"WebSite\",\"@id\":\"https:\/\/staging.forenteforlag.no\/pax\/#website\",\"url\":\"https:\/\/staging.forenteforlag.no\/pax\/\",\"name\":\"Pax\",\"description\":\"\",\"potentialAction\":[{\"@type\":\"SearchAction\",\"target\":{\"@type\":\"EntryPoint\",\"urlTemplate\":\"https:\/\/staging.forenteforlag.no\/pax\/?s={search_term_string}\"},\"query-input\":{\"@type\":\"PropertyValueSpecification\",\"valueRequired\":true,\"valueName\":\"search_term_string\"}}],\"inLanguage\":\"nb-NO\"}]}<\/script>\n<!-- \/ Yoast SEO plugin. -->","yoast_head_json":{"title":"Pippi og Sokrates - Pax","robots":{"index":"noindex","follow":"follow","max-snippet":"max-snippet:-1","max-image-preview":"max-image-preview:large","max-video-preview":"max-video-preview:-1"},"og_locale":"nb_NO","og_type":"article","og_title":"Pippi og Sokrates - Pax","og_description":"Verdens sterkeste jente m\u00f8ter verdens viseste mann. N\u00e5r Sokrates skrider inn porten til Villa Villekulla, er det duket for et filosofisk drikkegilde. Her stilles sp\u00f8rsm\u00e5l ved spr\u00e5ket og virkeligheten, her rokkes tabuer og utfordres makten. Pippis hele v\u00e6rem\u00e5te er en kritikk av den sunne fornuft og et forsvar for nytten av det unyttige. Boka er [&hellip;]","og_url":"https:\/\/staging.forenteforlag.no\/pax\/produkt\/pippi-og-sokrates\/","og_site_name":"Pax","article_modified_time":"2026-03-04T20:11:55+00:00","og_image":[{"width":282,"height":450,"url":"https:\/\/staging.forenteforlag.no\/pax\/wp-content\/uploads\/sites\/5\/2025\/08\/jpg-9334.jpg","type":"image\/jpeg"}],"twitter_card":"summary_large_image","schema":{"@context":"https:\/\/schema.org","@graph":[{"@type":"WebPage","@id":"https:\/\/staging.forenteforlag.no\/pax\/produkt\/pippi-og-sokrates\/","url":"https:\/\/staging.forenteforlag.no\/pax\/produkt\/pippi-og-sokrates\/","name":"Pippi og Sokrates - Pax","isPartOf":{"@id":"https:\/\/staging.forenteforlag.no\/pax\/#website"},"primaryImageOfPage":{"@id":"https:\/\/staging.forenteforlag.no\/pax\/produkt\/pippi-og-sokrates\/#primaryimage"},"image":{"@id":"https:\/\/staging.forenteforlag.no\/pax\/produkt\/pippi-og-sokrates\/#primaryimage"},"thumbnailUrl":"https:\/\/staging.forenteforlag.no\/pax\/wp-content\/uploads\/sites\/5\/2025\/08\/jpg-9334.jpg","datePublished":"2024-12-10T21:56:11+00:00","dateModified":"2026-03-04T20:11:55+00:00","breadcrumb":{"@id":"https:\/\/staging.forenteforlag.no\/pax\/produkt\/pippi-og-sokrates\/#breadcrumb"},"inLanguage":"nb-NO","potentialAction":[{"@type":"ReadAction","target":["https:\/\/staging.forenteforlag.no\/pax\/produkt\/pippi-og-sokrates\/"]}]},{"@type":"ImageObject","inLanguage":"nb-NO","@id":"https:\/\/staging.forenteforlag.no\/pax\/produkt\/pippi-og-sokrates\/#primaryimage","url":"https:\/\/staging.forenteforlag.no\/pax\/wp-content\/uploads\/sites\/5\/2025\/08\/jpg-9334.jpg","contentUrl":"https:\/\/staging.forenteforlag.no\/pax\/wp-content\/uploads\/sites\/5\/2025\/08\/jpg-9334.jpg","width":282,"height":450},{"@type":"BreadcrumbList","@id":"https:\/\/staging.forenteforlag.no\/pax\/produkt\/pippi-og-sokrates\/#breadcrumb","itemListElement":[{"@type":"ListItem","position":1,"name":"Hjem","item":"https:\/\/staging.forenteforlag.no\/pax\/"},{"@type":"ListItem","position":2,"name":"Alle b\u00f8ker","item":"https:\/\/staging.forenteforlag.no\/pax\/butikk\/"},{"@type":"ListItem","position":3,"name":"Pippi og Sokrates"}]},{"@type":"WebSite","@id":"https:\/\/staging.forenteforlag.no\/pax\/#website","url":"https:\/\/staging.forenteforlag.no\/pax\/","name":"Pax","description":"","potentialAction":[{"@type":"SearchAction","target":{"@type":"EntryPoint","urlTemplate":"https:\/\/staging.forenteforlag.no\/pax\/?s={search_term_string}"},"query-input":{"@type":"PropertyValueSpecification","valueRequired":true,"valueName":"search_term_string"}}],"inLanguage":"nb-NO"}]}},"_links":{"self":[{"href":"https:\/\/staging.forenteforlag.no\/pax\/wp-json\/wp\/v2\/product\/23668","targetHints":{"allow":["GET"]}}],"collection":[{"href":"https:\/\/staging.forenteforlag.no\/pax\/wp-json\/wp\/v2\/product"}],"about":[{"href":"https:\/\/staging.forenteforlag.no\/pax\/wp-json\/wp\/v2\/types\/product"}],"wp:featuredmedia":[{"embeddable":true,"href":"https:\/\/staging.forenteforlag.no\/pax\/wp-json\/wp\/v2\/media\/29241"}],"wp:attachment":[{"href":"https:\/\/staging.forenteforlag.no\/pax\/wp-json\/wp\/v2\/media?parent=23668"}],"wp:term":[{"taxonomy":"product_brand","embeddable":true,"href":"https:\/\/staging.forenteforlag.no\/pax\/wp-json\/wp\/v2\/product_brand?post=23668"},{"taxonomy":"product_cat","embeddable":true,"href":"https:\/\/staging.forenteforlag.no\/pax\/wp-json\/wp\/v2\/product_cat?post=23668"},{"taxonomy":"product_tag","embeddable":true,"href":"https:\/\/staging.forenteforlag.no\/pax\/wp-json\/wp\/v2\/product_tag?post=23668"}],"curies":[{"name":"wp","href":"https:\/\/api.w.org\/{rel}","templated":true}]}}