{"id":23648,"date":"2024-12-10T22:55:39","date_gmt":"2024-12-10T21:55:39","guid":{"rendered":"https:\/\/pax.forenteforlag.no\/produkt\/den-vanskelige-frihet\/"},"modified":"2026-03-04T20:38:18","modified_gmt":"2026-03-04T19:38:18","slug":"den-vanskelige-frihet","status":"publish","type":"product","link":"https:\/\/staging.forenteforlag.no\/pax\/produkt\/den-vanskelige-frihet\/","title":{"rendered":"Den vanskelige frihet"},"content":{"rendered":"<p>Boken omhandler tiden etter selvstendighetsverket i 1814 var fullf\u00f8rt. Man hadde ikke bare f\u00e5tt en ny nasjonal frihet, men ogs\u00e5 en ny statsform. Nye institusjoner skulle bygges ut, og nye roller fylles. Forholdet mellom individ og samfunn endret seg i retning av det vi kjenner i dag. Sterkt fall i d\u00f8dsraten f\u00f8rte til en sterk befolkningsvekst, som etter et par ti\u00e5r skulle bidra til \u00e5 endre den sosiale struktur. Det ble en trengselstid, men ogs\u00e5 en fremgangstid, \u00f8konomisk, politisk-demokratisk og kulturelt. Perioden som omhandles er perioden da grunnlaget for det moderne Norge ble lagt. Har litteraturveiledning og register.<\/p>\n","protected":false},"excerpt":{"rendered":"<p>Boken omhandler tiden etter selvstendighetsverket i 1814 var fullf\u00f8rt. Man hadde ikke bare f\u00e5tt en ny nasjonal frihet, men ogs\u00e5 en ny statsform. Nye institusjoner skulle bygges ut, og nye roller fylles. Forholdet mellom individ og samfunn endret seg i retning av det vi kjenner i dag. Sterkt fall i d\u00f8dsraten f\u00f8rte til en sterk [&hellip;]<\/p>\n","protected":false},"featured_media":28964,"template":"","meta":{"_acf_changed":false,"inline_featured_image":false},"product_brand":[],"product_cat":[1782],"product_tag":[394,607,362,439],"class_list":{"0":"post-23648","1":"product","2":"type-product","3":"status-publish","4":"has-post-thumbnail","6":"product_cat-fripris","7":"product_tag-1800-tallet","8":"product_tag-bedriftshistorie","9":"product_tag-faglitteratur","10":"product_tag-nord-norge","12":"first","13":"outofstock","14":"taxable","15":"shipping-taxable","16":"purchasable","17":"product-type-simple"},"acf":{"anmeldelse":null},"yoast_head":"<!-- This site is optimized with the Yoast SEO plugin v26.6 - https:\/\/yoast.com\/wordpress\/plugins\/seo\/ -->\n<title>Den vanskelige frihet - Pax<\/title>\n<meta name=\"robots\" content=\"noindex, follow, max-snippet:-1, max-image-preview:large, max-video-preview:-1\" \/>\n<meta property=\"og:locale\" content=\"nb_NO\" \/>\n<meta property=\"og:type\" content=\"article\" \/>\n<meta property=\"og:title\" content=\"Den vanskelige frihet - Pax\" \/>\n<meta property=\"og:description\" content=\"Boken omhandler tiden etter selvstendighetsverket i 1814 var fullf\u00f8rt. Man hadde ikke bare f\u00e5tt en ny nasjonal frihet, men ogs\u00e5 en ny statsform. Nye institusjoner skulle bygges ut, og nye roller fylles. Forholdet mellom individ og samfunn endret seg i retning av det vi kjenner i dag. Sterkt fall i d\u00f8dsraten f\u00f8rte til en sterk [&hellip;]\" \/>\n<meta property=\"og:url\" content=\"https:\/\/staging.forenteforlag.no\/pax\/produkt\/den-vanskelige-frihet\/\" \/>\n<meta property=\"og:site_name\" content=\"Pax\" \/>\n<meta property=\"article:modified_time\" content=\"2026-03-04T19:38:18+00:00\" \/>\n<meta property=\"og:image\" content=\"https:\/\/staging.forenteforlag.no\/pax\/wp-content\/uploads\/sites\/5\/2025\/08\/jpg-8492.jpg\" \/>\n\t<meta property=\"og:image:width\" content=\"324\" \/>\n\t<meta property=\"og:image:height\" content=\"450\" \/>\n\t<meta property=\"og:image:type\" content=\"image\/jpeg\" \/>\n<meta name=\"twitter:card\" content=\"summary_large_image\" \/>\n<meta name=\"twitter:label1\" content=\"Ansl. lesetid\" \/>\n\t<meta name=\"twitter:data1\" content=\"1 minutt\" \/>\n<script type=\"application\/ld+json\" class=\"yoast-schema-graph\">{\"@context\":\"https:\/\/schema.org\",\"@graph\":[{\"@type\":\"WebPage\",\"@id\":\"https:\/\/staging.forenteforlag.no\/pax\/produkt\/den-vanskelige-frihet\/\",\"url\":\"https:\/\/staging.forenteforlag.no\/pax\/produkt\/den-vanskelige-frihet\/\",\"name\":\"Den vanskelige frihet - Pax\",\"isPartOf\":{\"@id\":\"https:\/\/staging.forenteforlag.no\/pax\/#website\"},\"primaryImageOfPage\":{\"@id\":\"https:\/\/staging.forenteforlag.no\/pax\/produkt\/den-vanskelige-frihet\/#primaryimage\"},\"image\":{\"@id\":\"https:\/\/staging.forenteforlag.no\/pax\/produkt\/den-vanskelige-frihet\/#primaryimage\"},\"thumbnailUrl\":\"https:\/\/staging.forenteforlag.no\/pax\/wp-content\/uploads\/sites\/5\/2025\/08\/jpg-8492.jpg\",\"datePublished\":\"2024-12-10T21:55:39+00:00\",\"dateModified\":\"2026-03-04T19:38:18+00:00\",\"breadcrumb\":{\"@id\":\"https:\/\/staging.forenteforlag.no\/pax\/produkt\/den-vanskelige-frihet\/#breadcrumb\"},\"inLanguage\":\"nb-NO\",\"potentialAction\":[{\"@type\":\"ReadAction\",\"target\":[\"https:\/\/staging.forenteforlag.no\/pax\/produkt\/den-vanskelige-frihet\/\"]}]},{\"@type\":\"ImageObject\",\"inLanguage\":\"nb-NO\",\"@id\":\"https:\/\/staging.forenteforlag.no\/pax\/produkt\/den-vanskelige-frihet\/#primaryimage\",\"url\":\"https:\/\/staging.forenteforlag.no\/pax\/wp-content\/uploads\/sites\/5\/2025\/08\/jpg-8492.jpg\",\"contentUrl\":\"https:\/\/staging.forenteforlag.no\/pax\/wp-content\/uploads\/sites\/5\/2025\/08\/jpg-8492.jpg\",\"width\":324,\"height\":450},{\"@type\":\"BreadcrumbList\",\"@id\":\"https:\/\/staging.forenteforlag.no\/pax\/produkt\/den-vanskelige-frihet\/#breadcrumb\",\"itemListElement\":[{\"@type\":\"ListItem\",\"position\":1,\"name\":\"Hjem\",\"item\":\"https:\/\/staging.forenteforlag.no\/pax\/\"},{\"@type\":\"ListItem\",\"position\":2,\"name\":\"Alle b\u00f8ker\",\"item\":\"https:\/\/staging.forenteforlag.no\/pax\/butikk\/\"},{\"@type\":\"ListItem\",\"position\":3,\"name\":\"Den vanskelige frihet\"}]},{\"@type\":\"WebSite\",\"@id\":\"https:\/\/staging.forenteforlag.no\/pax\/#website\",\"url\":\"https:\/\/staging.forenteforlag.no\/pax\/\",\"name\":\"Pax\",\"description\":\"\",\"potentialAction\":[{\"@type\":\"SearchAction\",\"target\":{\"@type\":\"EntryPoint\",\"urlTemplate\":\"https:\/\/staging.forenteforlag.no\/pax\/?s={search_term_string}\"},\"query-input\":{\"@type\":\"PropertyValueSpecification\",\"valueRequired\":true,\"valueName\":\"search_term_string\"}}],\"inLanguage\":\"nb-NO\"}]}<\/script>\n<!-- \/ Yoast SEO plugin. -->","yoast_head_json":{"title":"Den vanskelige frihet - Pax","robots":{"index":"noindex","follow":"follow","max-snippet":"max-snippet:-1","max-image-preview":"max-image-preview:large","max-video-preview":"max-video-preview:-1"},"og_locale":"nb_NO","og_type":"article","og_title":"Den vanskelige frihet - Pax","og_description":"Boken omhandler tiden etter selvstendighetsverket i 1814 var fullf\u00f8rt. Man hadde ikke bare f\u00e5tt en ny nasjonal frihet, men ogs\u00e5 en ny statsform. Nye institusjoner skulle bygges ut, og nye roller fylles. Forholdet mellom individ og samfunn endret seg i retning av det vi kjenner i dag. Sterkt fall i d\u00f8dsraten f\u00f8rte til en sterk [&hellip;]","og_url":"https:\/\/staging.forenteforlag.no\/pax\/produkt\/den-vanskelige-frihet\/","og_site_name":"Pax","article_modified_time":"2026-03-04T19:38:18+00:00","og_image":[{"width":324,"height":450,"url":"https:\/\/staging.forenteforlag.no\/pax\/wp-content\/uploads\/sites\/5\/2025\/08\/jpg-8492.jpg","type":"image\/jpeg"}],"twitter_card":"summary_large_image","twitter_misc":{"Ansl. lesetid":"1 minutt"},"schema":{"@context":"https:\/\/schema.org","@graph":[{"@type":"WebPage","@id":"https:\/\/staging.forenteforlag.no\/pax\/produkt\/den-vanskelige-frihet\/","url":"https:\/\/staging.forenteforlag.no\/pax\/produkt\/den-vanskelige-frihet\/","name":"Den vanskelige frihet - Pax","isPartOf":{"@id":"https:\/\/staging.forenteforlag.no\/pax\/#website"},"primaryImageOfPage":{"@id":"https:\/\/staging.forenteforlag.no\/pax\/produkt\/den-vanskelige-frihet\/#primaryimage"},"image":{"@id":"https:\/\/staging.forenteforlag.no\/pax\/produkt\/den-vanskelige-frihet\/#primaryimage"},"thumbnailUrl":"https:\/\/staging.forenteforlag.no\/pax\/wp-content\/uploads\/sites\/5\/2025\/08\/jpg-8492.jpg","datePublished":"2024-12-10T21:55:39+00:00","dateModified":"2026-03-04T19:38:18+00:00","breadcrumb":{"@id":"https:\/\/staging.forenteforlag.no\/pax\/produkt\/den-vanskelige-frihet\/#breadcrumb"},"inLanguage":"nb-NO","potentialAction":[{"@type":"ReadAction","target":["https:\/\/staging.forenteforlag.no\/pax\/produkt\/den-vanskelige-frihet\/"]}]},{"@type":"ImageObject","inLanguage":"nb-NO","@id":"https:\/\/staging.forenteforlag.no\/pax\/produkt\/den-vanskelige-frihet\/#primaryimage","url":"https:\/\/staging.forenteforlag.no\/pax\/wp-content\/uploads\/sites\/5\/2025\/08\/jpg-8492.jpg","contentUrl":"https:\/\/staging.forenteforlag.no\/pax\/wp-content\/uploads\/sites\/5\/2025\/08\/jpg-8492.jpg","width":324,"height":450},{"@type":"BreadcrumbList","@id":"https:\/\/staging.forenteforlag.no\/pax\/produkt\/den-vanskelige-frihet\/#breadcrumb","itemListElement":[{"@type":"ListItem","position":1,"name":"Hjem","item":"https:\/\/staging.forenteforlag.no\/pax\/"},{"@type":"ListItem","position":2,"name":"Alle b\u00f8ker","item":"https:\/\/staging.forenteforlag.no\/pax\/butikk\/"},{"@type":"ListItem","position":3,"name":"Den vanskelige frihet"}]},{"@type":"WebSite","@id":"https:\/\/staging.forenteforlag.no\/pax\/#website","url":"https:\/\/staging.forenteforlag.no\/pax\/","name":"Pax","description":"","potentialAction":[{"@type":"SearchAction","target":{"@type":"EntryPoint","urlTemplate":"https:\/\/staging.forenteforlag.no\/pax\/?s={search_term_string}"},"query-input":{"@type":"PropertyValueSpecification","valueRequired":true,"valueName":"search_term_string"}}],"inLanguage":"nb-NO"}]}},"_links":{"self":[{"href":"https:\/\/staging.forenteforlag.no\/pax\/wp-json\/wp\/v2\/product\/23648","targetHints":{"allow":["GET"]}}],"collection":[{"href":"https:\/\/staging.forenteforlag.no\/pax\/wp-json\/wp\/v2\/product"}],"about":[{"href":"https:\/\/staging.forenteforlag.no\/pax\/wp-json\/wp\/v2\/types\/product"}],"wp:featuredmedia":[{"embeddable":true,"href":"https:\/\/staging.forenteforlag.no\/pax\/wp-json\/wp\/v2\/media\/28964"}],"wp:attachment":[{"href":"https:\/\/staging.forenteforlag.no\/pax\/wp-json\/wp\/v2\/media?parent=23648"}],"wp:term":[{"taxonomy":"product_brand","embeddable":true,"href":"https:\/\/staging.forenteforlag.no\/pax\/wp-json\/wp\/v2\/product_brand?post=23648"},{"taxonomy":"product_cat","embeddable":true,"href":"https:\/\/staging.forenteforlag.no\/pax\/wp-json\/wp\/v2\/product_cat?post=23648"},{"taxonomy":"product_tag","embeddable":true,"href":"https:\/\/staging.forenteforlag.no\/pax\/wp-json\/wp\/v2\/product_tag?post=23648"}],"curies":[{"name":"wp","href":"https:\/\/api.w.org\/{rel}","templated":true}]}}

<p>Boken omhandler tiden etter selvstendighetsverket i 1814 var fullført. Man hadde ikke bare fått en ny nasjonal frihet, men også en ny statsform. Nye institusjoner skulle bygges ut, og nye roller fylles. Forholdet mellom individ og samfunn endret seg i retning av det vi kjenner i dag. Sterkt fall i dødsraten førte til en sterk befolkningsvekst, som etter et par tiår skulle bidra til å endre den sosiale struktur. Det ble en trengselstid, men også en fremgangstid, økonomisk, politisk-demokratisk og kulturelt. Perioden som omhandles er perioden da grunnlaget for det moderne Norge ble lagt. Har litteraturveiledning og register.</p>

<p>Boken omhandler tiden etter selvstendighetsverket i 1814 var fullført. Man hadde ikke bare fått en ny nasjonal frihet, men også en ny statsform. Nye institusjoner skulle bygges ut, og nye roller fylles. Forholdet mellom individ og samfunn endret seg i retning av det vi kjenner i dag. Sterkt fall i dødsraten førte til en sterk [&hellip;]</p>

<!-- This site is optimized with the Yoast SEO plugin v26.6 - https://yoast.com/wordpress/plugins/seo/ -->
<title>Den vanskelige frihet - Pax</title>
<meta name="robots" content="noindex, follow, max-snippet:-1, max-image-preview:large, max-video-preview:-1" />
<meta property="og:locale" content="nb_NO" />
<meta property="og:type" content="article" />
<meta property="og:title" content="Den vanskelige frihet - Pax" />
<meta property="og:description" content="Boken omhandler tiden etter selvstendighetsverket i 1814 var fullført. Man hadde ikke bare fått en ny nasjonal frihet, men også en ny statsform. Nye institusjoner skulle bygges ut, og nye roller fylles. Forholdet mellom individ og samfunn endret seg i retning av det vi kjenner i dag. Sterkt fall i dødsraten førte til en sterk [&hellip;]" />
<meta property="og:url" content="https://staging.forenteforlag.no/pax/produkt/den-vanskelige-frihet/" />
<meta property="og:site_name" content="Pax" />
<meta property="article:modified_time" content="2026-03-04T19:38:18+00:00" />
<meta property="og:image" content="https://staging.forenteforlag.no/pax/wp-content/uploads/sites/5/2025/08/jpg-8492.jpg" />
	<meta property="og:image:width" content="324" />
	<meta property="og:image:height" content="450" />
	<meta property="og:image:type" content="image/jpeg" />
<meta name="twitter:card" content="summary_large_image" />
<meta name="twitter:label1" content="Ansl. lesetid" />
	<meta name="twitter:data1" content="1 minutt" />
<script type="application/ld+json" class="yoast-schema-graph">{"@context":"https://schema.org","@graph":[{"@type":"WebPage","@id":"https://staging.forenteforlag.no/pax/produkt/den-vanskelige-frihet/","url":"https://staging.forenteforlag.no/pax/produkt/den-vanskelige-frihet/","name":"Den vanskelige frihet - Pax","isPartOf":{"@id":"https://staging.forenteforlag.no/pax/#website"},"primaryImageOfPage":{"@id":"https://staging.forenteforlag.no/pax/produkt/den-vanskelige-frihet/#primaryimage"},"image":{"@id":"https://staging.forenteforlag.no/pax/produkt/den-vanskelige-frihet/#primaryimage"},"thumbnailUrl":"https://staging.forenteforlag.no/pax/wp-content/uploads/sites/5/2025/08/jpg-8492.jpg","datePublished":"2024-12-10T21:55:39+00:00","dateModified":"2026-03-04T19:38:18+00:00","breadcrumb":{"@id":"https://staging.forenteforlag.no/pax/produkt/den-vanskelige-frihet/#breadcrumb"},"inLanguage":"nb-NO","potentialAction":[{"@type":"ReadAction","target":["https://staging.forenteforlag.no/pax/produkt/den-vanskelige-frihet/"]}]},{"@type":"ImageObject","inLanguage":"nb-NO","@id":"https://staging.forenteforlag.no/pax/produkt/den-vanskelige-frihet/#primaryimage","url":"https://staging.forenteforlag.no/pax/wp-content/uploads/sites/5/2025/08/jpg-8492.jpg","contentUrl":"https://staging.forenteforlag.no/pax/wp-content/uploads/sites/5/2025/08/jpg-8492.jpg","width":324,"height":450},{"@type":"BreadcrumbList","@id":"https://staging.forenteforlag.no/pax/produkt/den-vanskelige-frihet/#breadcrumb","itemListElement":[{"@type":"ListItem","position":1,"name":"Hjem","item":"https://staging.forenteforlag.no/pax/"},{"@type":"ListItem","position":2,"name":"Alle bøker","item":"https://staging.forenteforlag.no/pax/butikk/"},{"@type":"ListItem","position":3,"name":"Den vanskelige frihet"}]},{"@type":"WebSite","@id":"https://staging.forenteforlag.no/pax/#website","url":"https://staging.forenteforlag.no/pax/","name":"Pax","description":"","potentialAction":[{"@type":"SearchAction","target":{"@type":"EntryPoint","urlTemplate":"https://staging.forenteforlag.no/pax/?s={search_term_string}"},"query-input":{"@type":"PropertyValueSpecification","valueRequired":true,"valueName":"search_term_string"}}],"inLanguage":"nb-NO"}]}</script>
<!-- / Yoast SEO plugin. -->

Boken omhandler tiden etter selvstendighetsverket i 1814 var fullført. Man hadde ikke bare fått en ny nasjonal frihet, men også en ny statsform. Nye institusjoner skulle bygges ut, og nye roller fylles. Forholdet mellom individ og samfunn endret seg i retning av det vi kjenner i dag. Sterkt fall i dødsraten førte til en sterk [&hellip;]

Alle bøker
