{"id":23550,"date":"2024-12-10T22:51:38","date_gmt":"2024-12-10T21:51:38","guid":{"rendered":"https:\/\/pax.forenteforlag.no\/produkt\/sosialdemokratiets-tidsalder\/"},"modified":"2026-03-04T21:33:01","modified_gmt":"2026-03-04T20:33:01","slug":"sosialdemokratiets-tidsalder","status":"publish","type":"product","link":"https:\/\/staging.forenteforlag.no\/pax\/produkt\/sosialdemokratiets-tidsalder\/","title":{"rendered":"Sosialdemokratiets tidsalder"},"content":{"rendered":"<p>Det andre bindet i jubileumshistorien handler om utviklingen av to selvstendige nasjoner. Den 7. juni 1905 ble unionen mellom Sverige og Norge oppl\u00f8st. For nordmennene handlet det om frigj\u00f8ring og selvstendiggj\u00f8ring, mens svenskene mistet innflytelse og makt over Norge. Francis Sejersted analyserer de siste hundre \u00e5rs historie i de to landene p\u00e5 en rekke samfunnsfelter: demokratisk og politisk utvikling, nasjonal\u00f8konomiske s\u00e6rtrekk, skole, industri, velferdsordninger mv. Hvorfor ble Sverige en ledende industrinasjon med store konsern som Volvo, ASEA mv. Hvordan utviklet den skandinaviske spesialiteten &#8211; velferdsstaten &#8211; seg i de to landene? Hva kjennetegner den sosialdemokratiske perioden i de to landene? Har Norge diltet etter Sverige i utviklingen p\u00e5 alle omr\u00e5der- eller er det bare p\u00e5 utdanningsfeltet? Hva gjorde de to landenes ulike krigserfaringer med samarbeidet? Hundre \u00e5rs svensk og norsk utvikling sett i sammenlignende perspektiv gir ny innsikt om utviklingen innen de to landene.<\/p>\n","protected":false},"excerpt":{"rendered":"<p>Det andre bindet i jubileumshistorien handler om utviklingen av to selvstendige nasjoner. Den 7. juni 1905 ble unionen mellom Sverige og Norge oppl\u00f8st. For nordmennene handlet det om frigj\u00f8ring og selvstendiggj\u00f8ring, mens svenskene mistet innflytelse og makt over Norge. Francis Sejersted analyserer de siste hundre \u00e5rs historie i de to landene p\u00e5 en rekke samfunnsfelter: [&hellip;]<\/p>\n","protected":false},"featured_media":28076,"template":"","meta":{"_acf_changed":false,"inline_featured_image":false},"product_brand":[],"product_cat":[1782],"product_tag":[441,607,362,1724,439,547],"class_list":{"0":"post-23550","1":"product","2":"type-product","3":"status-publish","4":"has-post-thumbnail","6":"product_cat-fripris","7":"product_tag-1900-tallet","8":"product_tag-bedriftshistorie","9":"product_tag-faglitteratur","10":"product_tag-identitetspolitikk","11":"product_tag-nord-norge","12":"product_tag-sverige","14":"first","15":"outofstock","16":"taxable","17":"shipping-taxable","18":"purchasable","19":"product-type-simple"},"acf":{"anmeldelse":null},"yoast_head":"<!-- This site is optimized with the Yoast SEO plugin v26.6 - https:\/\/yoast.com\/wordpress\/plugins\/seo\/ -->\n<title>Sosialdemokratiets tidsalder - Pax<\/title>\n<meta name=\"robots\" content=\"noindex, follow, max-snippet:-1, max-image-preview:large, max-video-preview:-1\" \/>\n<meta property=\"og:locale\" content=\"nb_NO\" \/>\n<meta property=\"og:type\" content=\"article\" \/>\n<meta property=\"og:title\" content=\"Sosialdemokratiets tidsalder - Pax\" \/>\n<meta property=\"og:description\" content=\"Det andre bindet i jubileumshistorien handler om utviklingen av to selvstendige nasjoner. Den 7. juni 1905 ble unionen mellom Sverige og Norge oppl\u00f8st. For nordmennene handlet det om frigj\u00f8ring og selvstendiggj\u00f8ring, mens svenskene mistet innflytelse og makt over Norge. Francis Sejersted analyserer de siste hundre \u00e5rs historie i de to landene p\u00e5 en rekke samfunnsfelter: [&hellip;]\" \/>\n<meta property=\"og:url\" content=\"https:\/\/staging.forenteforlag.no\/pax\/produkt\/sosialdemokratiets-tidsalder\/\" \/>\n<meta property=\"og:site_name\" content=\"Pax\" \/>\n<meta property=\"article:modified_time\" content=\"2026-03-04T20:33:01+00:00\" \/>\n<meta property=\"og:image\" content=\"https:\/\/staging.forenteforlag.no\/pax\/wp-content\/uploads\/sites\/5\/2025\/08\/jpg-5934.jpg\" \/>\n\t<meta property=\"og:image:width\" content=\"320\" \/>\n\t<meta property=\"og:image:height\" content=\"450\" \/>\n\t<meta property=\"og:image:type\" content=\"image\/jpeg\" \/>\n<meta name=\"twitter:card\" content=\"summary_large_image\" \/>\n<meta name=\"twitter:label1\" content=\"Ansl. lesetid\" \/>\n\t<meta name=\"twitter:data1\" content=\"1 minutt\" \/>\n<script type=\"application\/ld+json\" class=\"yoast-schema-graph\">{\"@context\":\"https:\/\/schema.org\",\"@graph\":[{\"@type\":\"WebPage\",\"@id\":\"https:\/\/staging.forenteforlag.no\/pax\/produkt\/sosialdemokratiets-tidsalder\/\",\"url\":\"https:\/\/staging.forenteforlag.no\/pax\/produkt\/sosialdemokratiets-tidsalder\/\",\"name\":\"Sosialdemokratiets tidsalder - Pax\",\"isPartOf\":{\"@id\":\"https:\/\/staging.forenteforlag.no\/pax\/#website\"},\"primaryImageOfPage\":{\"@id\":\"https:\/\/staging.forenteforlag.no\/pax\/produkt\/sosialdemokratiets-tidsalder\/#primaryimage\"},\"image\":{\"@id\":\"https:\/\/staging.forenteforlag.no\/pax\/produkt\/sosialdemokratiets-tidsalder\/#primaryimage\"},\"thumbnailUrl\":\"https:\/\/staging.forenteforlag.no\/pax\/wp-content\/uploads\/sites\/5\/2025\/08\/jpg-5934.jpg\",\"datePublished\":\"2024-12-10T21:51:38+00:00\",\"dateModified\":\"2026-03-04T20:33:01+00:00\",\"breadcrumb\":{\"@id\":\"https:\/\/staging.forenteforlag.no\/pax\/produkt\/sosialdemokratiets-tidsalder\/#breadcrumb\"},\"inLanguage\":\"nb-NO\",\"potentialAction\":[{\"@type\":\"ReadAction\",\"target\":[\"https:\/\/staging.forenteforlag.no\/pax\/produkt\/sosialdemokratiets-tidsalder\/\"]}]},{\"@type\":\"ImageObject\",\"inLanguage\":\"nb-NO\",\"@id\":\"https:\/\/staging.forenteforlag.no\/pax\/produkt\/sosialdemokratiets-tidsalder\/#primaryimage\",\"url\":\"https:\/\/staging.forenteforlag.no\/pax\/wp-content\/uploads\/sites\/5\/2025\/08\/jpg-5934.jpg\",\"contentUrl\":\"https:\/\/staging.forenteforlag.no\/pax\/wp-content\/uploads\/sites\/5\/2025\/08\/jpg-5934.jpg\",\"width\":320,\"height\":450},{\"@type\":\"BreadcrumbList\",\"@id\":\"https:\/\/staging.forenteforlag.no\/pax\/produkt\/sosialdemokratiets-tidsalder\/#breadcrumb\",\"itemListElement\":[{\"@type\":\"ListItem\",\"position\":1,\"name\":\"Hjem\",\"item\":\"https:\/\/staging.forenteforlag.no\/pax\/\"},{\"@type\":\"ListItem\",\"position\":2,\"name\":\"Alle b\u00f8ker\",\"item\":\"https:\/\/staging.forenteforlag.no\/pax\/butikk\/\"},{\"@type\":\"ListItem\",\"position\":3,\"name\":\"Sosialdemokratiets tidsalder\"}]},{\"@type\":\"WebSite\",\"@id\":\"https:\/\/staging.forenteforlag.no\/pax\/#website\",\"url\":\"https:\/\/staging.forenteforlag.no\/pax\/\",\"name\":\"Pax\",\"description\":\"\",\"potentialAction\":[{\"@type\":\"SearchAction\",\"target\":{\"@type\":\"EntryPoint\",\"urlTemplate\":\"https:\/\/staging.forenteforlag.no\/pax\/?s={search_term_string}\"},\"query-input\":{\"@type\":\"PropertyValueSpecification\",\"valueRequired\":true,\"valueName\":\"search_term_string\"}}],\"inLanguage\":\"nb-NO\"}]}<\/script>\n<!-- \/ Yoast SEO plugin. -->","yoast_head_json":{"title":"Sosialdemokratiets tidsalder - Pax","robots":{"index":"noindex","follow":"follow","max-snippet":"max-snippet:-1","max-image-preview":"max-image-preview:large","max-video-preview":"max-video-preview:-1"},"og_locale":"nb_NO","og_type":"article","og_title":"Sosialdemokratiets tidsalder - Pax","og_description":"Det andre bindet i jubileumshistorien handler om utviklingen av to selvstendige nasjoner. Den 7. juni 1905 ble unionen mellom Sverige og Norge oppl\u00f8st. For nordmennene handlet det om frigj\u00f8ring og selvstendiggj\u00f8ring, mens svenskene mistet innflytelse og makt over Norge. Francis Sejersted analyserer de siste hundre \u00e5rs historie i de to landene p\u00e5 en rekke samfunnsfelter: [&hellip;]","og_url":"https:\/\/staging.forenteforlag.no\/pax\/produkt\/sosialdemokratiets-tidsalder\/","og_site_name":"Pax","article_modified_time":"2026-03-04T20:33:01+00:00","og_image":[{"width":320,"height":450,"url":"https:\/\/staging.forenteforlag.no\/pax\/wp-content\/uploads\/sites\/5\/2025\/08\/jpg-5934.jpg","type":"image\/jpeg"}],"twitter_card":"summary_large_image","twitter_misc":{"Ansl. lesetid":"1 minutt"},"schema":{"@context":"https:\/\/schema.org","@graph":[{"@type":"WebPage","@id":"https:\/\/staging.forenteforlag.no\/pax\/produkt\/sosialdemokratiets-tidsalder\/","url":"https:\/\/staging.forenteforlag.no\/pax\/produkt\/sosialdemokratiets-tidsalder\/","name":"Sosialdemokratiets tidsalder - Pax","isPartOf":{"@id":"https:\/\/staging.forenteforlag.no\/pax\/#website"},"primaryImageOfPage":{"@id":"https:\/\/staging.forenteforlag.no\/pax\/produkt\/sosialdemokratiets-tidsalder\/#primaryimage"},"image":{"@id":"https:\/\/staging.forenteforlag.no\/pax\/produkt\/sosialdemokratiets-tidsalder\/#primaryimage"},"thumbnailUrl":"https:\/\/staging.forenteforlag.no\/pax\/wp-content\/uploads\/sites\/5\/2025\/08\/jpg-5934.jpg","datePublished":"2024-12-10T21:51:38+00:00","dateModified":"2026-03-04T20:33:01+00:00","breadcrumb":{"@id":"https:\/\/staging.forenteforlag.no\/pax\/produkt\/sosialdemokratiets-tidsalder\/#breadcrumb"},"inLanguage":"nb-NO","potentialAction":[{"@type":"ReadAction","target":["https:\/\/staging.forenteforlag.no\/pax\/produkt\/sosialdemokratiets-tidsalder\/"]}]},{"@type":"ImageObject","inLanguage":"nb-NO","@id":"https:\/\/staging.forenteforlag.no\/pax\/produkt\/sosialdemokratiets-tidsalder\/#primaryimage","url":"https:\/\/staging.forenteforlag.no\/pax\/wp-content\/uploads\/sites\/5\/2025\/08\/jpg-5934.jpg","contentUrl":"https:\/\/staging.forenteforlag.no\/pax\/wp-content\/uploads\/sites\/5\/2025\/08\/jpg-5934.jpg","width":320,"height":450},{"@type":"BreadcrumbList","@id":"https:\/\/staging.forenteforlag.no\/pax\/produkt\/sosialdemokratiets-tidsalder\/#breadcrumb","itemListElement":[{"@type":"ListItem","position":1,"name":"Hjem","item":"https:\/\/staging.forenteforlag.no\/pax\/"},{"@type":"ListItem","position":2,"name":"Alle b\u00f8ker","item":"https:\/\/staging.forenteforlag.no\/pax\/butikk\/"},{"@type":"ListItem","position":3,"name":"Sosialdemokratiets tidsalder"}]},{"@type":"WebSite","@id":"https:\/\/staging.forenteforlag.no\/pax\/#website","url":"https:\/\/staging.forenteforlag.no\/pax\/","name":"Pax","description":"","potentialAction":[{"@type":"SearchAction","target":{"@type":"EntryPoint","urlTemplate":"https:\/\/staging.forenteforlag.no\/pax\/?s={search_term_string}"},"query-input":{"@type":"PropertyValueSpecification","valueRequired":true,"valueName":"search_term_string"}}],"inLanguage":"nb-NO"}]}},"_links":{"self":[{"href":"https:\/\/staging.forenteforlag.no\/pax\/wp-json\/wp\/v2\/product\/23550","targetHints":{"allow":["GET"]}}],"collection":[{"href":"https:\/\/staging.forenteforlag.no\/pax\/wp-json\/wp\/v2\/product"}],"about":[{"href":"https:\/\/staging.forenteforlag.no\/pax\/wp-json\/wp\/v2\/types\/product"}],"wp:featuredmedia":[{"embeddable":true,"href":"https:\/\/staging.forenteforlag.no\/pax\/wp-json\/wp\/v2\/media\/28076"}],"wp:attachment":[{"href":"https:\/\/staging.forenteforlag.no\/pax\/wp-json\/wp\/v2\/media?parent=23550"}],"wp:term":[{"taxonomy":"product_brand","embeddable":true,"href":"https:\/\/staging.forenteforlag.no\/pax\/wp-json\/wp\/v2\/product_brand?post=23550"},{"taxonomy":"product_cat","embeddable":true,"href":"https:\/\/staging.forenteforlag.no\/pax\/wp-json\/wp\/v2\/product_cat?post=23550"},{"taxonomy":"product_tag","embeddable":true,"href":"https:\/\/staging.forenteforlag.no\/pax\/wp-json\/wp\/v2\/product_tag?post=23550"}],"curies":[{"name":"wp","href":"https:\/\/api.w.org\/{rel}","templated":true}]}}

<p>Det andre bindet i jubileumshistorien handler om utviklingen av to selvstendige nasjoner. Den 7. juni 1905 ble unionen mellom Sverige og Norge oppløst. For nordmennene handlet det om frigjøring og selvstendiggjøring, mens svenskene mistet innflytelse og makt over Norge. Francis Sejersted analyserer de siste hundre års historie i de to landene på en rekke samfunnsfelter: demokratisk og politisk utvikling, nasjonaløkonomiske særtrekk, skole, industri, velferdsordninger mv. Hvorfor ble Sverige en ledende industrinasjon med store konsern som Volvo, ASEA mv. Hvordan utviklet den skandinaviske spesialiteten &#8211; velferdsstaten &#8211; seg i de to landene? Hva kjennetegner den sosialdemokratiske perioden i de to landene? Har Norge diltet etter Sverige i utviklingen på alle områder- eller er det bare på utdanningsfeltet? Hva gjorde de to landenes ulike krigserfaringer med samarbeidet? Hundre års svensk og norsk utvikling sett i sammenlignende perspektiv gir ny innsikt om utviklingen innen de to landene.</p>

<p>Det andre bindet i jubileumshistorien handler om utviklingen av to selvstendige nasjoner. Den 7. juni 1905 ble unionen mellom Sverige og Norge oppløst. For nordmennene handlet det om frigjøring og selvstendiggjøring, mens svenskene mistet innflytelse og makt over Norge. Francis Sejersted analyserer de siste hundre års historie i de to landene på en rekke samfunnsfelter: [&hellip;]</p>

<!-- This site is optimized with the Yoast SEO plugin v26.6 - https://yoast.com/wordpress/plugins/seo/ -->
<title>Sosialdemokratiets tidsalder - Pax</title>
<meta name="robots" content="noindex, follow, max-snippet:-1, max-image-preview:large, max-video-preview:-1" />
<meta property="og:locale" content="nb_NO" />
<meta property="og:type" content="article" />
<meta property="og:title" content="Sosialdemokratiets tidsalder - Pax" />
<meta property="og:description" content="Det andre bindet i jubileumshistorien handler om utviklingen av to selvstendige nasjoner. Den 7. juni 1905 ble unionen mellom Sverige og Norge oppløst. For nordmennene handlet det om frigjøring og selvstendiggjøring, mens svenskene mistet innflytelse og makt over Norge. Francis Sejersted analyserer de siste hundre års historie i de to landene på en rekke samfunnsfelter: [&hellip;]" />
<meta property="og:url" content="https://staging.forenteforlag.no/pax/produkt/sosialdemokratiets-tidsalder/" />
<meta property="og:site_name" content="Pax" />
<meta property="article:modified_time" content="2026-03-04T20:33:01+00:00" />
<meta property="og:image" content="https://staging.forenteforlag.no/pax/wp-content/uploads/sites/5/2025/08/jpg-5934.jpg" />
	<meta property="og:image:width" content="320" />
	<meta property="og:image:height" content="450" />
	<meta property="og:image:type" content="image/jpeg" />
<meta name="twitter:card" content="summary_large_image" />
<meta name="twitter:label1" content="Ansl. lesetid" />
	<meta name="twitter:data1" content="1 minutt" />
<script type="application/ld+json" class="yoast-schema-graph">{"@context":"https://schema.org","@graph":[{"@type":"WebPage","@id":"https://staging.forenteforlag.no/pax/produkt/sosialdemokratiets-tidsalder/","url":"https://staging.forenteforlag.no/pax/produkt/sosialdemokratiets-tidsalder/","name":"Sosialdemokratiets tidsalder - Pax","isPartOf":{"@id":"https://staging.forenteforlag.no/pax/#website"},"primaryImageOfPage":{"@id":"https://staging.forenteforlag.no/pax/produkt/sosialdemokratiets-tidsalder/#primaryimage"},"image":{"@id":"https://staging.forenteforlag.no/pax/produkt/sosialdemokratiets-tidsalder/#primaryimage"},"thumbnailUrl":"https://staging.forenteforlag.no/pax/wp-content/uploads/sites/5/2025/08/jpg-5934.jpg","datePublished":"2024-12-10T21:51:38+00:00","dateModified":"2026-03-04T20:33:01+00:00","breadcrumb":{"@id":"https://staging.forenteforlag.no/pax/produkt/sosialdemokratiets-tidsalder/#breadcrumb"},"inLanguage":"nb-NO","potentialAction":[{"@type":"ReadAction","target":["https://staging.forenteforlag.no/pax/produkt/sosialdemokratiets-tidsalder/"]}]},{"@type":"ImageObject","inLanguage":"nb-NO","@id":"https://staging.forenteforlag.no/pax/produkt/sosialdemokratiets-tidsalder/#primaryimage","url":"https://staging.forenteforlag.no/pax/wp-content/uploads/sites/5/2025/08/jpg-5934.jpg","contentUrl":"https://staging.forenteforlag.no/pax/wp-content/uploads/sites/5/2025/08/jpg-5934.jpg","width":320,"height":450},{"@type":"BreadcrumbList","@id":"https://staging.forenteforlag.no/pax/produkt/sosialdemokratiets-tidsalder/#breadcrumb","itemListElement":[{"@type":"ListItem","position":1,"name":"Hjem","item":"https://staging.forenteforlag.no/pax/"},{"@type":"ListItem","position":2,"name":"Alle bøker","item":"https://staging.forenteforlag.no/pax/butikk/"},{"@type":"ListItem","position":3,"name":"Sosialdemokratiets tidsalder"}]},{"@type":"WebSite","@id":"https://staging.forenteforlag.no/pax/#website","url":"https://staging.forenteforlag.no/pax/","name":"Pax","description":"","potentialAction":[{"@type":"SearchAction","target":{"@type":"EntryPoint","urlTemplate":"https://staging.forenteforlag.no/pax/?s={search_term_string}"},"query-input":{"@type":"PropertyValueSpecification","valueRequired":true,"valueName":"search_term_string"}}],"inLanguage":"nb-NO"}]}</script>
<!-- / Yoast SEO plugin. -->

Det andre bindet i jubileumshistorien handler om utviklingen av to selvstendige nasjoner. Den 7. juni 1905 ble unionen mellom Sverige og Norge oppløst. For nordmennene handlet det om frigjøring og selvstendiggjøring, mens svenskene mistet innflytelse og makt over Norge. Francis Sejersted analyserer de siste hundre års historie i de to landene på en rekke samfunnsfelter: [&hellip;]

Alle bøker
