{"id":23546,"date":"2024-12-10T22:51:33","date_gmt":"2024-12-10T21:51:33","guid":{"rendered":"https:\/\/pax.forenteforlag.no\/produkt\/hundre-ars-nasjonsbygging\/"},"modified":"2026-03-04T21:34:18","modified_gmt":"2026-03-04T20:34:18","slug":"hundre-ars-nasjonsbygging","status":"publish","type":"product","link":"https:\/\/staging.forenteforlag.no\/pax\/produkt\/hundre-ars-nasjonsbygging\/","title":{"rendered":"Hundre \u00e5rs nasjonsbygging"},"content":{"rendered":"<p>I 2005 er det 100 \u00e5r siden unionsoppl\u00f8sningen, og denne boka ser p\u00e5 den helt konkrete nasjonsbyggingen i de hundre \u00e5rene som er g\u00e5tt. Hvordan har arkitekturen formet nasjonen og hvordan har nasjonen formet arkitekturen? Forfatterne ser n\u00e6rmere p\u00e5 forholdet arkitektur og samfunn gjennom blikk p\u00e5 maktens bygninger, boliger, gudshus, kulturhus, hva som er frambrakt av bygninger innenfor arbeidsliv, handel, skole, helse, transport og fritid. Boka er illustrert.<\/p>\n","protected":false},"excerpt":{"rendered":"<p>I 2005 er det 100 \u00e5r siden unionsoppl\u00f8sningen, og denne boka ser p\u00e5 den helt konkrete nasjonsbyggingen i de hundre \u00e5rene som er g\u00e5tt. Hvordan har arkitekturen formet nasjonen og hvordan har nasjonen formet arkitekturen? Forfatterne ser n\u00e6rmere p\u00e5 forholdet arkitektur og samfunn gjennom blikk p\u00e5 maktens bygninger, boliger, gudshus, kulturhus, hva som er frambrakt [&hellip;]<\/p>\n","protected":false},"featured_media":28974,"template":"","meta":{"_acf_changed":false,"inline_featured_image":false},"product_brand":[],"product_cat":[1782],"product_tag":[441,364,438,607,362,439],"class_list":{"0":"post-23546","1":"product","2":"type-product","3":"status-publish","4":"has-post-thumbnail","6":"product_cat-fripris","7":"product_tag-1900-tallet","8":"product_tag-2000-2009","9":"product_tag-arkitektur","10":"product_tag-bedriftshistorie","11":"product_tag-faglitteratur","12":"product_tag-nord-norge","14":"first","15":"outofstock","16":"taxable","17":"shipping-taxable","18":"purchasable","19":"product-type-simple"},"acf":{"anmeldelse":null},"yoast_head":"<!-- This site is optimized with the Yoast SEO plugin v26.6 - https:\/\/yoast.com\/wordpress\/plugins\/seo\/ -->\n<title>Hundre \u00e5rs nasjonsbygging - Pax<\/title>\n<meta name=\"robots\" content=\"noindex, follow, max-snippet:-1, max-image-preview:large, max-video-preview:-1\" \/>\n<meta property=\"og:locale\" content=\"nb_NO\" \/>\n<meta property=\"og:type\" content=\"article\" \/>\n<meta property=\"og:title\" content=\"Hundre \u00e5rs nasjonsbygging - Pax\" \/>\n<meta property=\"og:description\" content=\"I 2005 er det 100 \u00e5r siden unionsoppl\u00f8sningen, og denne boka ser p\u00e5 den helt konkrete nasjonsbyggingen i de hundre \u00e5rene som er g\u00e5tt. Hvordan har arkitekturen formet nasjonen og hvordan har nasjonen formet arkitekturen? Forfatterne ser n\u00e6rmere p\u00e5 forholdet arkitektur og samfunn gjennom blikk p\u00e5 maktens bygninger, boliger, gudshus, kulturhus, hva som er frambrakt [&hellip;]\" \/>\n<meta property=\"og:url\" content=\"https:\/\/staging.forenteforlag.no\/pax\/produkt\/hundre-ars-nasjonsbygging\/\" \/>\n<meta property=\"og:site_name\" content=\"Pax\" \/>\n<meta property=\"article:modified_time\" content=\"2026-03-04T20:34:18+00:00\" \/>\n<meta property=\"og:image\" content=\"https:\/\/staging.forenteforlag.no\/pax\/wp-content\/uploads\/sites\/5\/2025\/08\/jpg-8528.jpg\" \/>\n\t<meta property=\"og:image:width\" content=\"270\" \/>\n\t<meta property=\"og:image:height\" content=\"450\" \/>\n\t<meta property=\"og:image:type\" content=\"image\/jpeg\" \/>\n<meta name=\"twitter:card\" content=\"summary_large_image\" \/>\n<script type=\"application\/ld+json\" class=\"yoast-schema-graph\">{\"@context\":\"https:\/\/schema.org\",\"@graph\":[{\"@type\":\"WebPage\",\"@id\":\"https:\/\/staging.forenteforlag.no\/pax\/produkt\/hundre-ars-nasjonsbygging\/\",\"url\":\"https:\/\/staging.forenteforlag.no\/pax\/produkt\/hundre-ars-nasjonsbygging\/\",\"name\":\"Hundre \u00e5rs nasjonsbygging - Pax\",\"isPartOf\":{\"@id\":\"https:\/\/staging.forenteforlag.no\/pax\/#website\"},\"primaryImageOfPage\":{\"@id\":\"https:\/\/staging.forenteforlag.no\/pax\/produkt\/hundre-ars-nasjonsbygging\/#primaryimage\"},\"image\":{\"@id\":\"https:\/\/staging.forenteforlag.no\/pax\/produkt\/hundre-ars-nasjonsbygging\/#primaryimage\"},\"thumbnailUrl\":\"https:\/\/staging.forenteforlag.no\/pax\/wp-content\/uploads\/sites\/5\/2025\/08\/jpg-8528.jpg\",\"datePublished\":\"2024-12-10T21:51:33+00:00\",\"dateModified\":\"2026-03-04T20:34:18+00:00\",\"breadcrumb\":{\"@id\":\"https:\/\/staging.forenteforlag.no\/pax\/produkt\/hundre-ars-nasjonsbygging\/#breadcrumb\"},\"inLanguage\":\"nb-NO\",\"potentialAction\":[{\"@type\":\"ReadAction\",\"target\":[\"https:\/\/staging.forenteforlag.no\/pax\/produkt\/hundre-ars-nasjonsbygging\/\"]}]},{\"@type\":\"ImageObject\",\"inLanguage\":\"nb-NO\",\"@id\":\"https:\/\/staging.forenteforlag.no\/pax\/produkt\/hundre-ars-nasjonsbygging\/#primaryimage\",\"url\":\"https:\/\/staging.forenteforlag.no\/pax\/wp-content\/uploads\/sites\/5\/2025\/08\/jpg-8528.jpg\",\"contentUrl\":\"https:\/\/staging.forenteforlag.no\/pax\/wp-content\/uploads\/sites\/5\/2025\/08\/jpg-8528.jpg\",\"width\":270,\"height\":450},{\"@type\":\"BreadcrumbList\",\"@id\":\"https:\/\/staging.forenteforlag.no\/pax\/produkt\/hundre-ars-nasjonsbygging\/#breadcrumb\",\"itemListElement\":[{\"@type\":\"ListItem\",\"position\":1,\"name\":\"Hjem\",\"item\":\"https:\/\/staging.forenteforlag.no\/pax\/\"},{\"@type\":\"ListItem\",\"position\":2,\"name\":\"Alle b\u00f8ker\",\"item\":\"https:\/\/staging.forenteforlag.no\/pax\/butikk\/\"},{\"@type\":\"ListItem\",\"position\":3,\"name\":\"Hundre \u00e5rs nasjonsbygging\"}]},{\"@type\":\"WebSite\",\"@id\":\"https:\/\/staging.forenteforlag.no\/pax\/#website\",\"url\":\"https:\/\/staging.forenteforlag.no\/pax\/\",\"name\":\"Pax\",\"description\":\"\",\"potentialAction\":[{\"@type\":\"SearchAction\",\"target\":{\"@type\":\"EntryPoint\",\"urlTemplate\":\"https:\/\/staging.forenteforlag.no\/pax\/?s={search_term_string}\"},\"query-input\":{\"@type\":\"PropertyValueSpecification\",\"valueRequired\":true,\"valueName\":\"search_term_string\"}}],\"inLanguage\":\"nb-NO\"}]}<\/script>\n<!-- \/ Yoast SEO plugin. -->","yoast_head_json":{"title":"Hundre \u00e5rs nasjonsbygging - Pax","robots":{"index":"noindex","follow":"follow","max-snippet":"max-snippet:-1","max-image-preview":"max-image-preview:large","max-video-preview":"max-video-preview:-1"},"og_locale":"nb_NO","og_type":"article","og_title":"Hundre \u00e5rs nasjonsbygging - Pax","og_description":"I 2005 er det 100 \u00e5r siden unionsoppl\u00f8sningen, og denne boka ser p\u00e5 den helt konkrete nasjonsbyggingen i de hundre \u00e5rene som er g\u00e5tt. Hvordan har arkitekturen formet nasjonen og hvordan har nasjonen formet arkitekturen? Forfatterne ser n\u00e6rmere p\u00e5 forholdet arkitektur og samfunn gjennom blikk p\u00e5 maktens bygninger, boliger, gudshus, kulturhus, hva som er frambrakt [&hellip;]","og_url":"https:\/\/staging.forenteforlag.no\/pax\/produkt\/hundre-ars-nasjonsbygging\/","og_site_name":"Pax","article_modified_time":"2026-03-04T20:34:18+00:00","og_image":[{"width":270,"height":450,"url":"https:\/\/staging.forenteforlag.no\/pax\/wp-content\/uploads\/sites\/5\/2025\/08\/jpg-8528.jpg","type":"image\/jpeg"}],"twitter_card":"summary_large_image","schema":{"@context":"https:\/\/schema.org","@graph":[{"@type":"WebPage","@id":"https:\/\/staging.forenteforlag.no\/pax\/produkt\/hundre-ars-nasjonsbygging\/","url":"https:\/\/staging.forenteforlag.no\/pax\/produkt\/hundre-ars-nasjonsbygging\/","name":"Hundre \u00e5rs nasjonsbygging - Pax","isPartOf":{"@id":"https:\/\/staging.forenteforlag.no\/pax\/#website"},"primaryImageOfPage":{"@id":"https:\/\/staging.forenteforlag.no\/pax\/produkt\/hundre-ars-nasjonsbygging\/#primaryimage"},"image":{"@id":"https:\/\/staging.forenteforlag.no\/pax\/produkt\/hundre-ars-nasjonsbygging\/#primaryimage"},"thumbnailUrl":"https:\/\/staging.forenteforlag.no\/pax\/wp-content\/uploads\/sites\/5\/2025\/08\/jpg-8528.jpg","datePublished":"2024-12-10T21:51:33+00:00","dateModified":"2026-03-04T20:34:18+00:00","breadcrumb":{"@id":"https:\/\/staging.forenteforlag.no\/pax\/produkt\/hundre-ars-nasjonsbygging\/#breadcrumb"},"inLanguage":"nb-NO","potentialAction":[{"@type":"ReadAction","target":["https:\/\/staging.forenteforlag.no\/pax\/produkt\/hundre-ars-nasjonsbygging\/"]}]},{"@type":"ImageObject","inLanguage":"nb-NO","@id":"https:\/\/staging.forenteforlag.no\/pax\/produkt\/hundre-ars-nasjonsbygging\/#primaryimage","url":"https:\/\/staging.forenteforlag.no\/pax\/wp-content\/uploads\/sites\/5\/2025\/08\/jpg-8528.jpg","contentUrl":"https:\/\/staging.forenteforlag.no\/pax\/wp-content\/uploads\/sites\/5\/2025\/08\/jpg-8528.jpg","width":270,"height":450},{"@type":"BreadcrumbList","@id":"https:\/\/staging.forenteforlag.no\/pax\/produkt\/hundre-ars-nasjonsbygging\/#breadcrumb","itemListElement":[{"@type":"ListItem","position":1,"name":"Hjem","item":"https:\/\/staging.forenteforlag.no\/pax\/"},{"@type":"ListItem","position":2,"name":"Alle b\u00f8ker","item":"https:\/\/staging.forenteforlag.no\/pax\/butikk\/"},{"@type":"ListItem","position":3,"name":"Hundre \u00e5rs nasjonsbygging"}]},{"@type":"WebSite","@id":"https:\/\/staging.forenteforlag.no\/pax\/#website","url":"https:\/\/staging.forenteforlag.no\/pax\/","name":"Pax","description":"","potentialAction":[{"@type":"SearchAction","target":{"@type":"EntryPoint","urlTemplate":"https:\/\/staging.forenteforlag.no\/pax\/?s={search_term_string}"},"query-input":{"@type":"PropertyValueSpecification","valueRequired":true,"valueName":"search_term_string"}}],"inLanguage":"nb-NO"}]}},"_links":{"self":[{"href":"https:\/\/staging.forenteforlag.no\/pax\/wp-json\/wp\/v2\/product\/23546","targetHints":{"allow":["GET"]}}],"collection":[{"href":"https:\/\/staging.forenteforlag.no\/pax\/wp-json\/wp\/v2\/product"}],"about":[{"href":"https:\/\/staging.forenteforlag.no\/pax\/wp-json\/wp\/v2\/types\/product"}],"wp:featuredmedia":[{"embeddable":true,"href":"https:\/\/staging.forenteforlag.no\/pax\/wp-json\/wp\/v2\/media\/28974"}],"wp:attachment":[{"href":"https:\/\/staging.forenteforlag.no\/pax\/wp-json\/wp\/v2\/media?parent=23546"}],"wp:term":[{"taxonomy":"product_brand","embeddable":true,"href":"https:\/\/staging.forenteforlag.no\/pax\/wp-json\/wp\/v2\/product_brand?post=23546"},{"taxonomy":"product_cat","embeddable":true,"href":"https:\/\/staging.forenteforlag.no\/pax\/wp-json\/wp\/v2\/product_cat?post=23546"},{"taxonomy":"product_tag","embeddable":true,"href":"https:\/\/staging.forenteforlag.no\/pax\/wp-json\/wp\/v2\/product_tag?post=23546"}],"curies":[{"name":"wp","href":"https:\/\/api.w.org\/{rel}","templated":true}]}}