{"id":23434,"date":"2024-12-10T22:45:03","date_gmt":"2024-12-10T21:45:03","guid":{"rendered":"https:\/\/pax.forenteforlag.no\/produkt\/min-venn-matt-og-horen-hena\/"},"modified":"2026-03-03T17:41:27","modified_gmt":"2026-03-03T16:41:27","slug":"min-venn-matt-og-horen-hena","status":"publish","type":"product","link":"https:\/\/staging.forenteforlag.no\/pax\/produkt\/min-venn-matt-og-horen-hena\/","title":{"rendered":"Min venn Matt og horen Hena"},"content":{"rendered":"<p>Handlingen foreg\u00e5r i et \u00f8stafrikansk land der borgerkrigen trappes opp og sulten snart herjer. Fire barn i 10-\u00e5rsalderen skulker skolen og g\u00e5r gjennom skogen for \u00e5 oppleve \u00e5ndedansen i nabolandsbyen. Kimo, ni \u00e5r, forteller om landsbylivet og om bestemor L\u00e6rpupp, som er 473 \u00e5r gammel, om soldatene, brannene, reisen til byen, og om Hena, som hjelper vennene sine \u00e5 overleve en stund til.<\/p>\n","protected":false},"excerpt":{"rendered":"<p>Handlingen foreg\u00e5r i et \u00f8stafrikansk land der borgerkrigen trappes opp og sulten snart herjer. Fire barn i 10-\u00e5rsalderen skulker skolen og g\u00e5r gjennom skogen for \u00e5 oppleve \u00e5ndedansen i nabolandsbyen. Kimo, ni \u00e5r, forteller om landsbylivet og om bestemor L\u00e6rpupp, som er 473 \u00e5r gammel, om soldatene, brannene, reisen til byen, og om Hena, som [&hellip;]<\/p>\n","protected":false},"featured_media":0,"template":"","meta":{"_acf_changed":false,"inline_featured_image":false},"product_brand":[],"product_cat":[1782],"product_tag":[370],"class_list":{"0":"post-23434","1":"product","2":"type-product","3":"status-publish","5":"product_cat-fripris","6":"product_tag-skjonnlitteratur","8":"first","9":"outofstock","10":"taxable","11":"shipping-taxable","12":"purchasable","13":"product-type-simple"},"acf":{"anmeldelse":null},"yoast_head":"<!-- This site is optimized with the Yoast SEO plugin v26.6 - https:\/\/yoast.com\/wordpress\/plugins\/seo\/ -->\n<title>Min venn Matt og horen Hena - Pax<\/title>\n<meta name=\"robots\" content=\"noindex, follow, max-snippet:-1, max-image-preview:large, max-video-preview:-1\" \/>\n<meta property=\"og:locale\" content=\"nb_NO\" \/>\n<meta property=\"og:type\" content=\"article\" \/>\n<meta property=\"og:title\" content=\"Min venn Matt og horen Hena - Pax\" \/>\n<meta property=\"og:description\" content=\"Handlingen foreg\u00e5r i et \u00f8stafrikansk land der borgerkrigen trappes opp og sulten snart herjer. Fire barn i 10-\u00e5rsalderen skulker skolen og g\u00e5r gjennom skogen for \u00e5 oppleve \u00e5ndedansen i nabolandsbyen. Kimo, ni \u00e5r, forteller om landsbylivet og om bestemor L\u00e6rpupp, som er 473 \u00e5r gammel, om soldatene, brannene, reisen til byen, og om Hena, som [&hellip;]\" \/>\n<meta property=\"og:url\" content=\"https:\/\/staging.forenteforlag.no\/pax\/produkt\/min-venn-matt-og-horen-hena\/\" \/>\n<meta property=\"og:site_name\" content=\"Pax\" \/>\n<meta property=\"article:modified_time\" content=\"2026-03-03T16:41:27+00:00\" \/>\n<meta property=\"og:image\" content=\"https:\/\/staging.forenteforlag.no\/pax\/wp-content\/uploads\/sites\/5\/2025\/02\/pax-hvit.jpg\" \/>\n\t<meta property=\"og:image:width\" content=\"1200\" \/>\n\t<meta property=\"og:image:height\" content=\"800\" \/>\n\t<meta property=\"og:image:type\" content=\"image\/jpeg\" \/>\n<meta name=\"twitter:card\" content=\"summary_large_image\" \/>\n<script type=\"application\/ld+json\" class=\"yoast-schema-graph\">{\"@context\":\"https:\/\/schema.org\",\"@graph\":[{\"@type\":\"WebPage\",\"@id\":\"https:\/\/staging.forenteforlag.no\/pax\/produkt\/min-venn-matt-og-horen-hena\/\",\"url\":\"https:\/\/staging.forenteforlag.no\/pax\/produkt\/min-venn-matt-og-horen-hena\/\",\"name\":\"Min venn Matt og horen Hena - Pax\",\"isPartOf\":{\"@id\":\"https:\/\/staging.forenteforlag.no\/pax\/#website\"},\"datePublished\":\"2024-12-10T21:45:03+00:00\",\"dateModified\":\"2026-03-03T16:41:27+00:00\",\"breadcrumb\":{\"@id\":\"https:\/\/staging.forenteforlag.no\/pax\/produkt\/min-venn-matt-og-horen-hena\/#breadcrumb\"},\"inLanguage\":\"nb-NO\",\"potentialAction\":[{\"@type\":\"ReadAction\",\"target\":[\"https:\/\/staging.forenteforlag.no\/pax\/produkt\/min-venn-matt-og-horen-hena\/\"]}]},{\"@type\":\"BreadcrumbList\",\"@id\":\"https:\/\/staging.forenteforlag.no\/pax\/produkt\/min-venn-matt-og-horen-hena\/#breadcrumb\",\"itemListElement\":[{\"@type\":\"ListItem\",\"position\":1,\"name\":\"Hjem\",\"item\":\"https:\/\/staging.forenteforlag.no\/pax\/\"},{\"@type\":\"ListItem\",\"position\":2,\"name\":\"Alle b\u00f8ker\",\"item\":\"https:\/\/staging.forenteforlag.no\/pax\/butikk\/\"},{\"@type\":\"ListItem\",\"position\":3,\"name\":\"Min venn Matt og horen Hena\"}]},{\"@type\":\"WebSite\",\"@id\":\"https:\/\/staging.forenteforlag.no\/pax\/#website\",\"url\":\"https:\/\/staging.forenteforlag.no\/pax\/\",\"name\":\"Pax\",\"description\":\"\",\"potentialAction\":[{\"@type\":\"SearchAction\",\"target\":{\"@type\":\"EntryPoint\",\"urlTemplate\":\"https:\/\/staging.forenteforlag.no\/pax\/?s={search_term_string}\"},\"query-input\":{\"@type\":\"PropertyValueSpecification\",\"valueRequired\":true,\"valueName\":\"search_term_string\"}}],\"inLanguage\":\"nb-NO\"}]}<\/script>\n<!-- \/ Yoast SEO plugin. -->","yoast_head_json":{"title":"Min venn Matt og horen Hena - Pax","robots":{"index":"noindex","follow":"follow","max-snippet":"max-snippet:-1","max-image-preview":"max-image-preview:large","max-video-preview":"max-video-preview:-1"},"og_locale":"nb_NO","og_type":"article","og_title":"Min venn Matt og horen Hena - Pax","og_description":"Handlingen foreg\u00e5r i et \u00f8stafrikansk land der borgerkrigen trappes opp og sulten snart herjer. Fire barn i 10-\u00e5rsalderen skulker skolen og g\u00e5r gjennom skogen for \u00e5 oppleve \u00e5ndedansen i nabolandsbyen. Kimo, ni \u00e5r, forteller om landsbylivet og om bestemor L\u00e6rpupp, som er 473 \u00e5r gammel, om soldatene, brannene, reisen til byen, og om Hena, som [&hellip;]","og_url":"https:\/\/staging.forenteforlag.no\/pax\/produkt\/min-venn-matt-og-horen-hena\/","og_site_name":"Pax","article_modified_time":"2026-03-03T16:41:27+00:00","og_image":[{"width":1200,"height":800,"url":"https:\/\/staging.forenteforlag.no\/pax\/wp-content\/uploads\/sites\/5\/2025\/02\/pax-hvit.jpg","type":"image\/jpeg"}],"twitter_card":"summary_large_image","schema":{"@context":"https:\/\/schema.org","@graph":[{"@type":"WebPage","@id":"https:\/\/staging.forenteforlag.no\/pax\/produkt\/min-venn-matt-og-horen-hena\/","url":"https:\/\/staging.forenteforlag.no\/pax\/produkt\/min-venn-matt-og-horen-hena\/","name":"Min venn Matt og horen Hena - Pax","isPartOf":{"@id":"https:\/\/staging.forenteforlag.no\/pax\/#website"},"datePublished":"2024-12-10T21:45:03+00:00","dateModified":"2026-03-03T16:41:27+00:00","breadcrumb":{"@id":"https:\/\/staging.forenteforlag.no\/pax\/produkt\/min-venn-matt-og-horen-hena\/#breadcrumb"},"inLanguage":"nb-NO","potentialAction":[{"@type":"ReadAction","target":["https:\/\/staging.forenteforlag.no\/pax\/produkt\/min-venn-matt-og-horen-hena\/"]}]},{"@type":"BreadcrumbList","@id":"https:\/\/staging.forenteforlag.no\/pax\/produkt\/min-venn-matt-og-horen-hena\/#breadcrumb","itemListElement":[{"@type":"ListItem","position":1,"name":"Hjem","item":"https:\/\/staging.forenteforlag.no\/pax\/"},{"@type":"ListItem","position":2,"name":"Alle b\u00f8ker","item":"https:\/\/staging.forenteforlag.no\/pax\/butikk\/"},{"@type":"ListItem","position":3,"name":"Min venn Matt og horen Hena"}]},{"@type":"WebSite","@id":"https:\/\/staging.forenteforlag.no\/pax\/#website","url":"https:\/\/staging.forenteforlag.no\/pax\/","name":"Pax","description":"","potentialAction":[{"@type":"SearchAction","target":{"@type":"EntryPoint","urlTemplate":"https:\/\/staging.forenteforlag.no\/pax\/?s={search_term_string}"},"query-input":{"@type":"PropertyValueSpecification","valueRequired":true,"valueName":"search_term_string"}}],"inLanguage":"nb-NO"}]}},"_links":{"self":[{"href":"https:\/\/staging.forenteforlag.no\/pax\/wp-json\/wp\/v2\/product\/23434","targetHints":{"allow":["GET"]}}],"collection":[{"href":"https:\/\/staging.forenteforlag.no\/pax\/wp-json\/wp\/v2\/product"}],"about":[{"href":"https:\/\/staging.forenteforlag.no\/pax\/wp-json\/wp\/v2\/types\/product"}],"wp:attachment":[{"href":"https:\/\/staging.forenteforlag.no\/pax\/wp-json\/wp\/v2\/media?parent=23434"}],"wp:term":[{"taxonomy":"product_brand","embeddable":true,"href":"https:\/\/staging.forenteforlag.no\/pax\/wp-json\/wp\/v2\/product_brand?post=23434"},{"taxonomy":"product_cat","embeddable":true,"href":"https:\/\/staging.forenteforlag.no\/pax\/wp-json\/wp\/v2\/product_cat?post=23434"},{"taxonomy":"product_tag","embeddable":true,"href":"https:\/\/staging.forenteforlag.no\/pax\/wp-json\/wp\/v2\/product_tag?post=23434"}],"curies":[{"name":"wp","href":"https:\/\/api.w.org\/{rel}","templated":true}]}}

<p>Handlingen foregår i et østafrikansk land der borgerkrigen trappes opp og sulten snart herjer. Fire barn i 10-årsalderen skulker skolen og går gjennom skogen for å oppleve åndedansen i nabolandsbyen. Kimo, ni år, forteller om landsbylivet og om bestemor Lærpupp, som er 473 år gammel, om soldatene, brannene, reisen til byen, og om Hena, som hjelper vennene sine å overleve en stund til.</p>

<p>Handlingen foregår i et østafrikansk land der borgerkrigen trappes opp og sulten snart herjer. Fire barn i 10-årsalderen skulker skolen og går gjennom skogen for å oppleve åndedansen i nabolandsbyen. Kimo, ni år, forteller om landsbylivet og om bestemor Lærpupp, som er 473 år gammel, om soldatene, brannene, reisen til byen, og om Hena, som [&hellip;]</p>

<!-- This site is optimized with the Yoast SEO plugin v26.6 - https://yoast.com/wordpress/plugins/seo/ -->
<title>Min venn Matt og horen Hena - Pax</title>
<meta name="robots" content="noindex, follow, max-snippet:-1, max-image-preview:large, max-video-preview:-1" />
<meta property="og:locale" content="nb_NO" />
<meta property="og:type" content="article" />
<meta property="og:title" content="Min venn Matt og horen Hena - Pax" />
<meta property="og:description" content="Handlingen foregår i et østafrikansk land der borgerkrigen trappes opp og sulten snart herjer. Fire barn i 10-årsalderen skulker skolen og går gjennom skogen for å oppleve åndedansen i nabolandsbyen. Kimo, ni år, forteller om landsbylivet og om bestemor Lærpupp, som er 473 år gammel, om soldatene, brannene, reisen til byen, og om Hena, som [&hellip;]" />
<meta property="og:url" content="https://staging.forenteforlag.no/pax/produkt/min-venn-matt-og-horen-hena/" />
<meta property="og:site_name" content="Pax" />
<meta property="article:modified_time" content="2026-03-03T16:41:27+00:00" />
<meta property="og:image" content="https://staging.forenteforlag.no/pax/wp-content/uploads/sites/5/2025/02/pax-hvit.jpg" />
	<meta property="og:image:width" content="1200" />
	<meta property="og:image:height" content="800" />
	<meta property="og:image:type" content="image/jpeg" />
<meta name="twitter:card" content="summary_large_image" />
<script type="application/ld+json" class="yoast-schema-graph">{"@context":"https://schema.org","@graph":[{"@type":"WebPage","@id":"https://staging.forenteforlag.no/pax/produkt/min-venn-matt-og-horen-hena/","url":"https://staging.forenteforlag.no/pax/produkt/min-venn-matt-og-horen-hena/","name":"Min venn Matt og horen Hena - Pax","isPartOf":{"@id":"https://staging.forenteforlag.no/pax/#website"},"datePublished":"2024-12-10T21:45:03+00:00","dateModified":"2026-03-03T16:41:27+00:00","breadcrumb":{"@id":"https://staging.forenteforlag.no/pax/produkt/min-venn-matt-og-horen-hena/#breadcrumb"},"inLanguage":"nb-NO","potentialAction":[{"@type":"ReadAction","target":["https://staging.forenteforlag.no/pax/produkt/min-venn-matt-og-horen-hena/"]}]},{"@type":"BreadcrumbList","@id":"https://staging.forenteforlag.no/pax/produkt/min-venn-matt-og-horen-hena/#breadcrumb","itemListElement":[{"@type":"ListItem","position":1,"name":"Hjem","item":"https://staging.forenteforlag.no/pax/"},{"@type":"ListItem","position":2,"name":"Alle bøker","item":"https://staging.forenteforlag.no/pax/butikk/"},{"@type":"ListItem","position":3,"name":"Min venn Matt og horen Hena"}]},{"@type":"WebSite","@id":"https://staging.forenteforlag.no/pax/#website","url":"https://staging.forenteforlag.no/pax/","name":"Pax","description":"","potentialAction":[{"@type":"SearchAction","target":{"@type":"EntryPoint","urlTemplate":"https://staging.forenteforlag.no/pax/?s={search_term_string}"},"query-input":{"@type":"PropertyValueSpecification","valueRequired":true,"valueName":"search_term_string"}}],"inLanguage":"nb-NO"}]}</script>
<!-- / Yoast SEO plugin. -->

Handlingen foregår i et østafrikansk land der borgerkrigen trappes opp og sulten snart herjer. Fire barn i 10-årsalderen skulker skolen og går gjennom skogen for å oppleve åndedansen i nabolandsbyen. Kimo, ni år, forteller om landsbylivet og om bestemor Lærpupp, som er 473 år gammel, om soldatene, brannene, reisen til byen, og om Hena, som [&hellip;]

Alle bøker
