{"id":23423,"date":"2008-06-26T02:00:00","date_gmt":"2008-06-26T00:00:00","guid":{"rendered":"https:\/\/pax.forenteforlag.no\/produkt\/inn-med-idiotene-eller-hvordan-vi-laerte-a-forsta-verden-2\/"},"modified":"2026-03-03T21:48:46","modified_gmt":"2026-03-03T20:48:46","slug":"inn-med-idiotene-eller-hvordan-vi-laerte-a-forsta-verden-2","status":"publish","type":"product","link":"https:\/\/staging.forenteforlag.no\/pax\/produkt\/inn-med-idiotene-eller-hvordan-vi-laerte-a-forsta-verden-2\/","title":{"rendered":"Inn med idiotene, eller hvordan vi l\u00e6rte \u00e5 forst\u00e5 verden"},"content":{"rendered":"<p>Fire \u00e5r gammel begynte Kamran Nazeer p\u00e5 en spesialskole for autistiske barn i New York. Tjueto \u00e5r senere bestemmer han seg for \u00e5 bes\u00f8ke noen av de gamle klassekameratene. Selv er han i jobb som r\u00e5dgiver for den britiske regjeringen. Hvordan har det g\u00e5tt med de andre? Inn med idiotene er en velskrevet, bevegende og opplysende bok som viser hvor variert autistenes livserfaring er. De er verken idioter eller genier, men mennesker som m\u00e5 jobbe ekstra hardt for \u00e5 klare \u00e5 delta i verden.<\/p>\n","protected":false},"excerpt":{"rendered":"<p>Fire \u00e5r gammel begynte Kamran Nazeer p\u00e5 en spesialskole for autistiske barn i New York. Tjueto \u00e5r senere bestemmer han seg for \u00e5 bes\u00f8ke noen av de gamle klassekameratene. Selv er han i jobb som r\u00e5dgiver for den britiske regjeringen. Hvordan har det g\u00e5tt med de andre? Inn med idiotene er en velskrevet, bevegende og [&hellip;]<\/p>\n","protected":false},"featured_media":27978,"template":"","meta":{"_acf_changed":false,"inline_featured_image":false},"product_brand":[],"product_cat":[1782],"product_tag":[1202,739,362,1337],"class_list":{"0":"post-23423","1":"product","2":"type-product","3":"status-publish","4":"has-post-thumbnail","6":"product_cat-fripris","7":"product_tag-autisme","8":"product_tag-barndom","9":"product_tag-faglitteratur","10":"product_tag-spesialskoler","12":"first","13":"outofstock","14":"shipping-taxable","15":"purchasable","16":"product-type-simple"},"acf":{"anmeldelse":null},"yoast_head":"<!-- This site is optimized with the Yoast SEO plugin v26.6 - https:\/\/yoast.com\/wordpress\/plugins\/seo\/ -->\n<title>Inn med idiotene, eller hvordan vi l\u00e6rte \u00e5 forst\u00e5 verden - Pax<\/title>\n<meta name=\"robots\" content=\"noindex, follow, max-snippet:-1, max-image-preview:large, max-video-preview:-1\" \/>\n<meta property=\"og:locale\" content=\"nb_NO\" \/>\n<meta property=\"og:type\" content=\"article\" \/>\n<meta property=\"og:title\" content=\"Inn med idiotene, eller hvordan vi l\u00e6rte \u00e5 forst\u00e5 verden - Pax\" \/>\n<meta property=\"og:description\" content=\"Fire \u00e5r gammel begynte Kamran Nazeer p\u00e5 en spesialskole for autistiske barn i New York. Tjueto \u00e5r senere bestemmer han seg for \u00e5 bes\u00f8ke noen av de gamle klassekameratene. Selv er han i jobb som r\u00e5dgiver for den britiske regjeringen. Hvordan har det g\u00e5tt med de andre? Inn med idiotene er en velskrevet, bevegende og [&hellip;]\" \/>\n<meta property=\"og:url\" content=\"https:\/\/staging.forenteforlag.no\/pax\/produkt\/inn-med-idiotene-eller-hvordan-vi-laerte-a-forsta-verden-2\/\" \/>\n<meta property=\"og:site_name\" content=\"Pax\" \/>\n<meta property=\"article:modified_time\" content=\"2026-03-03T20:48:46+00:00\" \/>\n<meta property=\"og:image\" content=\"https:\/\/staging.forenteforlag.no\/pax\/wp-content\/uploads\/sites\/5\/2025\/08\/jpg-5621.jpg\" \/>\n\t<meta property=\"og:image:width\" content=\"285\" \/>\n\t<meta property=\"og:image:height\" content=\"450\" \/>\n\t<meta property=\"og:image:type\" content=\"image\/jpeg\" \/>\n<meta name=\"twitter:card\" content=\"summary_large_image\" \/>\n<script type=\"application\/ld+json\" class=\"yoast-schema-graph\">{\"@context\":\"https:\/\/schema.org\",\"@graph\":[{\"@type\":\"WebPage\",\"@id\":\"https:\/\/staging.forenteforlag.no\/pax\/produkt\/inn-med-idiotene-eller-hvordan-vi-laerte-a-forsta-verden-2\/\",\"url\":\"https:\/\/staging.forenteforlag.no\/pax\/produkt\/inn-med-idiotene-eller-hvordan-vi-laerte-a-forsta-verden-2\/\",\"name\":\"Inn med idiotene, eller hvordan vi l\u00e6rte \u00e5 forst\u00e5 verden - Pax\",\"isPartOf\":{\"@id\":\"https:\/\/staging.forenteforlag.no\/pax\/#website\"},\"primaryImageOfPage\":{\"@id\":\"https:\/\/staging.forenteforlag.no\/pax\/produkt\/inn-med-idiotene-eller-hvordan-vi-laerte-a-forsta-verden-2\/#primaryimage\"},\"image\":{\"@id\":\"https:\/\/staging.forenteforlag.no\/pax\/produkt\/inn-med-idiotene-eller-hvordan-vi-laerte-a-forsta-verden-2\/#primaryimage\"},\"thumbnailUrl\":\"https:\/\/staging.forenteforlag.no\/pax\/wp-content\/uploads\/sites\/5\/2025\/08\/jpg-5621.jpg\",\"datePublished\":\"2008-06-26T00:00:00+00:00\",\"dateModified\":\"2026-03-03T20:48:46+00:00\",\"breadcrumb\":{\"@id\":\"https:\/\/staging.forenteforlag.no\/pax\/produkt\/inn-med-idiotene-eller-hvordan-vi-laerte-a-forsta-verden-2\/#breadcrumb\"},\"inLanguage\":\"nb-NO\",\"potentialAction\":[{\"@type\":\"ReadAction\",\"target\":[\"https:\/\/staging.forenteforlag.no\/pax\/produkt\/inn-med-idiotene-eller-hvordan-vi-laerte-a-forsta-verden-2\/\"]}]},{\"@type\":\"ImageObject\",\"inLanguage\":\"nb-NO\",\"@id\":\"https:\/\/staging.forenteforlag.no\/pax\/produkt\/inn-med-idiotene-eller-hvordan-vi-laerte-a-forsta-verden-2\/#primaryimage\",\"url\":\"https:\/\/staging.forenteforlag.no\/pax\/wp-content\/uploads\/sites\/5\/2025\/08\/jpg-5621.jpg\",\"contentUrl\":\"https:\/\/staging.forenteforlag.no\/pax\/wp-content\/uploads\/sites\/5\/2025\/08\/jpg-5621.jpg\",\"width\":285,\"height\":450},{\"@type\":\"BreadcrumbList\",\"@id\":\"https:\/\/staging.forenteforlag.no\/pax\/produkt\/inn-med-idiotene-eller-hvordan-vi-laerte-a-forsta-verden-2\/#breadcrumb\",\"itemListElement\":[{\"@type\":\"ListItem\",\"position\":1,\"name\":\"Hjem\",\"item\":\"https:\/\/staging.forenteforlag.no\/pax\/\"},{\"@type\":\"ListItem\",\"position\":2,\"name\":\"Alle b\u00f8ker\",\"item\":\"https:\/\/staging.forenteforlag.no\/pax\/butikk\/\"},{\"@type\":\"ListItem\",\"position\":3,\"name\":\"Inn med idiotene, eller hvordan vi l\u00e6rte \u00e5 forst\u00e5 verden\"}]},{\"@type\":\"WebSite\",\"@id\":\"https:\/\/staging.forenteforlag.no\/pax\/#website\",\"url\":\"https:\/\/staging.forenteforlag.no\/pax\/\",\"name\":\"Pax\",\"description\":\"\",\"potentialAction\":[{\"@type\":\"SearchAction\",\"target\":{\"@type\":\"EntryPoint\",\"urlTemplate\":\"https:\/\/staging.forenteforlag.no\/pax\/?s={search_term_string}\"},\"query-input\":{\"@type\":\"PropertyValueSpecification\",\"valueRequired\":true,\"valueName\":\"search_term_string\"}}],\"inLanguage\":\"nb-NO\"}]}<\/script>\n<!-- \/ Yoast SEO plugin. -->","yoast_head_json":{"title":"Inn med idiotene, eller hvordan vi l\u00e6rte \u00e5 forst\u00e5 verden - Pax","robots":{"index":"noindex","follow":"follow","max-snippet":"max-snippet:-1","max-image-preview":"max-image-preview:large","max-video-preview":"max-video-preview:-1"},"og_locale":"nb_NO","og_type":"article","og_title":"Inn med idiotene, eller hvordan vi l\u00e6rte \u00e5 forst\u00e5 verden - Pax","og_description":"Fire \u00e5r gammel begynte Kamran Nazeer p\u00e5 en spesialskole for autistiske barn i New York. Tjueto \u00e5r senere bestemmer han seg for \u00e5 bes\u00f8ke noen av de gamle klassekameratene. Selv er han i jobb som r\u00e5dgiver for den britiske regjeringen. Hvordan har det g\u00e5tt med de andre? Inn med idiotene er en velskrevet, bevegende og [&hellip;]","og_url":"https:\/\/staging.forenteforlag.no\/pax\/produkt\/inn-med-idiotene-eller-hvordan-vi-laerte-a-forsta-verden-2\/","og_site_name":"Pax","article_modified_time":"2026-03-03T20:48:46+00:00","og_image":[{"width":285,"height":450,"url":"https:\/\/staging.forenteforlag.no\/pax\/wp-content\/uploads\/sites\/5\/2025\/08\/jpg-5621.jpg","type":"image\/jpeg"}],"twitter_card":"summary_large_image","schema":{"@context":"https:\/\/schema.org","@graph":[{"@type":"WebPage","@id":"https:\/\/staging.forenteforlag.no\/pax\/produkt\/inn-med-idiotene-eller-hvordan-vi-laerte-a-forsta-verden-2\/","url":"https:\/\/staging.forenteforlag.no\/pax\/produkt\/inn-med-idiotene-eller-hvordan-vi-laerte-a-forsta-verden-2\/","name":"Inn med idiotene, eller hvordan vi l\u00e6rte \u00e5 forst\u00e5 verden - Pax","isPartOf":{"@id":"https:\/\/staging.forenteforlag.no\/pax\/#website"},"primaryImageOfPage":{"@id":"https:\/\/staging.forenteforlag.no\/pax\/produkt\/inn-med-idiotene-eller-hvordan-vi-laerte-a-forsta-verden-2\/#primaryimage"},"image":{"@id":"https:\/\/staging.forenteforlag.no\/pax\/produkt\/inn-med-idiotene-eller-hvordan-vi-laerte-a-forsta-verden-2\/#primaryimage"},"thumbnailUrl":"https:\/\/staging.forenteforlag.no\/pax\/wp-content\/uploads\/sites\/5\/2025\/08\/jpg-5621.jpg","datePublished":"2008-06-26T00:00:00+00:00","dateModified":"2026-03-03T20:48:46+00:00","breadcrumb":{"@id":"https:\/\/staging.forenteforlag.no\/pax\/produkt\/inn-med-idiotene-eller-hvordan-vi-laerte-a-forsta-verden-2\/#breadcrumb"},"inLanguage":"nb-NO","potentialAction":[{"@type":"ReadAction","target":["https:\/\/staging.forenteforlag.no\/pax\/produkt\/inn-med-idiotene-eller-hvordan-vi-laerte-a-forsta-verden-2\/"]}]},{"@type":"ImageObject","inLanguage":"nb-NO","@id":"https:\/\/staging.forenteforlag.no\/pax\/produkt\/inn-med-idiotene-eller-hvordan-vi-laerte-a-forsta-verden-2\/#primaryimage","url":"https:\/\/staging.forenteforlag.no\/pax\/wp-content\/uploads\/sites\/5\/2025\/08\/jpg-5621.jpg","contentUrl":"https:\/\/staging.forenteforlag.no\/pax\/wp-content\/uploads\/sites\/5\/2025\/08\/jpg-5621.jpg","width":285,"height":450},{"@type":"BreadcrumbList","@id":"https:\/\/staging.forenteforlag.no\/pax\/produkt\/inn-med-idiotene-eller-hvordan-vi-laerte-a-forsta-verden-2\/#breadcrumb","itemListElement":[{"@type":"ListItem","position":1,"name":"Hjem","item":"https:\/\/staging.forenteforlag.no\/pax\/"},{"@type":"ListItem","position":2,"name":"Alle b\u00f8ker","item":"https:\/\/staging.forenteforlag.no\/pax\/butikk\/"},{"@type":"ListItem","position":3,"name":"Inn med idiotene, eller hvordan vi l\u00e6rte \u00e5 forst\u00e5 verden"}]},{"@type":"WebSite","@id":"https:\/\/staging.forenteforlag.no\/pax\/#website","url":"https:\/\/staging.forenteforlag.no\/pax\/","name":"Pax","description":"","potentialAction":[{"@type":"SearchAction","target":{"@type":"EntryPoint","urlTemplate":"https:\/\/staging.forenteforlag.no\/pax\/?s={search_term_string}"},"query-input":{"@type":"PropertyValueSpecification","valueRequired":true,"valueName":"search_term_string"}}],"inLanguage":"nb-NO"}]}},"_links":{"self":[{"href":"https:\/\/staging.forenteforlag.no\/pax\/wp-json\/wp\/v2\/product\/23423","targetHints":{"allow":["GET"]}}],"collection":[{"href":"https:\/\/staging.forenteforlag.no\/pax\/wp-json\/wp\/v2\/product"}],"about":[{"href":"https:\/\/staging.forenteforlag.no\/pax\/wp-json\/wp\/v2\/types\/product"}],"wp:featuredmedia":[{"embeddable":true,"href":"https:\/\/staging.forenteforlag.no\/pax\/wp-json\/wp\/v2\/media\/27978"}],"wp:attachment":[{"href":"https:\/\/staging.forenteforlag.no\/pax\/wp-json\/wp\/v2\/media?parent=23423"}],"wp:term":[{"taxonomy":"product_brand","embeddable":true,"href":"https:\/\/staging.forenteforlag.no\/pax\/wp-json\/wp\/v2\/product_brand?post=23423"},{"taxonomy":"product_cat","embeddable":true,"href":"https:\/\/staging.forenteforlag.no\/pax\/wp-json\/wp\/v2\/product_cat?post=23423"},{"taxonomy":"product_tag","embeddable":true,"href":"https:\/\/staging.forenteforlag.no\/pax\/wp-json\/wp\/v2\/product_tag?post=23423"}],"curies":[{"name":"wp","href":"https:\/\/api.w.org\/{rel}","templated":true}]}}

Inn med idiotene, eller hvordan vi lærte å forstå verden

<p>Fire år gammel begynte Kamran Nazeer på en spesialskole for autistiske barn i New York. Tjueto år senere bestemmer han seg for å besøke noen av de gamle klassekameratene. Selv er han i jobb som rådgiver for den britiske regjeringen. Hvordan har det gått med de andre? Inn med idiotene er en velskrevet, bevegende og opplysende bok som viser hvor variert autistenes livserfaring er. De er verken idioter eller genier, men mennesker som må jobbe ekstra hardt for å klare å delta i verden.</p>

<p>Fire år gammel begynte Kamran Nazeer på en spesialskole for autistiske barn i New York. Tjueto år senere bestemmer han seg for å besøke noen av de gamle klassekameratene. Selv er han i jobb som rådgiver for den britiske regjeringen. Hvordan har det gått med de andre? Inn med idiotene er en velskrevet, bevegende og [&hellip;]</p>

<!-- This site is optimized with the Yoast SEO plugin v26.6 - https://yoast.com/wordpress/plugins/seo/ -->
<title>Inn med idiotene, eller hvordan vi lærte å forstå verden - Pax</title>
<meta name="robots" content="noindex, follow, max-snippet:-1, max-image-preview:large, max-video-preview:-1" />
<meta property="og:locale" content="nb_NO" />
<meta property="og:type" content="article" />
<meta property="og:title" content="Inn med idiotene, eller hvordan vi lærte å forstå verden - Pax" />
<meta property="og:description" content="Fire år gammel begynte Kamran Nazeer på en spesialskole for autistiske barn i New York. Tjueto år senere bestemmer han seg for å besøke noen av de gamle klassekameratene. Selv er han i jobb som rådgiver for den britiske regjeringen. Hvordan har det gått med de andre? Inn med idiotene er en velskrevet, bevegende og [&hellip;]" />
<meta property="og:url" content="https://staging.forenteforlag.no/pax/produkt/inn-med-idiotene-eller-hvordan-vi-laerte-a-forsta-verden-2/" />
<meta property="og:site_name" content="Pax" />
<meta property="article:modified_time" content="2026-03-03T20:48:46+00:00" />
<meta property="og:image" content="https://staging.forenteforlag.no/pax/wp-content/uploads/sites/5/2025/08/jpg-5621.jpg" />
	<meta property="og:image:width" content="285" />
	<meta property="og:image:height" content="450" />
	<meta property="og:image:type" content="image/jpeg" />
<meta name="twitter:card" content="summary_large_image" />
<script type="application/ld+json" class="yoast-schema-graph">{"@context":"https://schema.org","@graph":[{"@type":"WebPage","@id":"https://staging.forenteforlag.no/pax/produkt/inn-med-idiotene-eller-hvordan-vi-laerte-a-forsta-verden-2/","url":"https://staging.forenteforlag.no/pax/produkt/inn-med-idiotene-eller-hvordan-vi-laerte-a-forsta-verden-2/","name":"Inn med idiotene, eller hvordan vi lærte å forstå verden - Pax","isPartOf":{"@id":"https://staging.forenteforlag.no/pax/#website"},"primaryImageOfPage":{"@id":"https://staging.forenteforlag.no/pax/produkt/inn-med-idiotene-eller-hvordan-vi-laerte-a-forsta-verden-2/#primaryimage"},"image":{"@id":"https://staging.forenteforlag.no/pax/produkt/inn-med-idiotene-eller-hvordan-vi-laerte-a-forsta-verden-2/#primaryimage"},"thumbnailUrl":"https://staging.forenteforlag.no/pax/wp-content/uploads/sites/5/2025/08/jpg-5621.jpg","datePublished":"2008-06-26T00:00:00+00:00","dateModified":"2026-03-03T20:48:46+00:00","breadcrumb":{"@id":"https://staging.forenteforlag.no/pax/produkt/inn-med-idiotene-eller-hvordan-vi-laerte-a-forsta-verden-2/#breadcrumb"},"inLanguage":"nb-NO","potentialAction":[{"@type":"ReadAction","target":["https://staging.forenteforlag.no/pax/produkt/inn-med-idiotene-eller-hvordan-vi-laerte-a-forsta-verden-2/"]}]},{"@type":"ImageObject","inLanguage":"nb-NO","@id":"https://staging.forenteforlag.no/pax/produkt/inn-med-idiotene-eller-hvordan-vi-laerte-a-forsta-verden-2/#primaryimage","url":"https://staging.forenteforlag.no/pax/wp-content/uploads/sites/5/2025/08/jpg-5621.jpg","contentUrl":"https://staging.forenteforlag.no/pax/wp-content/uploads/sites/5/2025/08/jpg-5621.jpg","width":285,"height":450},{"@type":"BreadcrumbList","@id":"https://staging.forenteforlag.no/pax/produkt/inn-med-idiotene-eller-hvordan-vi-laerte-a-forsta-verden-2/#breadcrumb","itemListElement":[{"@type":"ListItem","position":1,"name":"Hjem","item":"https://staging.forenteforlag.no/pax/"},{"@type":"ListItem","position":2,"name":"Alle bøker","item":"https://staging.forenteforlag.no/pax/butikk/"},{"@type":"ListItem","position":3,"name":"Inn med idiotene, eller hvordan vi lærte å forstå verden"}]},{"@type":"WebSite","@id":"https://staging.forenteforlag.no/pax/#website","url":"https://staging.forenteforlag.no/pax/","name":"Pax","description":"","potentialAction":[{"@type":"SearchAction","target":{"@type":"EntryPoint","urlTemplate":"https://staging.forenteforlag.no/pax/?s={search_term_string}"},"query-input":{"@type":"PropertyValueSpecification","valueRequired":true,"valueName":"search_term_string"}}],"inLanguage":"nb-NO"}]}</script>
<!-- / Yoast SEO plugin. -->

Inn med idiotene, eller hvordan vi lærte å forstå verden - Pax

Fire år gammel begynte Kamran Nazeer på en spesialskole for autistiske barn i New York. Tjueto år senere bestemmer han seg for å besøke noen av de gamle klassekameratene. Selv er han i jobb som rådgiver for den britiske regjeringen. Hvordan har det gått med de andre? Inn med idiotene er en velskrevet, bevegende og [&hellip;]

Alle bøker
