{"id":23421,"date":"2017-09-25T02:00:00","date_gmt":"2017-09-25T00:00:00","guid":{"rendered":"https:\/\/pax.forenteforlag.no\/produkt\/den-svovelgule-himmelen\/"},"modified":"2025-08-27T11:33:43","modified_gmt":"2025-08-27T09:33:43","slug":"den-svovelgule-himmelen","status":"publish","type":"product","link":"https:\/\/staging.forenteforlag.no\/pax\/produkt\/den-svovelgule-himmelen\/","title":{"rendered":"Den svovelgule himmelen"},"content":{"rendered":"<p>I 1960-\u00e5renes Helsingfors vokser en ung gutt opp i skyggen av den velst\u00e5ende Rabell-familien, som har et staselig sommersted i n\u00e6rheten av hans egen families enkle feriehytte. Han blir venn med den jevngamle Alex, men oppdager snart at det ligger mye under Rabell-familiens vellykkede overflate. Etter hvert vokser det fram et sterkt, men opprivende kj\u00e6rlighetsforhold mellom ham og Alex&#8217; lilles\u00f8ster Stella. Gjennom \u00e5rtiene fortsetter de to \u00e5 kretse rundt hverandre, uten \u00e5 klare verken \u00e5 velge eller \u00e5 velge bort kj\u00e6rligheten. <\/p>\n<p>Den svovelgule himmelen strekker seg fra barndommens solblekte minner til v\u00e5r tids voksende m\u00f8rke. Det er en mesterlig fortelling om hvordan kj\u00e6rlighet og vennskap oppst\u00e5r og utvikles over tid, men ogs\u00e5 om hvordan dr\u00f8mmer og forestillinger preges av kj\u00f8nn, klasse og tiden vi f\u00f8des inn i. Den svovelgule himmelen er en episk Helsingforsskildring i ekte Kjell West\u00f6-stil, fra en av Finlands store forfattere p\u00e5 sitt aller beste.<\/p>\n","protected":false},"excerpt":{"rendered":"<p>I 1960-\u00e5renes Helsingfors vokser en ung gutt opp i skyggen av den velst\u00e5ende Rabell-familien, som har et staselig sommersted i n\u00e6rheten av hans egen families enkle feriehytte. Han blir venn med den jevngamle Alex, men oppdager snart at det ligger mye under Rabell-familiens vellykkede overflate. Etter hvert vokser det fram et sterkt, men opprivende kj\u00e6rlighetsforhold [&hellip;]<\/p>\n","protected":false},"featured_media":28956,"template":"","meta":{"_acf_changed":false,"inline_featured_image":false},"product_brand":[],"product_cat":[40],"product_tag":[739,1095,1164,510,371,370,513],"class_list":{"0":"post-23421","1":"product","2":"type-product","3":"status-publish","4":"has-post-thumbnail","6":"product_cat-romaner","7":"product_tag-barndom","8":"product_tag-grafiske-romaner","9":"product_tag-helsinki","10":"product_tag-kjaerlighet","11":"product_tag-klasseforskjeller","12":"product_tag-skjonnlitteratur","13":"product_tag-vennskap","14":"pa_format-innbundet","16":"first","17":"outofstock","18":"shipping-taxable","19":"purchasable","20":"product-type-simple"},"acf":{"anmeldelse":null},"yoast_head":"<!-- This site is optimized with the Yoast SEO plugin v26.6 - https:\/\/yoast.com\/wordpress\/plugins\/seo\/ -->\n<title>Den svovelgule himmelen - Pax<\/title>\n<meta name=\"robots\" content=\"noindex, follow, max-snippet:-1, max-image-preview:large, max-video-preview:-1\" \/>\n<meta property=\"og:locale\" content=\"nb_NO\" \/>\n<meta property=\"og:type\" content=\"article\" \/>\n<meta property=\"og:title\" content=\"Den svovelgule himmelen - Pax\" \/>\n<meta property=\"og:description\" content=\"I 1960-\u00e5renes Helsingfors vokser en ung gutt opp i skyggen av den velst\u00e5ende Rabell-familien, som har et staselig sommersted i n\u00e6rheten av hans egen families enkle feriehytte. Han blir venn med den jevngamle Alex, men oppdager snart at det ligger mye under Rabell-familiens vellykkede overflate. Etter hvert vokser det fram et sterkt, men opprivende kj\u00e6rlighetsforhold [&hellip;]\" \/>\n<meta property=\"og:url\" content=\"https:\/\/staging.forenteforlag.no\/pax\/produkt\/den-svovelgule-himmelen\/\" \/>\n<meta property=\"og:site_name\" content=\"Pax\" \/>\n<meta property=\"article:modified_time\" content=\"2025-08-27T09:33:43+00:00\" \/>\n<meta property=\"og:image\" content=\"https:\/\/staging.forenteforlag.no\/pax\/wp-content\/uploads\/sites\/5\/2025\/08\/jpg-8469-scaled.jpg\" \/>\n\t<meta property=\"og:image:width\" content=\"1234\" \/>\n\t<meta property=\"og:image:height\" content=\"1920\" \/>\n\t<meta property=\"og:image:type\" content=\"image\/jpeg\" \/>\n<meta name=\"twitter:card\" content=\"summary_large_image\" \/>\n<meta name=\"twitter:label1\" content=\"Ansl. lesetid\" \/>\n\t<meta name=\"twitter:data1\" content=\"1 minutt\" \/>\n<script type=\"application\/ld+json\" class=\"yoast-schema-graph\">{\"@context\":\"https:\/\/schema.org\",\"@graph\":[{\"@type\":\"WebPage\",\"@id\":\"https:\/\/staging.forenteforlag.no\/pax\/produkt\/den-svovelgule-himmelen\/\",\"url\":\"https:\/\/staging.forenteforlag.no\/pax\/produkt\/den-svovelgule-himmelen\/\",\"name\":\"Den svovelgule himmelen - Pax\",\"isPartOf\":{\"@id\":\"https:\/\/staging.forenteforlag.no\/pax\/#website\"},\"primaryImageOfPage\":{\"@id\":\"https:\/\/staging.forenteforlag.no\/pax\/produkt\/den-svovelgule-himmelen\/#primaryimage\"},\"image\":{\"@id\":\"https:\/\/staging.forenteforlag.no\/pax\/produkt\/den-svovelgule-himmelen\/#primaryimage\"},\"thumbnailUrl\":\"https:\/\/staging.forenteforlag.no\/pax\/wp-content\/uploads\/sites\/5\/2025\/08\/jpg-8469-scaled.jpg\",\"datePublished\":\"2017-09-25T00:00:00+00:00\",\"dateModified\":\"2025-08-27T09:33:43+00:00\",\"breadcrumb\":{\"@id\":\"https:\/\/staging.forenteforlag.no\/pax\/produkt\/den-svovelgule-himmelen\/#breadcrumb\"},\"inLanguage\":\"nb-NO\",\"potentialAction\":[{\"@type\":\"ReadAction\",\"target\":[\"https:\/\/staging.forenteforlag.no\/pax\/produkt\/den-svovelgule-himmelen\/\"]}]},{\"@type\":\"ImageObject\",\"inLanguage\":\"nb-NO\",\"@id\":\"https:\/\/staging.forenteforlag.no\/pax\/produkt\/den-svovelgule-himmelen\/#primaryimage\",\"url\":\"https:\/\/staging.forenteforlag.no\/pax\/wp-content\/uploads\/sites\/5\/2025\/08\/jpg-8469-scaled.jpg\",\"contentUrl\":\"https:\/\/staging.forenteforlag.no\/pax\/wp-content\/uploads\/sites\/5\/2025\/08\/jpg-8469-scaled.jpg\",\"width\":1234,\"height\":1920},{\"@type\":\"BreadcrumbList\",\"@id\":\"https:\/\/staging.forenteforlag.no\/pax\/produkt\/den-svovelgule-himmelen\/#breadcrumb\",\"itemListElement\":[{\"@type\":\"ListItem\",\"position\":1,\"name\":\"Hjem\",\"item\":\"https:\/\/staging.forenteforlag.no\/pax\/\"},{\"@type\":\"ListItem\",\"position\":2,\"name\":\"Alle b\u00f8ker\",\"item\":\"https:\/\/staging.forenteforlag.no\/pax\/butikk\/\"},{\"@type\":\"ListItem\",\"position\":3,\"name\":\"Den svovelgule himmelen\"}]},{\"@type\":\"WebSite\",\"@id\":\"https:\/\/staging.forenteforlag.no\/pax\/#website\",\"url\":\"https:\/\/staging.forenteforlag.no\/pax\/\",\"name\":\"Pax\",\"description\":\"\",\"potentialAction\":[{\"@type\":\"SearchAction\",\"target\":{\"@type\":\"EntryPoint\",\"urlTemplate\":\"https:\/\/staging.forenteforlag.no\/pax\/?s={search_term_string}\"},\"query-input\":{\"@type\":\"PropertyValueSpecification\",\"valueRequired\":true,\"valueName\":\"search_term_string\"}}],\"inLanguage\":\"nb-NO\"}]}<\/script>\n<!-- \/ Yoast SEO plugin. -->","yoast_head_json":{"title":"Den svovelgule himmelen - Pax","robots":{"index":"noindex","follow":"follow","max-snippet":"max-snippet:-1","max-image-preview":"max-image-preview:large","max-video-preview":"max-video-preview:-1"},"og_locale":"nb_NO","og_type":"article","og_title":"Den svovelgule himmelen - Pax","og_description":"I 1960-\u00e5renes Helsingfors vokser en ung gutt opp i skyggen av den velst\u00e5ende Rabell-familien, som har et staselig sommersted i n\u00e6rheten av hans egen families enkle feriehytte. Han blir venn med den jevngamle Alex, men oppdager snart at det ligger mye under Rabell-familiens vellykkede overflate. Etter hvert vokser det fram et sterkt, men opprivende kj\u00e6rlighetsforhold [&hellip;]","og_url":"https:\/\/staging.forenteforlag.no\/pax\/produkt\/den-svovelgule-himmelen\/","og_site_name":"Pax","article_modified_time":"2025-08-27T09:33:43+00:00","og_image":[{"width":1234,"height":1920,"url":"https:\/\/staging.forenteforlag.no\/pax\/wp-content\/uploads\/sites\/5\/2025\/08\/jpg-8469-scaled.jpg","type":"image\/jpeg"}],"twitter_card":"summary_large_image","twitter_misc":{"Ansl. lesetid":"1 minutt"},"schema":{"@context":"https:\/\/schema.org","@graph":[{"@type":"WebPage","@id":"https:\/\/staging.forenteforlag.no\/pax\/produkt\/den-svovelgule-himmelen\/","url":"https:\/\/staging.forenteforlag.no\/pax\/produkt\/den-svovelgule-himmelen\/","name":"Den svovelgule himmelen - Pax","isPartOf":{"@id":"https:\/\/staging.forenteforlag.no\/pax\/#website"},"primaryImageOfPage":{"@id":"https:\/\/staging.forenteforlag.no\/pax\/produkt\/den-svovelgule-himmelen\/#primaryimage"},"image":{"@id":"https:\/\/staging.forenteforlag.no\/pax\/produkt\/den-svovelgule-himmelen\/#primaryimage"},"thumbnailUrl":"https:\/\/staging.forenteforlag.no\/pax\/wp-content\/uploads\/sites\/5\/2025\/08\/jpg-8469-scaled.jpg","datePublished":"2017-09-25T00:00:00+00:00","dateModified":"2025-08-27T09:33:43+00:00","breadcrumb":{"@id":"https:\/\/staging.forenteforlag.no\/pax\/produkt\/den-svovelgule-himmelen\/#breadcrumb"},"inLanguage":"nb-NO","potentialAction":[{"@type":"ReadAction","target":["https:\/\/staging.forenteforlag.no\/pax\/produkt\/den-svovelgule-himmelen\/"]}]},{"@type":"ImageObject","inLanguage":"nb-NO","@id":"https:\/\/staging.forenteforlag.no\/pax\/produkt\/den-svovelgule-himmelen\/#primaryimage","url":"https:\/\/staging.forenteforlag.no\/pax\/wp-content\/uploads\/sites\/5\/2025\/08\/jpg-8469-scaled.jpg","contentUrl":"https:\/\/staging.forenteforlag.no\/pax\/wp-content\/uploads\/sites\/5\/2025\/08\/jpg-8469-scaled.jpg","width":1234,"height":1920},{"@type":"BreadcrumbList","@id":"https:\/\/staging.forenteforlag.no\/pax\/produkt\/den-svovelgule-himmelen\/#breadcrumb","itemListElement":[{"@type":"ListItem","position":1,"name":"Hjem","item":"https:\/\/staging.forenteforlag.no\/pax\/"},{"@type":"ListItem","position":2,"name":"Alle b\u00f8ker","item":"https:\/\/staging.forenteforlag.no\/pax\/butikk\/"},{"@type":"ListItem","position":3,"name":"Den svovelgule himmelen"}]},{"@type":"WebSite","@id":"https:\/\/staging.forenteforlag.no\/pax\/#website","url":"https:\/\/staging.forenteforlag.no\/pax\/","name":"Pax","description":"","potentialAction":[{"@type":"SearchAction","target":{"@type":"EntryPoint","urlTemplate":"https:\/\/staging.forenteforlag.no\/pax\/?s={search_term_string}"},"query-input":{"@type":"PropertyValueSpecification","valueRequired":true,"valueName":"search_term_string"}}],"inLanguage":"nb-NO"}]}},"_links":{"self":[{"href":"https:\/\/staging.forenteforlag.no\/pax\/wp-json\/wp\/v2\/product\/23421","targetHints":{"allow":["GET"]}}],"collection":[{"href":"https:\/\/staging.forenteforlag.no\/pax\/wp-json\/wp\/v2\/product"}],"about":[{"href":"https:\/\/staging.forenteforlag.no\/pax\/wp-json\/wp\/v2\/types\/product"}],"wp:featuredmedia":[{"embeddable":true,"href":"https:\/\/staging.forenteforlag.no\/pax\/wp-json\/wp\/v2\/media\/28956"}],"wp:attachment":[{"href":"https:\/\/staging.forenteforlag.no\/pax\/wp-json\/wp\/v2\/media?parent=23421"}],"wp:term":[{"taxonomy":"product_brand","embeddable":true,"href":"https:\/\/staging.forenteforlag.no\/pax\/wp-json\/wp\/v2\/product_brand?post=23421"},{"taxonomy":"product_cat","embeddable":true,"href":"https:\/\/staging.forenteforlag.no\/pax\/wp-json\/wp\/v2\/product_cat?post=23421"},{"taxonomy":"product_tag","embeddable":true,"href":"https:\/\/staging.forenteforlag.no\/pax\/wp-json\/wp\/v2\/product_tag?post=23421"}],"curies":[{"name":"wp","href":"https:\/\/api.w.org\/{rel}","templated":true}]}}

<p>I 1960-årenes Helsingfors vokser en ung gutt opp i skyggen av den velstående Rabell-familien, som har et staselig sommersted i nærheten av hans egen families enkle feriehytte. Han blir venn med den jevngamle Alex, men oppdager snart at det ligger mye under Rabell-familiens vellykkede overflate. Etter hvert vokser det fram et sterkt, men opprivende kjærlighetsforhold mellom ham og Alex&#8217; lillesøster Stella. Gjennom årtiene fortsetter de to å kretse rundt hverandre, uten å klare verken å velge eller å velge bort kjærligheten. </p>
<p>Den svovelgule himmelen strekker seg fra barndommens solblekte minner til vår tids voksende mørke. Det er en mesterlig fortelling om hvordan kjærlighet og vennskap oppstår og utvikles over tid, men også om hvordan drømmer og forestillinger preges av kjønn, klasse og tiden vi fødes inn i. Den svovelgule himmelen er en episk Helsingforsskildring i ekte Kjell Westö-stil, fra en av Finlands store forfattere på sitt aller beste.</p>

<p>I 1960-årenes Helsingfors vokser en ung gutt opp i skyggen av den velstående Rabell-familien, som har et staselig sommersted i nærheten av hans egen families enkle feriehytte. Han blir venn med den jevngamle Alex, men oppdager snart at det ligger mye under Rabell-familiens vellykkede overflate. Etter hvert vokser det fram et sterkt, men opprivende kjærlighetsforhold [&hellip;]</p>

<!-- This site is optimized with the Yoast SEO plugin v26.6 - https://yoast.com/wordpress/plugins/seo/ -->
<title>Den svovelgule himmelen - Pax</title>
<meta name="robots" content="noindex, follow, max-snippet:-1, max-image-preview:large, max-video-preview:-1" />
<meta property="og:locale" content="nb_NO" />
<meta property="og:type" content="article" />
<meta property="og:title" content="Den svovelgule himmelen - Pax" />
<meta property="og:description" content="I 1960-årenes Helsingfors vokser en ung gutt opp i skyggen av den velstående Rabell-familien, som har et staselig sommersted i nærheten av hans egen families enkle feriehytte. Han blir venn med den jevngamle Alex, men oppdager snart at det ligger mye under Rabell-familiens vellykkede overflate. Etter hvert vokser det fram et sterkt, men opprivende kjærlighetsforhold [&hellip;]" />
<meta property="og:url" content="https://staging.forenteforlag.no/pax/produkt/den-svovelgule-himmelen/" />
<meta property="og:site_name" content="Pax" />
<meta property="article:modified_time" content="2025-08-27T09:33:43+00:00" />
<meta property="og:image" content="https://staging.forenteforlag.no/pax/wp-content/uploads/sites/5/2025/08/jpg-8469-scaled.jpg" />
	<meta property="og:image:width" content="1234" />
	<meta property="og:image:height" content="1920" />
	<meta property="og:image:type" content="image/jpeg" />
<meta name="twitter:card" content="summary_large_image" />
<meta name="twitter:label1" content="Ansl. lesetid" />
	<meta name="twitter:data1" content="1 minutt" />
<script type="application/ld+json" class="yoast-schema-graph">{"@context":"https://schema.org","@graph":[{"@type":"WebPage","@id":"https://staging.forenteforlag.no/pax/produkt/den-svovelgule-himmelen/","url":"https://staging.forenteforlag.no/pax/produkt/den-svovelgule-himmelen/","name":"Den svovelgule himmelen - Pax","isPartOf":{"@id":"https://staging.forenteforlag.no/pax/#website"},"primaryImageOfPage":{"@id":"https://staging.forenteforlag.no/pax/produkt/den-svovelgule-himmelen/#primaryimage"},"image":{"@id":"https://staging.forenteforlag.no/pax/produkt/den-svovelgule-himmelen/#primaryimage"},"thumbnailUrl":"https://staging.forenteforlag.no/pax/wp-content/uploads/sites/5/2025/08/jpg-8469-scaled.jpg","datePublished":"2017-09-25T00:00:00+00:00","dateModified":"2025-08-27T09:33:43+00:00","breadcrumb":{"@id":"https://staging.forenteforlag.no/pax/produkt/den-svovelgule-himmelen/#breadcrumb"},"inLanguage":"nb-NO","potentialAction":[{"@type":"ReadAction","target":["https://staging.forenteforlag.no/pax/produkt/den-svovelgule-himmelen/"]}]},{"@type":"ImageObject","inLanguage":"nb-NO","@id":"https://staging.forenteforlag.no/pax/produkt/den-svovelgule-himmelen/#primaryimage","url":"https://staging.forenteforlag.no/pax/wp-content/uploads/sites/5/2025/08/jpg-8469-scaled.jpg","contentUrl":"https://staging.forenteforlag.no/pax/wp-content/uploads/sites/5/2025/08/jpg-8469-scaled.jpg","width":1234,"height":1920},{"@type":"BreadcrumbList","@id":"https://staging.forenteforlag.no/pax/produkt/den-svovelgule-himmelen/#breadcrumb","itemListElement":[{"@type":"ListItem","position":1,"name":"Hjem","item":"https://staging.forenteforlag.no/pax/"},{"@type":"ListItem","position":2,"name":"Alle bøker","item":"https://staging.forenteforlag.no/pax/butikk/"},{"@type":"ListItem","position":3,"name":"Den svovelgule himmelen"}]},{"@type":"WebSite","@id":"https://staging.forenteforlag.no/pax/#website","url":"https://staging.forenteforlag.no/pax/","name":"Pax","description":"","potentialAction":[{"@type":"SearchAction","target":{"@type":"EntryPoint","urlTemplate":"https://staging.forenteforlag.no/pax/?s={search_term_string}"},"query-input":{"@type":"PropertyValueSpecification","valueRequired":true,"valueName":"search_term_string"}}],"inLanguage":"nb-NO"}]}</script>
<!-- / Yoast SEO plugin. -->

I 1960-årenes Helsingfors vokser en ung gutt opp i skyggen av den velstående Rabell-familien, som har et staselig sommersted i nærheten av hans egen families enkle feriehytte. Han blir venn med den jevngamle Alex, men oppdager snart at det ligger mye under Rabell-familiens vellykkede overflate. Etter hvert vokser det fram et sterkt, men opprivende kjærlighetsforhold [&hellip;]

Alle bøker
