{"id":23362,"date":"2024-12-10T22:42:34","date_gmt":"2024-12-10T21:42:34","guid":{"rendered":"https:\/\/pax.forenteforlag.no\/produkt\/hildas-sang\/"},"modified":"2026-03-04T18:16:21","modified_gmt":"2026-03-04T17:16:21","slug":"hildas-sang","status":"publish","type":"product","link":"https:\/\/staging.forenteforlag.no\/pax\/produkt\/hildas-sang\/","title":{"rendered":"Hildas sang"},"content":{"rendered":"<p>I denne historiske romanen fra 600-tallets England, m\u00f8ter leseren Hilda som ung dronning. Hun unng\u00e5r \u00e5 bli slaktet som de andre i sitt f\u00f8lge. Hennes forhold til tvillings\u00f8nnene, religionen og mennene i livet hennes former fortellingen, samtidig som diskusjonene med ektemannen om krig og fred, religion og kj\u00e6rlighet danner grunntemaene i romanen. Boka ender p\u00e5 Hildas d\u00f8dsleie, etter mange \u00e5r som abbedisse for klosteret Whitby, forsonet med Gud og verden. Bokas tillegg inneholder slektstavler, oversikt over personer, stedsnavn og folkeslag m.m.<\/p>\n","protected":false},"excerpt":{"rendered":"<p>I denne historiske romanen fra 600-tallets England, m\u00f8ter leseren Hilda som ung dronning. Hun unng\u00e5r \u00e5 bli slaktet som de andre i sitt f\u00f8lge. Hennes forhold til tvillings\u00f8nnene, religionen og mennene i livet hennes former fortellingen, samtidig som diskusjonene med ektemannen om krig og fred, religion og kj\u00e6rlighet danner grunntemaene i romanen. Boka ender p\u00e5 [&hellip;]<\/p>\n","protected":false},"featured_media":0,"template":"","meta":{"_acf_changed":false,"inline_featured_image":false},"product_brand":[],"product_cat":[1782],"product_tag":[414,1095,400,789,370],"class_list":{"0":"post-23362","1":"product","2":"type-product","3":"status-publish","5":"product_cat-fripris","6":"product_tag-england","7":"product_tag-grafiske-romaner","8":"product_tag-historisk-litteratur","9":"product_tag-hoymiddelalderen","10":"product_tag-skjonnlitteratur","12":"first","13":"outofstock","14":"taxable","15":"shipping-taxable","16":"purchasable","17":"product-type-simple"},"acf":{"anmeldelse":null},"yoast_head":"<!-- This site is optimized with the Yoast SEO plugin v26.6 - https:\/\/yoast.com\/wordpress\/plugins\/seo\/ -->\n<title>Hildas sang - Pax<\/title>\n<meta name=\"robots\" content=\"noindex, follow, max-snippet:-1, max-image-preview:large, max-video-preview:-1\" \/>\n<meta property=\"og:locale\" content=\"nb_NO\" \/>\n<meta property=\"og:type\" content=\"article\" \/>\n<meta property=\"og:title\" content=\"Hildas sang - Pax\" \/>\n<meta property=\"og:description\" content=\"I denne historiske romanen fra 600-tallets England, m\u00f8ter leseren Hilda som ung dronning. Hun unng\u00e5r \u00e5 bli slaktet som de andre i sitt f\u00f8lge. Hennes forhold til tvillings\u00f8nnene, religionen og mennene i livet hennes former fortellingen, samtidig som diskusjonene med ektemannen om krig og fred, religion og kj\u00e6rlighet danner grunntemaene i romanen. Boka ender p\u00e5 [&hellip;]\" \/>\n<meta property=\"og:url\" content=\"https:\/\/staging.forenteforlag.no\/pax\/produkt\/hildas-sang\/\" \/>\n<meta property=\"og:site_name\" content=\"Pax\" \/>\n<meta property=\"article:modified_time\" content=\"2026-03-04T17:16:21+00:00\" \/>\n<meta property=\"og:image\" content=\"https:\/\/staging.forenteforlag.no\/pax\/wp-content\/uploads\/sites\/5\/2025\/02\/pax-hvit.jpg\" \/>\n\t<meta property=\"og:image:width\" content=\"1200\" \/>\n\t<meta property=\"og:image:height\" content=\"800\" \/>\n\t<meta property=\"og:image:type\" content=\"image\/jpeg\" \/>\n<meta name=\"twitter:card\" content=\"summary_large_image\" \/>\n<script type=\"application\/ld+json\" class=\"yoast-schema-graph\">{\"@context\":\"https:\/\/schema.org\",\"@graph\":[{\"@type\":\"WebPage\",\"@id\":\"https:\/\/staging.forenteforlag.no\/pax\/produkt\/hildas-sang\/\",\"url\":\"https:\/\/staging.forenteforlag.no\/pax\/produkt\/hildas-sang\/\",\"name\":\"Hildas sang - Pax\",\"isPartOf\":{\"@id\":\"https:\/\/staging.forenteforlag.no\/pax\/#website\"},\"datePublished\":\"2024-12-10T21:42:34+00:00\",\"dateModified\":\"2026-03-04T17:16:21+00:00\",\"breadcrumb\":{\"@id\":\"https:\/\/staging.forenteforlag.no\/pax\/produkt\/hildas-sang\/#breadcrumb\"},\"inLanguage\":\"nb-NO\",\"potentialAction\":[{\"@type\":\"ReadAction\",\"target\":[\"https:\/\/staging.forenteforlag.no\/pax\/produkt\/hildas-sang\/\"]}]},{\"@type\":\"BreadcrumbList\",\"@id\":\"https:\/\/staging.forenteforlag.no\/pax\/produkt\/hildas-sang\/#breadcrumb\",\"itemListElement\":[{\"@type\":\"ListItem\",\"position\":1,\"name\":\"Hjem\",\"item\":\"https:\/\/staging.forenteforlag.no\/pax\/\"},{\"@type\":\"ListItem\",\"position\":2,\"name\":\"Alle b\u00f8ker\",\"item\":\"https:\/\/staging.forenteforlag.no\/pax\/butikk\/\"},{\"@type\":\"ListItem\",\"position\":3,\"name\":\"Hildas sang\"}]},{\"@type\":\"WebSite\",\"@id\":\"https:\/\/staging.forenteforlag.no\/pax\/#website\",\"url\":\"https:\/\/staging.forenteforlag.no\/pax\/\",\"name\":\"Pax\",\"description\":\"\",\"potentialAction\":[{\"@type\":\"SearchAction\",\"target\":{\"@type\":\"EntryPoint\",\"urlTemplate\":\"https:\/\/staging.forenteforlag.no\/pax\/?s={search_term_string}\"},\"query-input\":{\"@type\":\"PropertyValueSpecification\",\"valueRequired\":true,\"valueName\":\"search_term_string\"}}],\"inLanguage\":\"nb-NO\"}]}<\/script>\n<!-- \/ Yoast SEO plugin. -->","yoast_head_json":{"title":"Hildas sang - Pax","robots":{"index":"noindex","follow":"follow","max-snippet":"max-snippet:-1","max-image-preview":"max-image-preview:large","max-video-preview":"max-video-preview:-1"},"og_locale":"nb_NO","og_type":"article","og_title":"Hildas sang - Pax","og_description":"I denne historiske romanen fra 600-tallets England, m\u00f8ter leseren Hilda som ung dronning. Hun unng\u00e5r \u00e5 bli slaktet som de andre i sitt f\u00f8lge. Hennes forhold til tvillings\u00f8nnene, religionen og mennene i livet hennes former fortellingen, samtidig som diskusjonene med ektemannen om krig og fred, religion og kj\u00e6rlighet danner grunntemaene i romanen. Boka ender p\u00e5 [&hellip;]","og_url":"https:\/\/staging.forenteforlag.no\/pax\/produkt\/hildas-sang\/","og_site_name":"Pax","article_modified_time":"2026-03-04T17:16:21+00:00","og_image":[{"width":1200,"height":800,"url":"https:\/\/staging.forenteforlag.no\/pax\/wp-content\/uploads\/sites\/5\/2025\/02\/pax-hvit.jpg","type":"image\/jpeg"}],"twitter_card":"summary_large_image","schema":{"@context":"https:\/\/schema.org","@graph":[{"@type":"WebPage","@id":"https:\/\/staging.forenteforlag.no\/pax\/produkt\/hildas-sang\/","url":"https:\/\/staging.forenteforlag.no\/pax\/produkt\/hildas-sang\/","name":"Hildas sang - Pax","isPartOf":{"@id":"https:\/\/staging.forenteforlag.no\/pax\/#website"},"datePublished":"2024-12-10T21:42:34+00:00","dateModified":"2026-03-04T17:16:21+00:00","breadcrumb":{"@id":"https:\/\/staging.forenteforlag.no\/pax\/produkt\/hildas-sang\/#breadcrumb"},"inLanguage":"nb-NO","potentialAction":[{"@type":"ReadAction","target":["https:\/\/staging.forenteforlag.no\/pax\/produkt\/hildas-sang\/"]}]},{"@type":"BreadcrumbList","@id":"https:\/\/staging.forenteforlag.no\/pax\/produkt\/hildas-sang\/#breadcrumb","itemListElement":[{"@type":"ListItem","position":1,"name":"Hjem","item":"https:\/\/staging.forenteforlag.no\/pax\/"},{"@type":"ListItem","position":2,"name":"Alle b\u00f8ker","item":"https:\/\/staging.forenteforlag.no\/pax\/butikk\/"},{"@type":"ListItem","position":3,"name":"Hildas sang"}]},{"@type":"WebSite","@id":"https:\/\/staging.forenteforlag.no\/pax\/#website","url":"https:\/\/staging.forenteforlag.no\/pax\/","name":"Pax","description":"","potentialAction":[{"@type":"SearchAction","target":{"@type":"EntryPoint","urlTemplate":"https:\/\/staging.forenteforlag.no\/pax\/?s={search_term_string}"},"query-input":{"@type":"PropertyValueSpecification","valueRequired":true,"valueName":"search_term_string"}}],"inLanguage":"nb-NO"}]}},"_links":{"self":[{"href":"https:\/\/staging.forenteforlag.no\/pax\/wp-json\/wp\/v2\/product\/23362","targetHints":{"allow":["GET"]}}],"collection":[{"href":"https:\/\/staging.forenteforlag.no\/pax\/wp-json\/wp\/v2\/product"}],"about":[{"href":"https:\/\/staging.forenteforlag.no\/pax\/wp-json\/wp\/v2\/types\/product"}],"wp:attachment":[{"href":"https:\/\/staging.forenteforlag.no\/pax\/wp-json\/wp\/v2\/media?parent=23362"}],"wp:term":[{"taxonomy":"product_brand","embeddable":true,"href":"https:\/\/staging.forenteforlag.no\/pax\/wp-json\/wp\/v2\/product_brand?post=23362"},{"taxonomy":"product_cat","embeddable":true,"href":"https:\/\/staging.forenteforlag.no\/pax\/wp-json\/wp\/v2\/product_cat?post=23362"},{"taxonomy":"product_tag","embeddable":true,"href":"https:\/\/staging.forenteforlag.no\/pax\/wp-json\/wp\/v2\/product_tag?post=23362"}],"curies":[{"name":"wp","href":"https:\/\/api.w.org\/{rel}","templated":true}]}}