{"id":23346,"date":"2024-12-10T22:42:13","date_gmt":"2024-12-10T21:42:13","guid":{"rendered":"https:\/\/pax.forenteforlag.no\/produkt\/samlede-verker-bd-1-15\/"},"modified":"2026-03-04T20:46:11","modified_gmt":"2026-03-04T19:46:11","slug":"samlede-verker-bd-1-15","status":"publish","type":"product","link":"https:\/\/staging.forenteforlag.no\/pax\/produkt\/samlede-verker-bd-1-15\/","title":{"rendered":"Samlede verker. Bd. 1-15"},"content":{"rendered":"<p>Innhold: Dagdrivergjengen. Vredens druer. Den r\u00f8de folen og andre fortellinger. Om mus og menn. \u00d8st for Eden 1. \u00d8st for Eden 2. Natt uten m\u00e5ne. V\u00e5r misn\u00f8yes vinter. Til en ukjent gud. Alle tiders torsdag. Cannery Row. Det ukuelige sinn. Turen med Charley. Perlen. Paradisets enger.<\/p>\n","protected":false},"excerpt":{"rendered":"<p>Innhold: Dagdrivergjengen. Vredens druer. Den r\u00f8de folen og andre fortellinger. Om mus og menn. \u00d8st for Eden 1. \u00d8st for Eden 2. Natt uten m\u00e5ne. V\u00e5r misn\u00f8yes vinter. Til en ukjent gud. Alle tiders torsdag. Cannery Row. Det ukuelige sinn. Turen med Charley. Perlen. Paradisets enger.<\/p>\n","protected":false},"featured_media":0,"template":"","meta":{"_acf_changed":false,"inline_featured_image":false},"product_brand":[],"product_cat":[1782],"product_tag":[362,1095,370],"class_list":{"0":"post-23346","1":"product","2":"type-product","3":"status-publish","5":"product_cat-fripris","6":"product_tag-faglitteratur","7":"product_tag-grafiske-romaner","8":"product_tag-skjonnlitteratur","10":"first","11":"outofstock","12":"taxable","13":"shipping-taxable","14":"purchasable","15":"product-type-simple"},"acf":{"anmeldelse":null},"yoast_head":"<!-- This site is optimized with the Yoast SEO plugin v26.6 - https:\/\/yoast.com\/wordpress\/plugins\/seo\/ -->\n<title>Samlede verker. Bd. 1-15 - Pax<\/title>\n<meta name=\"robots\" content=\"noindex, follow, max-snippet:-1, max-image-preview:large, max-video-preview:-1\" \/>\n<meta property=\"og:locale\" content=\"nb_NO\" \/>\n<meta property=\"og:type\" content=\"article\" \/>\n<meta property=\"og:title\" content=\"Samlede verker. Bd. 1-15 - Pax\" \/>\n<meta property=\"og:description\" content=\"Innhold: Dagdrivergjengen. Vredens druer. Den r\u00f8de folen og andre fortellinger. Om mus og menn. \u00d8st for Eden 1. \u00d8st for Eden 2. Natt uten m\u00e5ne. V\u00e5r misn\u00f8yes vinter. Til en ukjent gud. Alle tiders torsdag. Cannery Row. Det ukuelige sinn. Turen med Charley. Perlen. Paradisets enger.\" \/>\n<meta property=\"og:url\" content=\"https:\/\/staging.forenteforlag.no\/pax\/produkt\/samlede-verker-bd-1-15\/\" \/>\n<meta property=\"og:site_name\" content=\"Pax\" \/>\n<meta property=\"article:modified_time\" content=\"2026-03-04T19:46:11+00:00\" \/>\n<meta property=\"og:image\" content=\"https:\/\/staging.forenteforlag.no\/pax\/wp-content\/uploads\/sites\/5\/2025\/02\/pax-hvit.jpg\" \/>\n\t<meta property=\"og:image:width\" content=\"1200\" \/>\n\t<meta property=\"og:image:height\" content=\"800\" \/>\n\t<meta property=\"og:image:type\" content=\"image\/jpeg\" \/>\n<meta name=\"twitter:card\" content=\"summary_large_image\" \/>\n<script type=\"application\/ld+json\" class=\"yoast-schema-graph\">{\"@context\":\"https:\/\/schema.org\",\"@graph\":[{\"@type\":\"WebPage\",\"@id\":\"https:\/\/staging.forenteforlag.no\/pax\/produkt\/samlede-verker-bd-1-15\/\",\"url\":\"https:\/\/staging.forenteforlag.no\/pax\/produkt\/samlede-verker-bd-1-15\/\",\"name\":\"Samlede verker. Bd. 1-15 - Pax\",\"isPartOf\":{\"@id\":\"https:\/\/staging.forenteforlag.no\/pax\/#website\"},\"datePublished\":\"2024-12-10T21:42:13+00:00\",\"dateModified\":\"2026-03-04T19:46:11+00:00\",\"breadcrumb\":{\"@id\":\"https:\/\/staging.forenteforlag.no\/pax\/produkt\/samlede-verker-bd-1-15\/#breadcrumb\"},\"inLanguage\":\"nb-NO\",\"potentialAction\":[{\"@type\":\"ReadAction\",\"target\":[\"https:\/\/staging.forenteforlag.no\/pax\/produkt\/samlede-verker-bd-1-15\/\"]}]},{\"@type\":\"BreadcrumbList\",\"@id\":\"https:\/\/staging.forenteforlag.no\/pax\/produkt\/samlede-verker-bd-1-15\/#breadcrumb\",\"itemListElement\":[{\"@type\":\"ListItem\",\"position\":1,\"name\":\"Hjem\",\"item\":\"https:\/\/staging.forenteforlag.no\/pax\/\"},{\"@type\":\"ListItem\",\"position\":2,\"name\":\"Alle b\u00f8ker\",\"item\":\"https:\/\/staging.forenteforlag.no\/pax\/butikk\/\"},{\"@type\":\"ListItem\",\"position\":3,\"name\":\"Samlede verker. Bd. 1-15\"}]},{\"@type\":\"WebSite\",\"@id\":\"https:\/\/staging.forenteforlag.no\/pax\/#website\",\"url\":\"https:\/\/staging.forenteforlag.no\/pax\/\",\"name\":\"Pax\",\"description\":\"\",\"potentialAction\":[{\"@type\":\"SearchAction\",\"target\":{\"@type\":\"EntryPoint\",\"urlTemplate\":\"https:\/\/staging.forenteforlag.no\/pax\/?s={search_term_string}\"},\"query-input\":{\"@type\":\"PropertyValueSpecification\",\"valueRequired\":true,\"valueName\":\"search_term_string\"}}],\"inLanguage\":\"nb-NO\"}]}<\/script>\n<!-- \/ Yoast SEO plugin. -->","yoast_head_json":{"title":"Samlede verker. Bd. 1-15 - Pax","robots":{"index":"noindex","follow":"follow","max-snippet":"max-snippet:-1","max-image-preview":"max-image-preview:large","max-video-preview":"max-video-preview:-1"},"og_locale":"nb_NO","og_type":"article","og_title":"Samlede verker. Bd. 1-15 - Pax","og_description":"Innhold: Dagdrivergjengen. Vredens druer. Den r\u00f8de folen og andre fortellinger. Om mus og menn. \u00d8st for Eden 1. \u00d8st for Eden 2. Natt uten m\u00e5ne. V\u00e5r misn\u00f8yes vinter. Til en ukjent gud. Alle tiders torsdag. Cannery Row. Det ukuelige sinn. Turen med Charley. Perlen. Paradisets enger.","og_url":"https:\/\/staging.forenteforlag.no\/pax\/produkt\/samlede-verker-bd-1-15\/","og_site_name":"Pax","article_modified_time":"2026-03-04T19:46:11+00:00","og_image":[{"width":1200,"height":800,"url":"https:\/\/staging.forenteforlag.no\/pax\/wp-content\/uploads\/sites\/5\/2025\/02\/pax-hvit.jpg","type":"image\/jpeg"}],"twitter_card":"summary_large_image","schema":{"@context":"https:\/\/schema.org","@graph":[{"@type":"WebPage","@id":"https:\/\/staging.forenteforlag.no\/pax\/produkt\/samlede-verker-bd-1-15\/","url":"https:\/\/staging.forenteforlag.no\/pax\/produkt\/samlede-verker-bd-1-15\/","name":"Samlede verker. Bd. 1-15 - Pax","isPartOf":{"@id":"https:\/\/staging.forenteforlag.no\/pax\/#website"},"datePublished":"2024-12-10T21:42:13+00:00","dateModified":"2026-03-04T19:46:11+00:00","breadcrumb":{"@id":"https:\/\/staging.forenteforlag.no\/pax\/produkt\/samlede-verker-bd-1-15\/#breadcrumb"},"inLanguage":"nb-NO","potentialAction":[{"@type":"ReadAction","target":["https:\/\/staging.forenteforlag.no\/pax\/produkt\/samlede-verker-bd-1-15\/"]}]},{"@type":"BreadcrumbList","@id":"https:\/\/staging.forenteforlag.no\/pax\/produkt\/samlede-verker-bd-1-15\/#breadcrumb","itemListElement":[{"@type":"ListItem","position":1,"name":"Hjem","item":"https:\/\/staging.forenteforlag.no\/pax\/"},{"@type":"ListItem","position":2,"name":"Alle b\u00f8ker","item":"https:\/\/staging.forenteforlag.no\/pax\/butikk\/"},{"@type":"ListItem","position":3,"name":"Samlede verker. Bd. 1-15"}]},{"@type":"WebSite","@id":"https:\/\/staging.forenteforlag.no\/pax\/#website","url":"https:\/\/staging.forenteforlag.no\/pax\/","name":"Pax","description":"","potentialAction":[{"@type":"SearchAction","target":{"@type":"EntryPoint","urlTemplate":"https:\/\/staging.forenteforlag.no\/pax\/?s={search_term_string}"},"query-input":{"@type":"PropertyValueSpecification","valueRequired":true,"valueName":"search_term_string"}}],"inLanguage":"nb-NO"}]}},"_links":{"self":[{"href":"https:\/\/staging.forenteforlag.no\/pax\/wp-json\/wp\/v2\/product\/23346","targetHints":{"allow":["GET"]}}],"collection":[{"href":"https:\/\/staging.forenteforlag.no\/pax\/wp-json\/wp\/v2\/product"}],"about":[{"href":"https:\/\/staging.forenteforlag.no\/pax\/wp-json\/wp\/v2\/types\/product"}],"wp:attachment":[{"href":"https:\/\/staging.forenteforlag.no\/pax\/wp-json\/wp\/v2\/media?parent=23346"}],"wp:term":[{"taxonomy":"product_brand","embeddable":true,"href":"https:\/\/staging.forenteforlag.no\/pax\/wp-json\/wp\/v2\/product_brand?post=23346"},{"taxonomy":"product_cat","embeddable":true,"href":"https:\/\/staging.forenteforlag.no\/pax\/wp-json\/wp\/v2\/product_cat?post=23346"},{"taxonomy":"product_tag","embeddable":true,"href":"https:\/\/staging.forenteforlag.no\/pax\/wp-json\/wp\/v2\/product_tag?post=23346"}],"curies":[{"name":"wp","href":"https:\/\/api.w.org\/{rel}","templated":true}]}}