{"id":23188,"date":"2013-09-16T02:00:00","date_gmt":"2013-09-16T00:00:00","guid":{"rendered":"https:\/\/pax.forenteforlag.no\/produkt\/en-elv-av-royk\/"},"modified":"2026-03-03T22:31:21","modified_gmt":"2026-03-03T21:31:21","slug":"en-elv-av-royk","status":"publish","type":"product","link":"https:\/\/staging.forenteforlag.no\/pax\/produkt\/en-elv-av-royk\/","title":{"rendered":"En elv av r\u00f8yk"},"content":{"rendered":"<p>I september 1838 blir skipet Ibis rammet av storm p\u00e5 vei fra India til Mauritius med en last av straffanger og kontraktsfestede arbeidere. N\u00e5r stormen l\u00f8yer, har fem menn flyktet: to sj\u00f8menn, en arbeider, og to straffanger. Den samme stormen griper ogs\u00e5 inn i livene til menneskene om bord p\u00e5 andre skip i omr\u00e5det, Anahita seiler mot Kanton med en stor last opium, og Redruth er p\u00e5 vei fra England med en last av planter som skal byttes i sjeldne vekster fra Kina. Over dem alle henger trusselen om fiendtligheter mellom Kina og Storbritannia. Den kinesiske keiseren vil ha en slutt p\u00e5 opiumsimporten fra Vesten og India, men opiumshandlerne vil ikke gi seg uten kamp. Mange skjebner st\u00e5r p\u00e5 spill.<\/p>\n","protected":false},"excerpt":{"rendered":"<p>I september 1838 blir skipet Ibis rammet av storm p\u00e5 vei fra India til Mauritius med en last av straffanger og kontraktsfestede arbeidere. N\u00e5r stormen l\u00f8yer, har fem menn flyktet: to sj\u00f8menn, en arbeider, og to straffanger. Den samme stormen griper ogs\u00e5 inn i livene til menneskene om bord p\u00e5 andre skip i omr\u00e5det, Anahita [&hellip;]<\/p>\n","protected":false},"featured_media":27898,"template":"","meta":{"_acf_changed":false,"inline_featured_image":false},"product_brand":[],"product_cat":[1782],"product_tag":[370],"class_list":{"0":"post-23188","1":"product","2":"type-product","3":"status-publish","4":"has-post-thumbnail","6":"product_cat-fripris","7":"product_tag-skjonnlitteratur","9":"first","10":"outofstock","11":"shipping-taxable","12":"purchasable","13":"product-type-simple"},"acf":{"anmeldelse":null},"yoast_head":"<!-- This site is optimized with the Yoast SEO plugin v26.6 - https:\/\/yoast.com\/wordpress\/plugins\/seo\/ -->\n<title>En elv av r\u00f8yk - Pax<\/title>\n<meta name=\"robots\" content=\"noindex, follow, max-snippet:-1, max-image-preview:large, max-video-preview:-1\" \/>\n<meta property=\"og:locale\" content=\"nb_NO\" \/>\n<meta property=\"og:type\" content=\"article\" \/>\n<meta property=\"og:title\" content=\"En elv av r\u00f8yk - Pax\" \/>\n<meta property=\"og:description\" content=\"I september 1838 blir skipet Ibis rammet av storm p\u00e5 vei fra India til Mauritius med en last av straffanger og kontraktsfestede arbeidere. N\u00e5r stormen l\u00f8yer, har fem menn flyktet: to sj\u00f8menn, en arbeider, og to straffanger. Den samme stormen griper ogs\u00e5 inn i livene til menneskene om bord p\u00e5 andre skip i omr\u00e5det, Anahita [&hellip;]\" \/>\n<meta property=\"og:url\" content=\"https:\/\/staging.forenteforlag.no\/pax\/produkt\/en-elv-av-royk\/\" \/>\n<meta property=\"og:site_name\" content=\"Pax\" \/>\n<meta property=\"article:modified_time\" content=\"2026-03-03T21:31:21+00:00\" \/>\n<meta property=\"og:image\" content=\"https:\/\/staging.forenteforlag.no\/pax\/wp-content\/uploads\/sites\/5\/2025\/08\/jpg-5388.jpg\" \/>\n\t<meta property=\"og:image:width\" content=\"285\" \/>\n\t<meta property=\"og:image:height\" content=\"450\" \/>\n\t<meta property=\"og:image:type\" content=\"image\/jpeg\" \/>\n<meta name=\"twitter:card\" content=\"summary_large_image\" \/>\n<meta name=\"twitter:label1\" content=\"Ansl. lesetid\" \/>\n\t<meta name=\"twitter:data1\" content=\"1 minutt\" \/>\n<script type=\"application\/ld+json\" class=\"yoast-schema-graph\">{\"@context\":\"https:\/\/schema.org\",\"@graph\":[{\"@type\":\"WebPage\",\"@id\":\"https:\/\/staging.forenteforlag.no\/pax\/produkt\/en-elv-av-royk\/\",\"url\":\"https:\/\/staging.forenteforlag.no\/pax\/produkt\/en-elv-av-royk\/\",\"name\":\"En elv av r\u00f8yk - Pax\",\"isPartOf\":{\"@id\":\"https:\/\/staging.forenteforlag.no\/pax\/#website\"},\"primaryImageOfPage\":{\"@id\":\"https:\/\/staging.forenteforlag.no\/pax\/produkt\/en-elv-av-royk\/#primaryimage\"},\"image\":{\"@id\":\"https:\/\/staging.forenteforlag.no\/pax\/produkt\/en-elv-av-royk\/#primaryimage\"},\"thumbnailUrl\":\"https:\/\/staging.forenteforlag.no\/pax\/wp-content\/uploads\/sites\/5\/2025\/08\/jpg-5388.jpg\",\"datePublished\":\"2013-09-16T00:00:00+00:00\",\"dateModified\":\"2026-03-03T21:31:21+00:00\",\"breadcrumb\":{\"@id\":\"https:\/\/staging.forenteforlag.no\/pax\/produkt\/en-elv-av-royk\/#breadcrumb\"},\"inLanguage\":\"nb-NO\",\"potentialAction\":[{\"@type\":\"ReadAction\",\"target\":[\"https:\/\/staging.forenteforlag.no\/pax\/produkt\/en-elv-av-royk\/\"]}]},{\"@type\":\"ImageObject\",\"inLanguage\":\"nb-NO\",\"@id\":\"https:\/\/staging.forenteforlag.no\/pax\/produkt\/en-elv-av-royk\/#primaryimage\",\"url\":\"https:\/\/staging.forenteforlag.no\/pax\/wp-content\/uploads\/sites\/5\/2025\/08\/jpg-5388.jpg\",\"contentUrl\":\"https:\/\/staging.forenteforlag.no\/pax\/wp-content\/uploads\/sites\/5\/2025\/08\/jpg-5388.jpg\",\"width\":285,\"height\":450},{\"@type\":\"BreadcrumbList\",\"@id\":\"https:\/\/staging.forenteforlag.no\/pax\/produkt\/en-elv-av-royk\/#breadcrumb\",\"itemListElement\":[{\"@type\":\"ListItem\",\"position\":1,\"name\":\"Hjem\",\"item\":\"https:\/\/staging.forenteforlag.no\/pax\/\"},{\"@type\":\"ListItem\",\"position\":2,\"name\":\"Alle b\u00f8ker\",\"item\":\"https:\/\/staging.forenteforlag.no\/pax\/butikk\/\"},{\"@type\":\"ListItem\",\"position\":3,\"name\":\"En elv av r\u00f8yk\"}]},{\"@type\":\"WebSite\",\"@id\":\"https:\/\/staging.forenteforlag.no\/pax\/#website\",\"url\":\"https:\/\/staging.forenteforlag.no\/pax\/\",\"name\":\"Pax\",\"description\":\"\",\"potentialAction\":[{\"@type\":\"SearchAction\",\"target\":{\"@type\":\"EntryPoint\",\"urlTemplate\":\"https:\/\/staging.forenteforlag.no\/pax\/?s={search_term_string}\"},\"query-input\":{\"@type\":\"PropertyValueSpecification\",\"valueRequired\":true,\"valueName\":\"search_term_string\"}}],\"inLanguage\":\"nb-NO\"}]}<\/script>\n<!-- \/ Yoast SEO plugin. -->","yoast_head_json":{"title":"En elv av r\u00f8yk - Pax","robots":{"index":"noindex","follow":"follow","max-snippet":"max-snippet:-1","max-image-preview":"max-image-preview:large","max-video-preview":"max-video-preview:-1"},"og_locale":"nb_NO","og_type":"article","og_title":"En elv av r\u00f8yk - Pax","og_description":"I september 1838 blir skipet Ibis rammet av storm p\u00e5 vei fra India til Mauritius med en last av straffanger og kontraktsfestede arbeidere. N\u00e5r stormen l\u00f8yer, har fem menn flyktet: to sj\u00f8menn, en arbeider, og to straffanger. Den samme stormen griper ogs\u00e5 inn i livene til menneskene om bord p\u00e5 andre skip i omr\u00e5det, Anahita [&hellip;]","og_url":"https:\/\/staging.forenteforlag.no\/pax\/produkt\/en-elv-av-royk\/","og_site_name":"Pax","article_modified_time":"2026-03-03T21:31:21+00:00","og_image":[{"width":285,"height":450,"url":"https:\/\/staging.forenteforlag.no\/pax\/wp-content\/uploads\/sites\/5\/2025\/08\/jpg-5388.jpg","type":"image\/jpeg"}],"twitter_card":"summary_large_image","twitter_misc":{"Ansl. lesetid":"1 minutt"},"schema":{"@context":"https:\/\/schema.org","@graph":[{"@type":"WebPage","@id":"https:\/\/staging.forenteforlag.no\/pax\/produkt\/en-elv-av-royk\/","url":"https:\/\/staging.forenteforlag.no\/pax\/produkt\/en-elv-av-royk\/","name":"En elv av r\u00f8yk - Pax","isPartOf":{"@id":"https:\/\/staging.forenteforlag.no\/pax\/#website"},"primaryImageOfPage":{"@id":"https:\/\/staging.forenteforlag.no\/pax\/produkt\/en-elv-av-royk\/#primaryimage"},"image":{"@id":"https:\/\/staging.forenteforlag.no\/pax\/produkt\/en-elv-av-royk\/#primaryimage"},"thumbnailUrl":"https:\/\/staging.forenteforlag.no\/pax\/wp-content\/uploads\/sites\/5\/2025\/08\/jpg-5388.jpg","datePublished":"2013-09-16T00:00:00+00:00","dateModified":"2026-03-03T21:31:21+00:00","breadcrumb":{"@id":"https:\/\/staging.forenteforlag.no\/pax\/produkt\/en-elv-av-royk\/#breadcrumb"},"inLanguage":"nb-NO","potentialAction":[{"@type":"ReadAction","target":["https:\/\/staging.forenteforlag.no\/pax\/produkt\/en-elv-av-royk\/"]}]},{"@type":"ImageObject","inLanguage":"nb-NO","@id":"https:\/\/staging.forenteforlag.no\/pax\/produkt\/en-elv-av-royk\/#primaryimage","url":"https:\/\/staging.forenteforlag.no\/pax\/wp-content\/uploads\/sites\/5\/2025\/08\/jpg-5388.jpg","contentUrl":"https:\/\/staging.forenteforlag.no\/pax\/wp-content\/uploads\/sites\/5\/2025\/08\/jpg-5388.jpg","width":285,"height":450},{"@type":"BreadcrumbList","@id":"https:\/\/staging.forenteforlag.no\/pax\/produkt\/en-elv-av-royk\/#breadcrumb","itemListElement":[{"@type":"ListItem","position":1,"name":"Hjem","item":"https:\/\/staging.forenteforlag.no\/pax\/"},{"@type":"ListItem","position":2,"name":"Alle b\u00f8ker","item":"https:\/\/staging.forenteforlag.no\/pax\/butikk\/"},{"@type":"ListItem","position":3,"name":"En elv av r\u00f8yk"}]},{"@type":"WebSite","@id":"https:\/\/staging.forenteforlag.no\/pax\/#website","url":"https:\/\/staging.forenteforlag.no\/pax\/","name":"Pax","description":"","potentialAction":[{"@type":"SearchAction","target":{"@type":"EntryPoint","urlTemplate":"https:\/\/staging.forenteforlag.no\/pax\/?s={search_term_string}"},"query-input":{"@type":"PropertyValueSpecification","valueRequired":true,"valueName":"search_term_string"}}],"inLanguage":"nb-NO"}]}},"_links":{"self":[{"href":"https:\/\/staging.forenteforlag.no\/pax\/wp-json\/wp\/v2\/product\/23188","targetHints":{"allow":["GET"]}}],"collection":[{"href":"https:\/\/staging.forenteforlag.no\/pax\/wp-json\/wp\/v2\/product"}],"about":[{"href":"https:\/\/staging.forenteforlag.no\/pax\/wp-json\/wp\/v2\/types\/product"}],"wp:featuredmedia":[{"embeddable":true,"href":"https:\/\/staging.forenteforlag.no\/pax\/wp-json\/wp\/v2\/media\/27898"}],"wp:attachment":[{"href":"https:\/\/staging.forenteforlag.no\/pax\/wp-json\/wp\/v2\/media?parent=23188"}],"wp:term":[{"taxonomy":"product_brand","embeddable":true,"href":"https:\/\/staging.forenteforlag.no\/pax\/wp-json\/wp\/v2\/product_brand?post=23188"},{"taxonomy":"product_cat","embeddable":true,"href":"https:\/\/staging.forenteforlag.no\/pax\/wp-json\/wp\/v2\/product_cat?post=23188"},{"taxonomy":"product_tag","embeddable":true,"href":"https:\/\/staging.forenteforlag.no\/pax\/wp-json\/wp\/v2\/product_tag?post=23188"}],"curies":[{"name":"wp","href":"https:\/\/api.w.org\/{rel}","templated":true}]}}

En elv av røyk

<p>I september 1838 blir skipet Ibis rammet av storm på vei fra India til Mauritius med en last av straffanger og kontraktsfestede arbeidere. Når stormen løyer, har fem menn flyktet: to sjømenn, en arbeider, og to straffanger. Den samme stormen griper også inn i livene til menneskene om bord på andre skip i området, Anahita seiler mot Kanton med en stor last opium, og Redruth er på vei fra England med en last av planter som skal byttes i sjeldne vekster fra Kina. Over dem alle henger trusselen om fiendtligheter mellom Kina og Storbritannia. Den kinesiske keiseren vil ha en slutt på opiumsimporten fra Vesten og India, men opiumshandlerne vil ikke gi seg uten kamp. Mange skjebner står på spill.</p>

<p>I september 1838 blir skipet Ibis rammet av storm på vei fra India til Mauritius med en last av straffanger og kontraktsfestede arbeidere. Når stormen løyer, har fem menn flyktet: to sjømenn, en arbeider, og to straffanger. Den samme stormen griper også inn i livene til menneskene om bord på andre skip i området, Anahita [&hellip;]</p>

<!-- This site is optimized with the Yoast SEO plugin v26.6 - https://yoast.com/wordpress/plugins/seo/ -->
<title>En elv av røyk - Pax</title>
<meta name="robots" content="noindex, follow, max-snippet:-1, max-image-preview:large, max-video-preview:-1" />
<meta property="og:locale" content="nb_NO" />
<meta property="og:type" content="article" />
<meta property="og:title" content="En elv av røyk - Pax" />
<meta property="og:description" content="I september 1838 blir skipet Ibis rammet av storm på vei fra India til Mauritius med en last av straffanger og kontraktsfestede arbeidere. Når stormen løyer, har fem menn flyktet: to sjømenn, en arbeider, og to straffanger. Den samme stormen griper også inn i livene til menneskene om bord på andre skip i området, Anahita [&hellip;]" />
<meta property="og:url" content="https://staging.forenteforlag.no/pax/produkt/en-elv-av-royk/" />
<meta property="og:site_name" content="Pax" />
<meta property="article:modified_time" content="2026-03-03T21:31:21+00:00" />
<meta property="og:image" content="https://staging.forenteforlag.no/pax/wp-content/uploads/sites/5/2025/08/jpg-5388.jpg" />
	<meta property="og:image:width" content="285" />
	<meta property="og:image:height" content="450" />
	<meta property="og:image:type" content="image/jpeg" />
<meta name="twitter:card" content="summary_large_image" />
<meta name="twitter:label1" content="Ansl. lesetid" />
	<meta name="twitter:data1" content="1 minutt" />
<script type="application/ld+json" class="yoast-schema-graph">{"@context":"https://schema.org","@graph":[{"@type":"WebPage","@id":"https://staging.forenteforlag.no/pax/produkt/en-elv-av-royk/","url":"https://staging.forenteforlag.no/pax/produkt/en-elv-av-royk/","name":"En elv av røyk - Pax","isPartOf":{"@id":"https://staging.forenteforlag.no/pax/#website"},"primaryImageOfPage":{"@id":"https://staging.forenteforlag.no/pax/produkt/en-elv-av-royk/#primaryimage"},"image":{"@id":"https://staging.forenteforlag.no/pax/produkt/en-elv-av-royk/#primaryimage"},"thumbnailUrl":"https://staging.forenteforlag.no/pax/wp-content/uploads/sites/5/2025/08/jpg-5388.jpg","datePublished":"2013-09-16T00:00:00+00:00","dateModified":"2026-03-03T21:31:21+00:00","breadcrumb":{"@id":"https://staging.forenteforlag.no/pax/produkt/en-elv-av-royk/#breadcrumb"},"inLanguage":"nb-NO","potentialAction":[{"@type":"ReadAction","target":["https://staging.forenteforlag.no/pax/produkt/en-elv-av-royk/"]}]},{"@type":"ImageObject","inLanguage":"nb-NO","@id":"https://staging.forenteforlag.no/pax/produkt/en-elv-av-royk/#primaryimage","url":"https://staging.forenteforlag.no/pax/wp-content/uploads/sites/5/2025/08/jpg-5388.jpg","contentUrl":"https://staging.forenteforlag.no/pax/wp-content/uploads/sites/5/2025/08/jpg-5388.jpg","width":285,"height":450},{"@type":"BreadcrumbList","@id":"https://staging.forenteforlag.no/pax/produkt/en-elv-av-royk/#breadcrumb","itemListElement":[{"@type":"ListItem","position":1,"name":"Hjem","item":"https://staging.forenteforlag.no/pax/"},{"@type":"ListItem","position":2,"name":"Alle bøker","item":"https://staging.forenteforlag.no/pax/butikk/"},{"@type":"ListItem","position":3,"name":"En elv av røyk"}]},{"@type":"WebSite","@id":"https://staging.forenteforlag.no/pax/#website","url":"https://staging.forenteforlag.no/pax/","name":"Pax","description":"","potentialAction":[{"@type":"SearchAction","target":{"@type":"EntryPoint","urlTemplate":"https://staging.forenteforlag.no/pax/?s={search_term_string}"},"query-input":{"@type":"PropertyValueSpecification","valueRequired":true,"valueName":"search_term_string"}}],"inLanguage":"nb-NO"}]}</script>
<!-- / Yoast SEO plugin. -->

En elv av røyk - Pax

I september 1838 blir skipet Ibis rammet av storm på vei fra India til Mauritius med en last av straffanger og kontraktsfestede arbeidere. Når stormen løyer, har fem menn flyktet: to sjømenn, en arbeider, og to straffanger. Den samme stormen griper også inn i livene til menneskene om bord på andre skip i området, Anahita [&hellip;]

Alle bøker
