{"id":23141,"date":"2024-12-10T22:35:09","date_gmt":"2024-12-10T21:35:09","guid":{"rendered":"https:\/\/pax.forenteforlag.no\/produkt\/politisk-psykologi\/"},"modified":"2026-03-04T21:33:23","modified_gmt":"2026-03-04T20:33:23","slug":"politisk-psykologi","status":"publish","type":"product","link":"https:\/\/staging.forenteforlag.no\/pax\/produkt\/politisk-psykologi\/","title":{"rendered":"Politisk psykologi"},"content":{"rendered":"<p>Forfatterne viser at det er klare ber\u00f8ringspunkter mellom politikk og psykologi. Dette kan vi kjenne igjen fra historien og fra dagsaktuelle aviser. Kan Hitlers psyke si noe om hvorfor han handlet som han gjorde? Hva med Saddam Hussein? Hvordan p\u00e5virker krig, tortur, terror og flukt enkeltmennesker? Hva skjer med et samfunn som har v\u00e6rt preget av krig, folkemord osv? Politisk psykologi rommer b\u00e5de individualpsykologi og sosialpsykologi. Man kan si at politisk psykologi opererer i skj\u00e6ringen mellom fagfeltene helse (psykologi og psykiatri), jus (menneskerettigheter) og statsvitenskap (politisk atferd). Det dreier seg b\u00e5de om en akademisk disiplin og psykologi som praktisk kompetanse for eksempel i forbindelse med forhandlinger og konfliktl\u00f8sing, behandling etter organisert vold og s\u00e5 videre.<\/p>\n","protected":false},"excerpt":{"rendered":"<p>Forfatterne viser at det er klare ber\u00f8ringspunkter mellom politikk og psykologi. Dette kan vi kjenne igjen fra historien og fra dagsaktuelle aviser. Kan Hitlers psyke si noe om hvorfor han handlet som han gjorde? Hva med Saddam Hussein? Hvordan p\u00e5virker krig, tortur, terror og flukt enkeltmennesker? Hva skjer med et samfunn som har v\u00e6rt preget [&hellip;]<\/p>\n","protected":false},"featured_media":29489,"template":"","meta":{"_acf_changed":false,"inline_featured_image":false},"product_brand":[],"product_cat":[1782],"product_tag":[1062,362,1724,589],"class_list":{"0":"post-23141","1":"product","2":"type-product","3":"status-publish","4":"has-post-thumbnail","6":"product_cat-fripris","7":"product_tag-barnepsykologi","8":"product_tag-faglitteratur","9":"product_tag-identitetspolitikk","10":"product_tag-vaepnede-konflikter","12":"first","13":"outofstock","14":"taxable","15":"shipping-taxable","16":"purchasable","17":"product-type-simple"},"acf":{"anmeldelse":null},"yoast_head":"<!-- This site is optimized with the Yoast SEO plugin v26.6 - https:\/\/yoast.com\/wordpress\/plugins\/seo\/ -->\n<title>Politisk psykologi - Pax<\/title>\n<meta name=\"robots\" content=\"noindex, follow, max-snippet:-1, max-image-preview:large, max-video-preview:-1\" \/>\n<meta property=\"og:locale\" content=\"nb_NO\" \/>\n<meta property=\"og:type\" content=\"article\" \/>\n<meta property=\"og:title\" content=\"Politisk psykologi - Pax\" \/>\n<meta property=\"og:description\" content=\"Forfatterne viser at det er klare ber\u00f8ringspunkter mellom politikk og psykologi. Dette kan vi kjenne igjen fra historien og fra dagsaktuelle aviser. Kan Hitlers psyke si noe om hvorfor han handlet som han gjorde? Hva med Saddam Hussein? Hvordan p\u00e5virker krig, tortur, terror og flukt enkeltmennesker? Hva skjer med et samfunn som har v\u00e6rt preget [&hellip;]\" \/>\n<meta property=\"og:url\" content=\"https:\/\/staging.forenteforlag.no\/pax\/produkt\/politisk-psykologi\/\" \/>\n<meta property=\"og:site_name\" content=\"Pax\" \/>\n<meta property=\"article:modified_time\" content=\"2026-03-04T20:33:23+00:00\" \/>\n<meta property=\"og:image\" content=\"https:\/\/staging.forenteforlag.no\/pax\/wp-content\/uploads\/sites\/5\/2025\/08\/jpg-10135.jpg\" \/>\n\t<meta property=\"og:image:width\" content=\"327\" \/>\n\t<meta property=\"og:image:height\" content=\"450\" \/>\n\t<meta property=\"og:image:type\" content=\"image\/jpeg\" \/>\n<meta name=\"twitter:card\" content=\"summary_large_image\" \/>\n<meta name=\"twitter:label1\" content=\"Ansl. lesetid\" \/>\n\t<meta name=\"twitter:data1\" content=\"1 minutt\" \/>\n<script type=\"application\/ld+json\" class=\"yoast-schema-graph\">{\"@context\":\"https:\/\/schema.org\",\"@graph\":[{\"@type\":\"WebPage\",\"@id\":\"https:\/\/staging.forenteforlag.no\/pax\/produkt\/politisk-psykologi\/\",\"url\":\"https:\/\/staging.forenteforlag.no\/pax\/produkt\/politisk-psykologi\/\",\"name\":\"Politisk psykologi - Pax\",\"isPartOf\":{\"@id\":\"https:\/\/staging.forenteforlag.no\/pax\/#website\"},\"primaryImageOfPage\":{\"@id\":\"https:\/\/staging.forenteforlag.no\/pax\/produkt\/politisk-psykologi\/#primaryimage\"},\"image\":{\"@id\":\"https:\/\/staging.forenteforlag.no\/pax\/produkt\/politisk-psykologi\/#primaryimage\"},\"thumbnailUrl\":\"https:\/\/staging.forenteforlag.no\/pax\/wp-content\/uploads\/sites\/5\/2025\/08\/jpg-10135.jpg\",\"datePublished\":\"2024-12-10T21:35:09+00:00\",\"dateModified\":\"2026-03-04T20:33:23+00:00\",\"breadcrumb\":{\"@id\":\"https:\/\/staging.forenteforlag.no\/pax\/produkt\/politisk-psykologi\/#breadcrumb\"},\"inLanguage\":\"nb-NO\",\"potentialAction\":[{\"@type\":\"ReadAction\",\"target\":[\"https:\/\/staging.forenteforlag.no\/pax\/produkt\/politisk-psykologi\/\"]}]},{\"@type\":\"ImageObject\",\"inLanguage\":\"nb-NO\",\"@id\":\"https:\/\/staging.forenteforlag.no\/pax\/produkt\/politisk-psykologi\/#primaryimage\",\"url\":\"https:\/\/staging.forenteforlag.no\/pax\/wp-content\/uploads\/sites\/5\/2025\/08\/jpg-10135.jpg\",\"contentUrl\":\"https:\/\/staging.forenteforlag.no\/pax\/wp-content\/uploads\/sites\/5\/2025\/08\/jpg-10135.jpg\",\"width\":327,\"height\":450},{\"@type\":\"BreadcrumbList\",\"@id\":\"https:\/\/staging.forenteforlag.no\/pax\/produkt\/politisk-psykologi\/#breadcrumb\",\"itemListElement\":[{\"@type\":\"ListItem\",\"position\":1,\"name\":\"Hjem\",\"item\":\"https:\/\/staging.forenteforlag.no\/pax\/\"},{\"@type\":\"ListItem\",\"position\":2,\"name\":\"Alle b\u00f8ker\",\"item\":\"https:\/\/staging.forenteforlag.no\/pax\/butikk\/\"},{\"@type\":\"ListItem\",\"position\":3,\"name\":\"Politisk psykologi\"}]},{\"@type\":\"WebSite\",\"@id\":\"https:\/\/staging.forenteforlag.no\/pax\/#website\",\"url\":\"https:\/\/staging.forenteforlag.no\/pax\/\",\"name\":\"Pax\",\"description\":\"\",\"potentialAction\":[{\"@type\":\"SearchAction\",\"target\":{\"@type\":\"EntryPoint\",\"urlTemplate\":\"https:\/\/staging.forenteforlag.no\/pax\/?s={search_term_string}\"},\"query-input\":{\"@type\":\"PropertyValueSpecification\",\"valueRequired\":true,\"valueName\":\"search_term_string\"}}],\"inLanguage\":\"nb-NO\"}]}<\/script>\n<!-- \/ Yoast SEO plugin. -->","yoast_head_json":{"title":"Politisk psykologi - Pax","robots":{"index":"noindex","follow":"follow","max-snippet":"max-snippet:-1","max-image-preview":"max-image-preview:large","max-video-preview":"max-video-preview:-1"},"og_locale":"nb_NO","og_type":"article","og_title":"Politisk psykologi - Pax","og_description":"Forfatterne viser at det er klare ber\u00f8ringspunkter mellom politikk og psykologi. Dette kan vi kjenne igjen fra historien og fra dagsaktuelle aviser. Kan Hitlers psyke si noe om hvorfor han handlet som han gjorde? Hva med Saddam Hussein? Hvordan p\u00e5virker krig, tortur, terror og flukt enkeltmennesker? Hva skjer med et samfunn som har v\u00e6rt preget [&hellip;]","og_url":"https:\/\/staging.forenteforlag.no\/pax\/produkt\/politisk-psykologi\/","og_site_name":"Pax","article_modified_time":"2026-03-04T20:33:23+00:00","og_image":[{"width":327,"height":450,"url":"https:\/\/staging.forenteforlag.no\/pax\/wp-content\/uploads\/sites\/5\/2025\/08\/jpg-10135.jpg","type":"image\/jpeg"}],"twitter_card":"summary_large_image","twitter_misc":{"Ansl. lesetid":"1 minutt"},"schema":{"@context":"https:\/\/schema.org","@graph":[{"@type":"WebPage","@id":"https:\/\/staging.forenteforlag.no\/pax\/produkt\/politisk-psykologi\/","url":"https:\/\/staging.forenteforlag.no\/pax\/produkt\/politisk-psykologi\/","name":"Politisk psykologi - Pax","isPartOf":{"@id":"https:\/\/staging.forenteforlag.no\/pax\/#website"},"primaryImageOfPage":{"@id":"https:\/\/staging.forenteforlag.no\/pax\/produkt\/politisk-psykologi\/#primaryimage"},"image":{"@id":"https:\/\/staging.forenteforlag.no\/pax\/produkt\/politisk-psykologi\/#primaryimage"},"thumbnailUrl":"https:\/\/staging.forenteforlag.no\/pax\/wp-content\/uploads\/sites\/5\/2025\/08\/jpg-10135.jpg","datePublished":"2024-12-10T21:35:09+00:00","dateModified":"2026-03-04T20:33:23+00:00","breadcrumb":{"@id":"https:\/\/staging.forenteforlag.no\/pax\/produkt\/politisk-psykologi\/#breadcrumb"},"inLanguage":"nb-NO","potentialAction":[{"@type":"ReadAction","target":["https:\/\/staging.forenteforlag.no\/pax\/produkt\/politisk-psykologi\/"]}]},{"@type":"ImageObject","inLanguage":"nb-NO","@id":"https:\/\/staging.forenteforlag.no\/pax\/produkt\/politisk-psykologi\/#primaryimage","url":"https:\/\/staging.forenteforlag.no\/pax\/wp-content\/uploads\/sites\/5\/2025\/08\/jpg-10135.jpg","contentUrl":"https:\/\/staging.forenteforlag.no\/pax\/wp-content\/uploads\/sites\/5\/2025\/08\/jpg-10135.jpg","width":327,"height":450},{"@type":"BreadcrumbList","@id":"https:\/\/staging.forenteforlag.no\/pax\/produkt\/politisk-psykologi\/#breadcrumb","itemListElement":[{"@type":"ListItem","position":1,"name":"Hjem","item":"https:\/\/staging.forenteforlag.no\/pax\/"},{"@type":"ListItem","position":2,"name":"Alle b\u00f8ker","item":"https:\/\/staging.forenteforlag.no\/pax\/butikk\/"},{"@type":"ListItem","position":3,"name":"Politisk psykologi"}]},{"@type":"WebSite","@id":"https:\/\/staging.forenteforlag.no\/pax\/#website","url":"https:\/\/staging.forenteforlag.no\/pax\/","name":"Pax","description":"","potentialAction":[{"@type":"SearchAction","target":{"@type":"EntryPoint","urlTemplate":"https:\/\/staging.forenteforlag.no\/pax\/?s={search_term_string}"},"query-input":{"@type":"PropertyValueSpecification","valueRequired":true,"valueName":"search_term_string"}}],"inLanguage":"nb-NO"}]}},"_links":{"self":[{"href":"https:\/\/staging.forenteforlag.no\/pax\/wp-json\/wp\/v2\/product\/23141","targetHints":{"allow":["GET"]}}],"collection":[{"href":"https:\/\/staging.forenteforlag.no\/pax\/wp-json\/wp\/v2\/product"}],"about":[{"href":"https:\/\/staging.forenteforlag.no\/pax\/wp-json\/wp\/v2\/types\/product"}],"wp:featuredmedia":[{"embeddable":true,"href":"https:\/\/staging.forenteforlag.no\/pax\/wp-json\/wp\/v2\/media\/29489"}],"wp:attachment":[{"href":"https:\/\/staging.forenteforlag.no\/pax\/wp-json\/wp\/v2\/media?parent=23141"}],"wp:term":[{"taxonomy":"product_brand","embeddable":true,"href":"https:\/\/staging.forenteforlag.no\/pax\/wp-json\/wp\/v2\/product_brand?post=23141"},{"taxonomy":"product_cat","embeddable":true,"href":"https:\/\/staging.forenteforlag.no\/pax\/wp-json\/wp\/v2\/product_cat?post=23141"},{"taxonomy":"product_tag","embeddable":true,"href":"https:\/\/staging.forenteforlag.no\/pax\/wp-json\/wp\/v2\/product_tag?post=23141"}],"curies":[{"name":"wp","href":"https:\/\/api.w.org\/{rel}","templated":true}]}}

<p>Forfatterne viser at det er klare berøringspunkter mellom politikk og psykologi. Dette kan vi kjenne igjen fra historien og fra dagsaktuelle aviser. Kan Hitlers psyke si noe om hvorfor han handlet som han gjorde? Hva med Saddam Hussein? Hvordan påvirker krig, tortur, terror og flukt enkeltmennesker? Hva skjer med et samfunn som har vært preget av krig, folkemord osv? Politisk psykologi rommer både individualpsykologi og sosialpsykologi. Man kan si at politisk psykologi opererer i skjæringen mellom fagfeltene helse (psykologi og psykiatri), jus (menneskerettigheter) og statsvitenskap (politisk atferd). Det dreier seg både om en akademisk disiplin og psykologi som praktisk kompetanse for eksempel i forbindelse med forhandlinger og konfliktløsing, behandling etter organisert vold og så videre.</p>

<p>Forfatterne viser at det er klare berøringspunkter mellom politikk og psykologi. Dette kan vi kjenne igjen fra historien og fra dagsaktuelle aviser. Kan Hitlers psyke si noe om hvorfor han handlet som han gjorde? Hva med Saddam Hussein? Hvordan påvirker krig, tortur, terror og flukt enkeltmennesker? Hva skjer med et samfunn som har vært preget [&hellip;]</p>

<!-- This site is optimized with the Yoast SEO plugin v26.6 - https://yoast.com/wordpress/plugins/seo/ -->
<title>Politisk psykologi - Pax</title>
<meta name="robots" content="noindex, follow, max-snippet:-1, max-image-preview:large, max-video-preview:-1" />
<meta property="og:locale" content="nb_NO" />
<meta property="og:type" content="article" />
<meta property="og:title" content="Politisk psykologi - Pax" />
<meta property="og:description" content="Forfatterne viser at det er klare berøringspunkter mellom politikk og psykologi. Dette kan vi kjenne igjen fra historien og fra dagsaktuelle aviser. Kan Hitlers psyke si noe om hvorfor han handlet som han gjorde? Hva med Saddam Hussein? Hvordan påvirker krig, tortur, terror og flukt enkeltmennesker? Hva skjer med et samfunn som har vært preget [&hellip;]" />
<meta property="og:url" content="https://staging.forenteforlag.no/pax/produkt/politisk-psykologi/" />
<meta property="og:site_name" content="Pax" />
<meta property="article:modified_time" content="2026-03-04T20:33:23+00:00" />
<meta property="og:image" content="https://staging.forenteforlag.no/pax/wp-content/uploads/sites/5/2025/08/jpg-10135.jpg" />
	<meta property="og:image:width" content="327" />
	<meta property="og:image:height" content="450" />
	<meta property="og:image:type" content="image/jpeg" />
<meta name="twitter:card" content="summary_large_image" />
<meta name="twitter:label1" content="Ansl. lesetid" />
	<meta name="twitter:data1" content="1 minutt" />
<script type="application/ld+json" class="yoast-schema-graph">{"@context":"https://schema.org","@graph":[{"@type":"WebPage","@id":"https://staging.forenteforlag.no/pax/produkt/politisk-psykologi/","url":"https://staging.forenteforlag.no/pax/produkt/politisk-psykologi/","name":"Politisk psykologi - Pax","isPartOf":{"@id":"https://staging.forenteforlag.no/pax/#website"},"primaryImageOfPage":{"@id":"https://staging.forenteforlag.no/pax/produkt/politisk-psykologi/#primaryimage"},"image":{"@id":"https://staging.forenteforlag.no/pax/produkt/politisk-psykologi/#primaryimage"},"thumbnailUrl":"https://staging.forenteforlag.no/pax/wp-content/uploads/sites/5/2025/08/jpg-10135.jpg","datePublished":"2024-12-10T21:35:09+00:00","dateModified":"2026-03-04T20:33:23+00:00","breadcrumb":{"@id":"https://staging.forenteforlag.no/pax/produkt/politisk-psykologi/#breadcrumb"},"inLanguage":"nb-NO","potentialAction":[{"@type":"ReadAction","target":["https://staging.forenteforlag.no/pax/produkt/politisk-psykologi/"]}]},{"@type":"ImageObject","inLanguage":"nb-NO","@id":"https://staging.forenteforlag.no/pax/produkt/politisk-psykologi/#primaryimage","url":"https://staging.forenteforlag.no/pax/wp-content/uploads/sites/5/2025/08/jpg-10135.jpg","contentUrl":"https://staging.forenteforlag.no/pax/wp-content/uploads/sites/5/2025/08/jpg-10135.jpg","width":327,"height":450},{"@type":"BreadcrumbList","@id":"https://staging.forenteforlag.no/pax/produkt/politisk-psykologi/#breadcrumb","itemListElement":[{"@type":"ListItem","position":1,"name":"Hjem","item":"https://staging.forenteforlag.no/pax/"},{"@type":"ListItem","position":2,"name":"Alle bøker","item":"https://staging.forenteforlag.no/pax/butikk/"},{"@type":"ListItem","position":3,"name":"Politisk psykologi"}]},{"@type":"WebSite","@id":"https://staging.forenteforlag.no/pax/#website","url":"https://staging.forenteforlag.no/pax/","name":"Pax","description":"","potentialAction":[{"@type":"SearchAction","target":{"@type":"EntryPoint","urlTemplate":"https://staging.forenteforlag.no/pax/?s={search_term_string}"},"query-input":{"@type":"PropertyValueSpecification","valueRequired":true,"valueName":"search_term_string"}}],"inLanguage":"nb-NO"}]}</script>
<!-- / Yoast SEO plugin. -->

Forfatterne viser at det er klare berøringspunkter mellom politikk og psykologi. Dette kan vi kjenne igjen fra historien og fra dagsaktuelle aviser. Kan Hitlers psyke si noe om hvorfor han handlet som han gjorde? Hva med Saddam Hussein? Hvordan påvirker krig, tortur, terror og flukt enkeltmennesker? Hva skjer med et samfunn som har vært preget [&hellip;]

Alle bøker
