{"id":23128,"date":"2024-12-10T22:34:46","date_gmt":"2024-12-10T21:34:46","guid":{"rendered":"https:\/\/pax.forenteforlag.no\/produkt\/ved-elven-massacre\/"},"modified":"2026-03-04T19:43:49","modified_gmt":"2026-03-04T18:43:49","slug":"ved-elven-massacre","status":"publish","type":"product","link":"https:\/\/staging.forenteforlag.no\/pax\/produkt\/ved-elven-massacre\/","title":{"rendered":"Ved elven Massacre"},"content":{"rendered":"<p>Amabelle, en ung kvinne fra Haiti, er hushjelp hos en velst\u00e5ende offisersfamilie i Den dominikanske republikk. Hun elsker Sebastian, som er landarbeider. \u00c5ret er 1937, og de dr\u00f8mmer om en fremtid sammen. Ryktene begynner \u00e5 g\u00e5 om at den dominikanske presidenten planlegger en nasjonal renselse. Snart mobiliseres h\u00e6ren mot svarte landarbeidere med et fremmed spr\u00e5k.<\/p>\n","protected":false},"excerpt":{"rendered":"<p>Amabelle, en ung kvinne fra Haiti, er hushjelp hos en velst\u00e5ende offisersfamilie i Den dominikanske republikk. Hun elsker Sebastian, som er landarbeider. \u00c5ret er 1937, og de dr\u00f8mmer om en fremtid sammen. Ryktene begynner \u00e5 g\u00e5 om at den dominikanske presidenten planlegger en nasjonal renselse. Snart mobiliseres h\u00e6ren mot svarte landarbeidere med et fremmed spr\u00e5k.<\/p>\n","protected":false},"featured_media":0,"template":"","meta":{"_acf_changed":false,"inline_featured_image":false},"product_brand":[],"product_cat":[1782],"product_tag":[517,836,1345,1095,1257,510,370],"class_list":{"0":"post-23128","1":"product","2":"type-product","3":"status-publish","5":"product_cat-fripris","6":"product_tag-1918-1939","7":"product_tag-diktatur","8":"product_tag-dominikanske-republikk","9":"product_tag-grafiske-romaner","10":"product_tag-haiti","11":"product_tag-kjaerlighet","12":"product_tag-skjonnlitteratur","14":"first","15":"outofstock","16":"taxable","17":"shipping-taxable","18":"purchasable","19":"product-type-simple"},"acf":{"anmeldelse":null},"yoast_head":"<!-- This site is optimized with the Yoast SEO plugin v26.6 - https:\/\/yoast.com\/wordpress\/plugins\/seo\/ -->\n<title>Ved elven Massacre - Pax<\/title>\n<meta name=\"robots\" content=\"noindex, follow, max-snippet:-1, max-image-preview:large, max-video-preview:-1\" \/>\n<meta property=\"og:locale\" content=\"nb_NO\" \/>\n<meta property=\"og:type\" content=\"article\" \/>\n<meta property=\"og:title\" content=\"Ved elven Massacre - Pax\" \/>\n<meta property=\"og:description\" content=\"Amabelle, en ung kvinne fra Haiti, er hushjelp hos en velst\u00e5ende offisersfamilie i Den dominikanske republikk. Hun elsker Sebastian, som er landarbeider. \u00c5ret er 1937, og de dr\u00f8mmer om en fremtid sammen. Ryktene begynner \u00e5 g\u00e5 om at den dominikanske presidenten planlegger en nasjonal renselse. Snart mobiliseres h\u00e6ren mot svarte landarbeidere med et fremmed spr\u00e5k.\" \/>\n<meta property=\"og:url\" content=\"https:\/\/staging.forenteforlag.no\/pax\/produkt\/ved-elven-massacre\/\" \/>\n<meta property=\"og:site_name\" content=\"Pax\" \/>\n<meta property=\"article:modified_time\" content=\"2026-03-04T18:43:49+00:00\" \/>\n<meta property=\"og:image\" content=\"https:\/\/staging.forenteforlag.no\/pax\/wp-content\/uploads\/sites\/5\/2025\/02\/pax-hvit.jpg\" \/>\n\t<meta property=\"og:image:width\" content=\"1200\" \/>\n\t<meta property=\"og:image:height\" content=\"800\" \/>\n\t<meta property=\"og:image:type\" content=\"image\/jpeg\" \/>\n<meta name=\"twitter:card\" content=\"summary_large_image\" \/>\n<script type=\"application\/ld+json\" class=\"yoast-schema-graph\">{\"@context\":\"https:\/\/schema.org\",\"@graph\":[{\"@type\":\"WebPage\",\"@id\":\"https:\/\/staging.forenteforlag.no\/pax\/produkt\/ved-elven-massacre\/\",\"url\":\"https:\/\/staging.forenteforlag.no\/pax\/produkt\/ved-elven-massacre\/\",\"name\":\"Ved elven Massacre - Pax\",\"isPartOf\":{\"@id\":\"https:\/\/staging.forenteforlag.no\/pax\/#website\"},\"datePublished\":\"2024-12-10T21:34:46+00:00\",\"dateModified\":\"2026-03-04T18:43:49+00:00\",\"breadcrumb\":{\"@id\":\"https:\/\/staging.forenteforlag.no\/pax\/produkt\/ved-elven-massacre\/#breadcrumb\"},\"inLanguage\":\"nb-NO\",\"potentialAction\":[{\"@type\":\"ReadAction\",\"target\":[\"https:\/\/staging.forenteforlag.no\/pax\/produkt\/ved-elven-massacre\/\"]}]},{\"@type\":\"BreadcrumbList\",\"@id\":\"https:\/\/staging.forenteforlag.no\/pax\/produkt\/ved-elven-massacre\/#breadcrumb\",\"itemListElement\":[{\"@type\":\"ListItem\",\"position\":1,\"name\":\"Hjem\",\"item\":\"https:\/\/staging.forenteforlag.no\/pax\/\"},{\"@type\":\"ListItem\",\"position\":2,\"name\":\"Alle b\u00f8ker\",\"item\":\"https:\/\/staging.forenteforlag.no\/pax\/butikk\/\"},{\"@type\":\"ListItem\",\"position\":3,\"name\":\"Ved elven Massacre\"}]},{\"@type\":\"WebSite\",\"@id\":\"https:\/\/staging.forenteforlag.no\/pax\/#website\",\"url\":\"https:\/\/staging.forenteforlag.no\/pax\/\",\"name\":\"Pax\",\"description\":\"\",\"potentialAction\":[{\"@type\":\"SearchAction\",\"target\":{\"@type\":\"EntryPoint\",\"urlTemplate\":\"https:\/\/staging.forenteforlag.no\/pax\/?s={search_term_string}\"},\"query-input\":{\"@type\":\"PropertyValueSpecification\",\"valueRequired\":true,\"valueName\":\"search_term_string\"}}],\"inLanguage\":\"nb-NO\"}]}<\/script>\n<!-- \/ Yoast SEO plugin. -->","yoast_head_json":{"title":"Ved elven Massacre - Pax","robots":{"index":"noindex","follow":"follow","max-snippet":"max-snippet:-1","max-image-preview":"max-image-preview:large","max-video-preview":"max-video-preview:-1"},"og_locale":"nb_NO","og_type":"article","og_title":"Ved elven Massacre - Pax","og_description":"Amabelle, en ung kvinne fra Haiti, er hushjelp hos en velst\u00e5ende offisersfamilie i Den dominikanske republikk. Hun elsker Sebastian, som er landarbeider. \u00c5ret er 1937, og de dr\u00f8mmer om en fremtid sammen. Ryktene begynner \u00e5 g\u00e5 om at den dominikanske presidenten planlegger en nasjonal renselse. Snart mobiliseres h\u00e6ren mot svarte landarbeidere med et fremmed spr\u00e5k.","og_url":"https:\/\/staging.forenteforlag.no\/pax\/produkt\/ved-elven-massacre\/","og_site_name":"Pax","article_modified_time":"2026-03-04T18:43:49+00:00","og_image":[{"width":1200,"height":800,"url":"https:\/\/staging.forenteforlag.no\/pax\/wp-content\/uploads\/sites\/5\/2025\/02\/pax-hvit.jpg","type":"image\/jpeg"}],"twitter_card":"summary_large_image","schema":{"@context":"https:\/\/schema.org","@graph":[{"@type":"WebPage","@id":"https:\/\/staging.forenteforlag.no\/pax\/produkt\/ved-elven-massacre\/","url":"https:\/\/staging.forenteforlag.no\/pax\/produkt\/ved-elven-massacre\/","name":"Ved elven Massacre - Pax","isPartOf":{"@id":"https:\/\/staging.forenteforlag.no\/pax\/#website"},"datePublished":"2024-12-10T21:34:46+00:00","dateModified":"2026-03-04T18:43:49+00:00","breadcrumb":{"@id":"https:\/\/staging.forenteforlag.no\/pax\/produkt\/ved-elven-massacre\/#breadcrumb"},"inLanguage":"nb-NO","potentialAction":[{"@type":"ReadAction","target":["https:\/\/staging.forenteforlag.no\/pax\/produkt\/ved-elven-massacre\/"]}]},{"@type":"BreadcrumbList","@id":"https:\/\/staging.forenteforlag.no\/pax\/produkt\/ved-elven-massacre\/#breadcrumb","itemListElement":[{"@type":"ListItem","position":1,"name":"Hjem","item":"https:\/\/staging.forenteforlag.no\/pax\/"},{"@type":"ListItem","position":2,"name":"Alle b\u00f8ker","item":"https:\/\/staging.forenteforlag.no\/pax\/butikk\/"},{"@type":"ListItem","position":3,"name":"Ved elven Massacre"}]},{"@type":"WebSite","@id":"https:\/\/staging.forenteforlag.no\/pax\/#website","url":"https:\/\/staging.forenteforlag.no\/pax\/","name":"Pax","description":"","potentialAction":[{"@type":"SearchAction","target":{"@type":"EntryPoint","urlTemplate":"https:\/\/staging.forenteforlag.no\/pax\/?s={search_term_string}"},"query-input":{"@type":"PropertyValueSpecification","valueRequired":true,"valueName":"search_term_string"}}],"inLanguage":"nb-NO"}]}},"_links":{"self":[{"href":"https:\/\/staging.forenteforlag.no\/pax\/wp-json\/wp\/v2\/product\/23128","targetHints":{"allow":["GET"]}}],"collection":[{"href":"https:\/\/staging.forenteforlag.no\/pax\/wp-json\/wp\/v2\/product"}],"about":[{"href":"https:\/\/staging.forenteforlag.no\/pax\/wp-json\/wp\/v2\/types\/product"}],"wp:attachment":[{"href":"https:\/\/staging.forenteforlag.no\/pax\/wp-json\/wp\/v2\/media?parent=23128"}],"wp:term":[{"taxonomy":"product_brand","embeddable":true,"href":"https:\/\/staging.forenteforlag.no\/pax\/wp-json\/wp\/v2\/product_brand?post=23128"},{"taxonomy":"product_cat","embeddable":true,"href":"https:\/\/staging.forenteforlag.no\/pax\/wp-json\/wp\/v2\/product_cat?post=23128"},{"taxonomy":"product_tag","embeddable":true,"href":"https:\/\/staging.forenteforlag.no\/pax\/wp-json\/wp\/v2\/product_tag?post=23128"}],"curies":[{"name":"wp","href":"https:\/\/api.w.org\/{rel}","templated":true}]}}

<p>Amabelle, en ung kvinne fra Haiti, er hushjelp hos en velstående offisersfamilie i Den dominikanske republikk. Hun elsker Sebastian, som er landarbeider. Året er 1937, og de drømmer om en fremtid sammen. Ryktene begynner å gå om at den dominikanske presidenten planlegger en nasjonal renselse. Snart mobiliseres hæren mot svarte landarbeidere med et fremmed språk.</p>

<!-- This site is optimized with the Yoast SEO plugin v26.6 - https://yoast.com/wordpress/plugins/seo/ -->
<title>Ved elven Massacre - Pax</title>
<meta name="robots" content="noindex, follow, max-snippet:-1, max-image-preview:large, max-video-preview:-1" />
<meta property="og:locale" content="nb_NO" />
<meta property="og:type" content="article" />
<meta property="og:title" content="Ved elven Massacre - Pax" />
<meta property="og:description" content="Amabelle, en ung kvinne fra Haiti, er hushjelp hos en velstående offisersfamilie i Den dominikanske republikk. Hun elsker Sebastian, som er landarbeider. Året er 1937, og de drømmer om en fremtid sammen. Ryktene begynner å gå om at den dominikanske presidenten planlegger en nasjonal renselse. Snart mobiliseres hæren mot svarte landarbeidere med et fremmed språk." />
<meta property="og:url" content="https://staging.forenteforlag.no/pax/produkt/ved-elven-massacre/" />
<meta property="og:site_name" content="Pax" />
<meta property="article:modified_time" content="2026-03-04T18:43:49+00:00" />
<meta property="og:image" content="https://staging.forenteforlag.no/pax/wp-content/uploads/sites/5/2025/02/pax-hvit.jpg" />
	<meta property="og:image:width" content="1200" />
	<meta property="og:image:height" content="800" />
	<meta property="og:image:type" content="image/jpeg" />
<meta name="twitter:card" content="summary_large_image" />
<script type="application/ld+json" class="yoast-schema-graph">{"@context":"https://schema.org","@graph":[{"@type":"WebPage","@id":"https://staging.forenteforlag.no/pax/produkt/ved-elven-massacre/","url":"https://staging.forenteforlag.no/pax/produkt/ved-elven-massacre/","name":"Ved elven Massacre - Pax","isPartOf":{"@id":"https://staging.forenteforlag.no/pax/#website"},"datePublished":"2024-12-10T21:34:46+00:00","dateModified":"2026-03-04T18:43:49+00:00","breadcrumb":{"@id":"https://staging.forenteforlag.no/pax/produkt/ved-elven-massacre/#breadcrumb"},"inLanguage":"nb-NO","potentialAction":[{"@type":"ReadAction","target":["https://staging.forenteforlag.no/pax/produkt/ved-elven-massacre/"]}]},{"@type":"BreadcrumbList","@id":"https://staging.forenteforlag.no/pax/produkt/ved-elven-massacre/#breadcrumb","itemListElement":[{"@type":"ListItem","position":1,"name":"Hjem","item":"https://staging.forenteforlag.no/pax/"},{"@type":"ListItem","position":2,"name":"Alle bøker","item":"https://staging.forenteforlag.no/pax/butikk/"},{"@type":"ListItem","position":3,"name":"Ved elven Massacre"}]},{"@type":"WebSite","@id":"https://staging.forenteforlag.no/pax/#website","url":"https://staging.forenteforlag.no/pax/","name":"Pax","description":"","potentialAction":[{"@type":"SearchAction","target":{"@type":"EntryPoint","urlTemplate":"https://staging.forenteforlag.no/pax/?s={search_term_string}"},"query-input":{"@type":"PropertyValueSpecification","valueRequired":true,"valueName":"search_term_string"}}],"inLanguage":"nb-NO"}]}</script>
<!-- / Yoast SEO plugin. -->

Amabelle, en ung kvinne fra Haiti, er hushjelp hos en velstående offisersfamilie i Den dominikanske republikk. Hun elsker Sebastian, som er landarbeider. Året er 1937, og de drømmer om en fremtid sammen. Ryktene begynner å gå om at den dominikanske presidenten planlegger en nasjonal renselse. Snart mobiliseres hæren mot svarte landarbeidere med et fremmed språk.

Alle bøker
