{"id":23099,"date":"2024-12-10T22:33:10","date_gmt":"2024-12-10T21:33:10","guid":{"rendered":"https:\/\/pax.forenteforlag.no\/produkt\/hverdag-i-krig\/"},"modified":"2026-03-04T21:28:44","modified_gmt":"2026-03-04T20:28:44","slug":"hverdag-i-krig","status":"publish","type":"product","link":"https:\/\/staging.forenteforlag.no\/pax\/produkt\/hverdag-i-krig\/","title":{"rendered":"Hverdag i krig"},"content":{"rendered":"<p>Hverdag i krig er en erindringsbok der forfatteren forteller fra egen oppvekst i Trondheim under krigen, og boken er en fortsettelse av F\u00f8rkrigsbarndom . M\u00f8llenberg (Pax, 1992). Mens den f\u00f8rste boken f\u00f8rst og fremst var en beskrivelse av et sted, er fokus denne gang en tid, nemlig det vi omtaler som .krigen. eller .okkupasjonen..<br \/>\nSelv om det er krig, er det meste av det Tiller erindrer vanlige hendelser i en families liv, i skolegang og i gutters lek og hemmelige brorskap. Men det lokale kulturlivet med sanger, revytekster, dikt og regler ble opplevd p\u00e5 en bakgrunn av krigens dramatikk, grusomhet og trusler.<br \/>\nDet gutten opplever var ikke f\u00f8rst og fremst av milit\u00e6r eller teknisk natur eller andre forhold som en voksen forst\u00e5else i ettertiden kan legge vekt p\u00e5. S\u00e5nne omforente, formelle kjennetegn var i mindre grad sanset, og lite egnet til \u00e5 huskes. Som Tiller sier: .Det som var viktig da det skjedde er det som gjorde inntrykk, og det er ikke n\u00f8dvendigvis det samme som det som ettertiden har lagt vekt p\u00e5..<br \/>\nBoken er illustrert.<\/p>\n","protected":false},"excerpt":{"rendered":"<p>Hverdag i krig er en erindringsbok der forfatteren forteller fra egen oppvekst i Trondheim under krigen, og boken er en fortsettelse av F\u00f8rkrigsbarndom . M\u00f8llenberg (Pax, 1992). Mens den f\u00f8rste boken f\u00f8rst og fremst var en beskrivelse av et sted, er fokus denne gang en tid, nemlig det vi omtaler som .krigen. eller .okkupasjonen.. Selv [&hellip;]<\/p>\n","protected":false},"featured_media":29161,"template":"","meta":{"_acf_changed":false,"inline_featured_image":false},"product_brand":[],"product_cat":[1782],"product_tag":[407,405,1445,362,417,1041],"class_list":{"0":"post-23099","1":"product","2":"type-product","3":"status-publish","4":"has-post-thumbnail","6":"product_cat-fripris","7":"product_tag-1939-1945","8":"product_tag-andre-verdenskrig","9":"product_tag-barne-og-ungdomslitteratur","10":"product_tag-faglitteratur","11":"product_tag-selvbiografier","12":"product_tag-trondheim","14":"first","15":"outofstock","16":"taxable","17":"shipping-taxable","18":"purchasable","19":"product-type-simple"},"acf":{"anmeldelse":null},"yoast_head":"<!-- This site is optimized with the Yoast SEO plugin v26.6 - https:\/\/yoast.com\/wordpress\/plugins\/seo\/ -->\n<title>Hverdag i krig - Pax<\/title>\n<meta name=\"robots\" content=\"noindex, follow, max-snippet:-1, max-image-preview:large, max-video-preview:-1\" \/>\n<meta property=\"og:locale\" content=\"nb_NO\" \/>\n<meta property=\"og:type\" content=\"article\" \/>\n<meta property=\"og:title\" content=\"Hverdag i krig - Pax\" \/>\n<meta property=\"og:description\" content=\"Hverdag i krig er en erindringsbok der forfatteren forteller fra egen oppvekst i Trondheim under krigen, og boken er en fortsettelse av F\u00f8rkrigsbarndom . M\u00f8llenberg (Pax, 1992). Mens den f\u00f8rste boken f\u00f8rst og fremst var en beskrivelse av et sted, er fokus denne gang en tid, nemlig det vi omtaler som .krigen. eller .okkupasjonen.. Selv [&hellip;]\" \/>\n<meta property=\"og:url\" content=\"https:\/\/staging.forenteforlag.no\/pax\/produkt\/hverdag-i-krig\/\" \/>\n<meta property=\"og:site_name\" content=\"Pax\" \/>\n<meta property=\"article:modified_time\" content=\"2026-03-04T20:28:44+00:00\" \/>\n<meta property=\"og:image\" content=\"https:\/\/staging.forenteforlag.no\/pax\/wp-content\/uploads\/sites\/5\/2025\/08\/jpg-9070.jpg\" \/>\n\t<meta property=\"og:image:width\" content=\"366\" \/>\n\t<meta property=\"og:image:height\" content=\"449\" \/>\n\t<meta property=\"og:image:type\" content=\"image\/jpeg\" \/>\n<meta name=\"twitter:card\" content=\"summary_large_image\" \/>\n<meta name=\"twitter:label1\" content=\"Ansl. lesetid\" \/>\n\t<meta name=\"twitter:data1\" content=\"1 minutt\" \/>\n<script type=\"application\/ld+json\" class=\"yoast-schema-graph\">{\"@context\":\"https:\/\/schema.org\",\"@graph\":[{\"@type\":\"WebPage\",\"@id\":\"https:\/\/staging.forenteforlag.no\/pax\/produkt\/hverdag-i-krig\/\",\"url\":\"https:\/\/staging.forenteforlag.no\/pax\/produkt\/hverdag-i-krig\/\",\"name\":\"Hverdag i krig - Pax\",\"isPartOf\":{\"@id\":\"https:\/\/staging.forenteforlag.no\/pax\/#website\"},\"primaryImageOfPage\":{\"@id\":\"https:\/\/staging.forenteforlag.no\/pax\/produkt\/hverdag-i-krig\/#primaryimage\"},\"image\":{\"@id\":\"https:\/\/staging.forenteforlag.no\/pax\/produkt\/hverdag-i-krig\/#primaryimage\"},\"thumbnailUrl\":\"https:\/\/staging.forenteforlag.no\/pax\/wp-content\/uploads\/sites\/5\/2025\/08\/jpg-9070.jpg\",\"datePublished\":\"2024-12-10T21:33:10+00:00\",\"dateModified\":\"2026-03-04T20:28:44+00:00\",\"breadcrumb\":{\"@id\":\"https:\/\/staging.forenteforlag.no\/pax\/produkt\/hverdag-i-krig\/#breadcrumb\"},\"inLanguage\":\"nb-NO\",\"potentialAction\":[{\"@type\":\"ReadAction\",\"target\":[\"https:\/\/staging.forenteforlag.no\/pax\/produkt\/hverdag-i-krig\/\"]}]},{\"@type\":\"ImageObject\",\"inLanguage\":\"nb-NO\",\"@id\":\"https:\/\/staging.forenteforlag.no\/pax\/produkt\/hverdag-i-krig\/#primaryimage\",\"url\":\"https:\/\/staging.forenteforlag.no\/pax\/wp-content\/uploads\/sites\/5\/2025\/08\/jpg-9070.jpg\",\"contentUrl\":\"https:\/\/staging.forenteforlag.no\/pax\/wp-content\/uploads\/sites\/5\/2025\/08\/jpg-9070.jpg\",\"width\":366,\"height\":449},{\"@type\":\"BreadcrumbList\",\"@id\":\"https:\/\/staging.forenteforlag.no\/pax\/produkt\/hverdag-i-krig\/#breadcrumb\",\"itemListElement\":[{\"@type\":\"ListItem\",\"position\":1,\"name\":\"Hjem\",\"item\":\"https:\/\/staging.forenteforlag.no\/pax\/\"},{\"@type\":\"ListItem\",\"position\":2,\"name\":\"Alle b\u00f8ker\",\"item\":\"https:\/\/staging.forenteforlag.no\/pax\/butikk\/\"},{\"@type\":\"ListItem\",\"position\":3,\"name\":\"Hverdag i krig\"}]},{\"@type\":\"WebSite\",\"@id\":\"https:\/\/staging.forenteforlag.no\/pax\/#website\",\"url\":\"https:\/\/staging.forenteforlag.no\/pax\/\",\"name\":\"Pax\",\"description\":\"\",\"potentialAction\":[{\"@type\":\"SearchAction\",\"target\":{\"@type\":\"EntryPoint\",\"urlTemplate\":\"https:\/\/staging.forenteforlag.no\/pax\/?s={search_term_string}\"},\"query-input\":{\"@type\":\"PropertyValueSpecification\",\"valueRequired\":true,\"valueName\":\"search_term_string\"}}],\"inLanguage\":\"nb-NO\"}]}<\/script>\n<!-- \/ Yoast SEO plugin. -->","yoast_head_json":{"title":"Hverdag i krig - Pax","robots":{"index":"noindex","follow":"follow","max-snippet":"max-snippet:-1","max-image-preview":"max-image-preview:large","max-video-preview":"max-video-preview:-1"},"og_locale":"nb_NO","og_type":"article","og_title":"Hverdag i krig - Pax","og_description":"Hverdag i krig er en erindringsbok der forfatteren forteller fra egen oppvekst i Trondheim under krigen, og boken er en fortsettelse av F\u00f8rkrigsbarndom . M\u00f8llenberg (Pax, 1992). Mens den f\u00f8rste boken f\u00f8rst og fremst var en beskrivelse av et sted, er fokus denne gang en tid, nemlig det vi omtaler som .krigen. eller .okkupasjonen.. Selv [&hellip;]","og_url":"https:\/\/staging.forenteforlag.no\/pax\/produkt\/hverdag-i-krig\/","og_site_name":"Pax","article_modified_time":"2026-03-04T20:28:44+00:00","og_image":[{"width":366,"height":449,"url":"https:\/\/staging.forenteforlag.no\/pax\/wp-content\/uploads\/sites\/5\/2025\/08\/jpg-9070.jpg","type":"image\/jpeg"}],"twitter_card":"summary_large_image","twitter_misc":{"Ansl. lesetid":"1 minutt"},"schema":{"@context":"https:\/\/schema.org","@graph":[{"@type":"WebPage","@id":"https:\/\/staging.forenteforlag.no\/pax\/produkt\/hverdag-i-krig\/","url":"https:\/\/staging.forenteforlag.no\/pax\/produkt\/hverdag-i-krig\/","name":"Hverdag i krig - Pax","isPartOf":{"@id":"https:\/\/staging.forenteforlag.no\/pax\/#website"},"primaryImageOfPage":{"@id":"https:\/\/staging.forenteforlag.no\/pax\/produkt\/hverdag-i-krig\/#primaryimage"},"image":{"@id":"https:\/\/staging.forenteforlag.no\/pax\/produkt\/hverdag-i-krig\/#primaryimage"},"thumbnailUrl":"https:\/\/staging.forenteforlag.no\/pax\/wp-content\/uploads\/sites\/5\/2025\/08\/jpg-9070.jpg","datePublished":"2024-12-10T21:33:10+00:00","dateModified":"2026-03-04T20:28:44+00:00","breadcrumb":{"@id":"https:\/\/staging.forenteforlag.no\/pax\/produkt\/hverdag-i-krig\/#breadcrumb"},"inLanguage":"nb-NO","potentialAction":[{"@type":"ReadAction","target":["https:\/\/staging.forenteforlag.no\/pax\/produkt\/hverdag-i-krig\/"]}]},{"@type":"ImageObject","inLanguage":"nb-NO","@id":"https:\/\/staging.forenteforlag.no\/pax\/produkt\/hverdag-i-krig\/#primaryimage","url":"https:\/\/staging.forenteforlag.no\/pax\/wp-content\/uploads\/sites\/5\/2025\/08\/jpg-9070.jpg","contentUrl":"https:\/\/staging.forenteforlag.no\/pax\/wp-content\/uploads\/sites\/5\/2025\/08\/jpg-9070.jpg","width":366,"height":449},{"@type":"BreadcrumbList","@id":"https:\/\/staging.forenteforlag.no\/pax\/produkt\/hverdag-i-krig\/#breadcrumb","itemListElement":[{"@type":"ListItem","position":1,"name":"Hjem","item":"https:\/\/staging.forenteforlag.no\/pax\/"},{"@type":"ListItem","position":2,"name":"Alle b\u00f8ker","item":"https:\/\/staging.forenteforlag.no\/pax\/butikk\/"},{"@type":"ListItem","position":3,"name":"Hverdag i krig"}]},{"@type":"WebSite","@id":"https:\/\/staging.forenteforlag.no\/pax\/#website","url":"https:\/\/staging.forenteforlag.no\/pax\/","name":"Pax","description":"","potentialAction":[{"@type":"SearchAction","target":{"@type":"EntryPoint","urlTemplate":"https:\/\/staging.forenteforlag.no\/pax\/?s={search_term_string}"},"query-input":{"@type":"PropertyValueSpecification","valueRequired":true,"valueName":"search_term_string"}}],"inLanguage":"nb-NO"}]}},"_links":{"self":[{"href":"https:\/\/staging.forenteforlag.no\/pax\/wp-json\/wp\/v2\/product\/23099","targetHints":{"allow":["GET"]}}],"collection":[{"href":"https:\/\/staging.forenteforlag.no\/pax\/wp-json\/wp\/v2\/product"}],"about":[{"href":"https:\/\/staging.forenteforlag.no\/pax\/wp-json\/wp\/v2\/types\/product"}],"wp:featuredmedia":[{"embeddable":true,"href":"https:\/\/staging.forenteforlag.no\/pax\/wp-json\/wp\/v2\/media\/29161"}],"wp:attachment":[{"href":"https:\/\/staging.forenteforlag.no\/pax\/wp-json\/wp\/v2\/media?parent=23099"}],"wp:term":[{"taxonomy":"product_brand","embeddable":true,"href":"https:\/\/staging.forenteforlag.no\/pax\/wp-json\/wp\/v2\/product_brand?post=23099"},{"taxonomy":"product_cat","embeddable":true,"href":"https:\/\/staging.forenteforlag.no\/pax\/wp-json\/wp\/v2\/product_cat?post=23099"},{"taxonomy":"product_tag","embeddable":true,"href":"https:\/\/staging.forenteforlag.no\/pax\/wp-json\/wp\/v2\/product_tag?post=23099"}],"curies":[{"name":"wp","href":"https:\/\/api.w.org\/{rel}","templated":true}]}}

<p>Hverdag i krig er en erindringsbok der forfatteren forteller fra egen oppvekst i Trondheim under krigen, og boken er en fortsettelse av Førkrigsbarndom . Møllenberg (Pax, 1992). Mens den første boken først og fremst var en beskrivelse av et sted, er fokus denne gang en tid, nemlig det vi omtaler som .krigen. eller .okkupasjonen..<br />
Selv om det er krig, er det meste av det Tiller erindrer vanlige hendelser i en families liv, i skolegang og i gutters lek og hemmelige brorskap. Men det lokale kulturlivet med sanger, revytekster, dikt og regler ble opplevd på en bakgrunn av krigens dramatikk, grusomhet og trusler.<br />
Det gutten opplever var ikke først og fremst av militær eller teknisk natur eller andre forhold som en voksen forståelse i ettertiden kan legge vekt på. Sånne omforente, formelle kjennetegn var i mindre grad sanset, og lite egnet til å huskes. Som Tiller sier: .Det som var viktig da det skjedde er det som gjorde inntrykk, og det er ikke nødvendigvis det samme som det som ettertiden har lagt vekt på..<br />
Boken er illustrert.</p>

<p>Hverdag i krig er en erindringsbok der forfatteren forteller fra egen oppvekst i Trondheim under krigen, og boken er en fortsettelse av Førkrigsbarndom . Møllenberg (Pax, 1992). Mens den første boken først og fremst var en beskrivelse av et sted, er fokus denne gang en tid, nemlig det vi omtaler som .krigen. eller .okkupasjonen.. Selv [&hellip;]</p>

<!-- This site is optimized with the Yoast SEO plugin v26.6 - https://yoast.com/wordpress/plugins/seo/ -->
<title>Hverdag i krig - Pax</title>
<meta name="robots" content="noindex, follow, max-snippet:-1, max-image-preview:large, max-video-preview:-1" />
<meta property="og:locale" content="nb_NO" />
<meta property="og:type" content="article" />
<meta property="og:title" content="Hverdag i krig - Pax" />
<meta property="og:description" content="Hverdag i krig er en erindringsbok der forfatteren forteller fra egen oppvekst i Trondheim under krigen, og boken er en fortsettelse av Førkrigsbarndom . Møllenberg (Pax, 1992). Mens den første boken først og fremst var en beskrivelse av et sted, er fokus denne gang en tid, nemlig det vi omtaler som .krigen. eller .okkupasjonen.. Selv [&hellip;]" />
<meta property="og:url" content="https://staging.forenteforlag.no/pax/produkt/hverdag-i-krig/" />
<meta property="og:site_name" content="Pax" />
<meta property="article:modified_time" content="2026-03-04T20:28:44+00:00" />
<meta property="og:image" content="https://staging.forenteforlag.no/pax/wp-content/uploads/sites/5/2025/08/jpg-9070.jpg" />
	<meta property="og:image:width" content="366" />
	<meta property="og:image:height" content="449" />
	<meta property="og:image:type" content="image/jpeg" />
<meta name="twitter:card" content="summary_large_image" />
<meta name="twitter:label1" content="Ansl. lesetid" />
	<meta name="twitter:data1" content="1 minutt" />
<script type="application/ld+json" class="yoast-schema-graph">{"@context":"https://schema.org","@graph":[{"@type":"WebPage","@id":"https://staging.forenteforlag.no/pax/produkt/hverdag-i-krig/","url":"https://staging.forenteforlag.no/pax/produkt/hverdag-i-krig/","name":"Hverdag i krig - Pax","isPartOf":{"@id":"https://staging.forenteforlag.no/pax/#website"},"primaryImageOfPage":{"@id":"https://staging.forenteforlag.no/pax/produkt/hverdag-i-krig/#primaryimage"},"image":{"@id":"https://staging.forenteforlag.no/pax/produkt/hverdag-i-krig/#primaryimage"},"thumbnailUrl":"https://staging.forenteforlag.no/pax/wp-content/uploads/sites/5/2025/08/jpg-9070.jpg","datePublished":"2024-12-10T21:33:10+00:00","dateModified":"2026-03-04T20:28:44+00:00","breadcrumb":{"@id":"https://staging.forenteforlag.no/pax/produkt/hverdag-i-krig/#breadcrumb"},"inLanguage":"nb-NO","potentialAction":[{"@type":"ReadAction","target":["https://staging.forenteforlag.no/pax/produkt/hverdag-i-krig/"]}]},{"@type":"ImageObject","inLanguage":"nb-NO","@id":"https://staging.forenteforlag.no/pax/produkt/hverdag-i-krig/#primaryimage","url":"https://staging.forenteforlag.no/pax/wp-content/uploads/sites/5/2025/08/jpg-9070.jpg","contentUrl":"https://staging.forenteforlag.no/pax/wp-content/uploads/sites/5/2025/08/jpg-9070.jpg","width":366,"height":449},{"@type":"BreadcrumbList","@id":"https://staging.forenteforlag.no/pax/produkt/hverdag-i-krig/#breadcrumb","itemListElement":[{"@type":"ListItem","position":1,"name":"Hjem","item":"https://staging.forenteforlag.no/pax/"},{"@type":"ListItem","position":2,"name":"Alle bøker","item":"https://staging.forenteforlag.no/pax/butikk/"},{"@type":"ListItem","position":3,"name":"Hverdag i krig"}]},{"@type":"WebSite","@id":"https://staging.forenteforlag.no/pax/#website","url":"https://staging.forenteforlag.no/pax/","name":"Pax","description":"","potentialAction":[{"@type":"SearchAction","target":{"@type":"EntryPoint","urlTemplate":"https://staging.forenteforlag.no/pax/?s={search_term_string}"},"query-input":{"@type":"PropertyValueSpecification","valueRequired":true,"valueName":"search_term_string"}}],"inLanguage":"nb-NO"}]}</script>
<!-- / Yoast SEO plugin. -->

Hverdag i krig er en erindringsbok der forfatteren forteller fra egen oppvekst i Trondheim under krigen, og boken er en fortsettelse av Førkrigsbarndom . Møllenberg (Pax, 1992). Mens den første boken først og fremst var en beskrivelse av et sted, er fokus denne gang en tid, nemlig det vi omtaler som .krigen. eller .okkupasjonen.. Selv [&hellip;]

Alle bøker
