{"id":22976,"date":"2024-12-10T22:27:37","date_gmt":"2024-12-10T21:27:37","guid":{"rendered":"https:\/\/pax.forenteforlag.no\/produkt\/kleopatra\/"},"modified":"2026-03-04T20:11:05","modified_gmt":"2026-03-04T19:11:05","slug":"kleopatra","status":"publish","type":"product","link":"https:\/\/staging.forenteforlag.no\/pax\/produkt\/kleopatra\/","title":{"rendered":"Kleopatra"},"content":{"rendered":"<p>I Alexandria gir Kleopatra Antonius en str\u00e5lende velkomst. Han har hevnet C\u00e6sars d\u00f8d og har n\u00e5 vunnet Kleopatras hjerte. Egypt blomstrer igjen, men i Roma er det m\u00f8rkere skyer. Den unge Octavian, C\u00e6sars arving, blir stadig mektigere, og vil undergrave Antonius&#8217; stilling i hjemlandet. En milit\u00e6r konfrontasjon er ikke til \u00e5 unng\u00e5, og Antonius samler sine styrker i Hellas. Det blir Octavian som seirer i det store sj\u00f8slaget, og Kleopatra og Antonius tar seg tilbake til Egypt. Storhetstiden er over og Kleopatra venter stolt og ukuelig mens de romerske troppene rykker n\u00e6rmere Alexandria. Dette er andre bind av romanen Kleopatra.<\/p>\n","protected":false},"excerpt":{"rendered":"<p>I Alexandria gir Kleopatra Antonius en str\u00e5lende velkomst. Han har hevnet C\u00e6sars d\u00f8d og har n\u00e5 vunnet Kleopatras hjerte. Egypt blomstrer igjen, men i Roma er det m\u00f8rkere skyer. Den unge Octavian, C\u00e6sars arving, blir stadig mektigere, og vil undergrave Antonius&#8217; stilling i hjemlandet. En milit\u00e6r konfrontasjon er ikke til \u00e5 unng\u00e5, og Antonius samler [&hellip;]<\/p>\n","protected":false},"featured_media":30081,"template":"","meta":{"_acf_changed":false,"inline_featured_image":false},"product_brand":[],"product_cat":[1782],"product_tag":[897,1169,1095,400,626,366,370],"class_list":{"0":"post-22976","1":"product","2":"type-product","3":"status-publish","4":"has-post-thumbnail","6":"product_cat-fripris","7":"product_tag-antikken","8":"product_tag-egypt","9":"product_tag-grafiske-romaner","10":"product_tag-historisk-litteratur","11":"product_tag-historiske-personer","12":"product_tag-kongelige","13":"product_tag-skjonnlitteratur","15":"first","16":"outofstock","17":"taxable","18":"shipping-taxable","19":"purchasable","20":"product-type-simple"},"acf":{"anmeldelse":null},"yoast_head":"<!-- This site is optimized with the Yoast SEO plugin v26.6 - https:\/\/yoast.com\/wordpress\/plugins\/seo\/ -->\n<title>Kleopatra - Pax<\/title>\n<meta name=\"robots\" content=\"noindex, follow, max-snippet:-1, max-image-preview:large, max-video-preview:-1\" \/>\n<meta property=\"og:locale\" content=\"nb_NO\" \/>\n<meta property=\"og:type\" content=\"article\" \/>\n<meta property=\"og:title\" content=\"Kleopatra - Pax\" \/>\n<meta property=\"og:description\" content=\"I Alexandria gir Kleopatra Antonius en str\u00e5lende velkomst. Han har hevnet C\u00e6sars d\u00f8d og har n\u00e5 vunnet Kleopatras hjerte. Egypt blomstrer igjen, men i Roma er det m\u00f8rkere skyer. Den unge Octavian, C\u00e6sars arving, blir stadig mektigere, og vil undergrave Antonius&#8217; stilling i hjemlandet. En milit\u00e6r konfrontasjon er ikke til \u00e5 unng\u00e5, og Antonius samler [&hellip;]\" \/>\n<meta property=\"og:url\" content=\"https:\/\/staging.forenteforlag.no\/pax\/produkt\/kleopatra\/\" \/>\n<meta property=\"og:site_name\" content=\"Pax\" \/>\n<meta property=\"article:modified_time\" content=\"2026-03-04T19:11:05+00:00\" \/>\n<meta property=\"og:image\" content=\"https:\/\/staging.forenteforlag.no\/pax\/wp-content\/uploads\/sites\/5\/2026\/03\/9788253022048.jpg\" \/>\n\t<meta property=\"og:image:width\" content=\"720\" \/>\n\t<meta property=\"og:image:height\" content=\"1150\" \/>\n\t<meta property=\"og:image:type\" content=\"image\/jpeg\" \/>\n<meta name=\"twitter:card\" content=\"summary_large_image\" \/>\n<meta name=\"twitter:label1\" content=\"Ansl. lesetid\" \/>\n\t<meta name=\"twitter:data1\" content=\"1 minutt\" \/>\n<script type=\"application\/ld+json\" class=\"yoast-schema-graph\">{\"@context\":\"https:\/\/schema.org\",\"@graph\":[{\"@type\":\"WebPage\",\"@id\":\"https:\/\/staging.forenteforlag.no\/pax\/produkt\/kleopatra\/\",\"url\":\"https:\/\/staging.forenteforlag.no\/pax\/produkt\/kleopatra\/\",\"name\":\"Kleopatra - Pax\",\"isPartOf\":{\"@id\":\"https:\/\/staging.forenteforlag.no\/pax\/#website\"},\"primaryImageOfPage\":{\"@id\":\"https:\/\/staging.forenteforlag.no\/pax\/produkt\/kleopatra\/#primaryimage\"},\"image\":{\"@id\":\"https:\/\/staging.forenteforlag.no\/pax\/produkt\/kleopatra\/#primaryimage\"},\"thumbnailUrl\":\"https:\/\/staging.forenteforlag.no\/pax\/wp-content\/uploads\/sites\/5\/2026\/03\/9788253022048.jpg\",\"datePublished\":\"2024-12-10T21:27:37+00:00\",\"dateModified\":\"2026-03-04T19:11:05+00:00\",\"breadcrumb\":{\"@id\":\"https:\/\/staging.forenteforlag.no\/pax\/produkt\/kleopatra\/#breadcrumb\"},\"inLanguage\":\"nb-NO\",\"potentialAction\":[{\"@type\":\"ReadAction\",\"target\":[\"https:\/\/staging.forenteforlag.no\/pax\/produkt\/kleopatra\/\"]}]},{\"@type\":\"ImageObject\",\"inLanguage\":\"nb-NO\",\"@id\":\"https:\/\/staging.forenteforlag.no\/pax\/produkt\/kleopatra\/#primaryimage\",\"url\":\"https:\/\/staging.forenteforlag.no\/pax\/wp-content\/uploads\/sites\/5\/2026\/03\/9788253022048.jpg\",\"contentUrl\":\"https:\/\/staging.forenteforlag.no\/pax\/wp-content\/uploads\/sites\/5\/2026\/03\/9788253022048.jpg\",\"width\":720,\"height\":1150},{\"@type\":\"BreadcrumbList\",\"@id\":\"https:\/\/staging.forenteforlag.no\/pax\/produkt\/kleopatra\/#breadcrumb\",\"itemListElement\":[{\"@type\":\"ListItem\",\"position\":1,\"name\":\"Hjem\",\"item\":\"https:\/\/staging.forenteforlag.no\/pax\/\"},{\"@type\":\"ListItem\",\"position\":2,\"name\":\"Alle b\u00f8ker\",\"item\":\"https:\/\/staging.forenteforlag.no\/pax\/butikk\/\"},{\"@type\":\"ListItem\",\"position\":3,\"name\":\"Kleopatra\"}]},{\"@type\":\"WebSite\",\"@id\":\"https:\/\/staging.forenteforlag.no\/pax\/#website\",\"url\":\"https:\/\/staging.forenteforlag.no\/pax\/\",\"name\":\"Pax\",\"description\":\"\",\"potentialAction\":[{\"@type\":\"SearchAction\",\"target\":{\"@type\":\"EntryPoint\",\"urlTemplate\":\"https:\/\/staging.forenteforlag.no\/pax\/?s={search_term_string}\"},\"query-input\":{\"@type\":\"PropertyValueSpecification\",\"valueRequired\":true,\"valueName\":\"search_term_string\"}}],\"inLanguage\":\"nb-NO\"}]}<\/script>\n<!-- \/ Yoast SEO plugin. -->","yoast_head_json":{"title":"Kleopatra - Pax","robots":{"index":"noindex","follow":"follow","max-snippet":"max-snippet:-1","max-image-preview":"max-image-preview:large","max-video-preview":"max-video-preview:-1"},"og_locale":"nb_NO","og_type":"article","og_title":"Kleopatra - Pax","og_description":"I Alexandria gir Kleopatra Antonius en str\u00e5lende velkomst. Han har hevnet C\u00e6sars d\u00f8d og har n\u00e5 vunnet Kleopatras hjerte. Egypt blomstrer igjen, men i Roma er det m\u00f8rkere skyer. Den unge Octavian, C\u00e6sars arving, blir stadig mektigere, og vil undergrave Antonius&#8217; stilling i hjemlandet. En milit\u00e6r konfrontasjon er ikke til \u00e5 unng\u00e5, og Antonius samler [&hellip;]","og_url":"https:\/\/staging.forenteforlag.no\/pax\/produkt\/kleopatra\/","og_site_name":"Pax","article_modified_time":"2026-03-04T19:11:05+00:00","og_image":[{"width":720,"height":1150,"url":"https:\/\/staging.forenteforlag.no\/pax\/wp-content\/uploads\/sites\/5\/2026\/03\/9788253022048.jpg","type":"image\/jpeg"}],"twitter_card":"summary_large_image","twitter_misc":{"Ansl. lesetid":"1 minutt"},"schema":{"@context":"https:\/\/schema.org","@graph":[{"@type":"WebPage","@id":"https:\/\/staging.forenteforlag.no\/pax\/produkt\/kleopatra\/","url":"https:\/\/staging.forenteforlag.no\/pax\/produkt\/kleopatra\/","name":"Kleopatra - Pax","isPartOf":{"@id":"https:\/\/staging.forenteforlag.no\/pax\/#website"},"primaryImageOfPage":{"@id":"https:\/\/staging.forenteforlag.no\/pax\/produkt\/kleopatra\/#primaryimage"},"image":{"@id":"https:\/\/staging.forenteforlag.no\/pax\/produkt\/kleopatra\/#primaryimage"},"thumbnailUrl":"https:\/\/staging.forenteforlag.no\/pax\/wp-content\/uploads\/sites\/5\/2026\/03\/9788253022048.jpg","datePublished":"2024-12-10T21:27:37+00:00","dateModified":"2026-03-04T19:11:05+00:00","breadcrumb":{"@id":"https:\/\/staging.forenteforlag.no\/pax\/produkt\/kleopatra\/#breadcrumb"},"inLanguage":"nb-NO","potentialAction":[{"@type":"ReadAction","target":["https:\/\/staging.forenteforlag.no\/pax\/produkt\/kleopatra\/"]}]},{"@type":"ImageObject","inLanguage":"nb-NO","@id":"https:\/\/staging.forenteforlag.no\/pax\/produkt\/kleopatra\/#primaryimage","url":"https:\/\/staging.forenteforlag.no\/pax\/wp-content\/uploads\/sites\/5\/2026\/03\/9788253022048.jpg","contentUrl":"https:\/\/staging.forenteforlag.no\/pax\/wp-content\/uploads\/sites\/5\/2026\/03\/9788253022048.jpg","width":720,"height":1150},{"@type":"BreadcrumbList","@id":"https:\/\/staging.forenteforlag.no\/pax\/produkt\/kleopatra\/#breadcrumb","itemListElement":[{"@type":"ListItem","position":1,"name":"Hjem","item":"https:\/\/staging.forenteforlag.no\/pax\/"},{"@type":"ListItem","position":2,"name":"Alle b\u00f8ker","item":"https:\/\/staging.forenteforlag.no\/pax\/butikk\/"},{"@type":"ListItem","position":3,"name":"Kleopatra"}]},{"@type":"WebSite","@id":"https:\/\/staging.forenteforlag.no\/pax\/#website","url":"https:\/\/staging.forenteforlag.no\/pax\/","name":"Pax","description":"","potentialAction":[{"@type":"SearchAction","target":{"@type":"EntryPoint","urlTemplate":"https:\/\/staging.forenteforlag.no\/pax\/?s={search_term_string}"},"query-input":{"@type":"PropertyValueSpecification","valueRequired":true,"valueName":"search_term_string"}}],"inLanguage":"nb-NO"}]}},"_links":{"self":[{"href":"https:\/\/staging.forenteforlag.no\/pax\/wp-json\/wp\/v2\/product\/22976","targetHints":{"allow":["GET"]}}],"collection":[{"href":"https:\/\/staging.forenteforlag.no\/pax\/wp-json\/wp\/v2\/product"}],"about":[{"href":"https:\/\/staging.forenteforlag.no\/pax\/wp-json\/wp\/v2\/types\/product"}],"wp:featuredmedia":[{"embeddable":true,"href":"https:\/\/staging.forenteforlag.no\/pax\/wp-json\/wp\/v2\/media\/30081"}],"wp:attachment":[{"href":"https:\/\/staging.forenteforlag.no\/pax\/wp-json\/wp\/v2\/media?parent=22976"}],"wp:term":[{"taxonomy":"product_brand","embeddable":true,"href":"https:\/\/staging.forenteforlag.no\/pax\/wp-json\/wp\/v2\/product_brand?post=22976"},{"taxonomy":"product_cat","embeddable":true,"href":"https:\/\/staging.forenteforlag.no\/pax\/wp-json\/wp\/v2\/product_cat?post=22976"},{"taxonomy":"product_tag","embeddable":true,"href":"https:\/\/staging.forenteforlag.no\/pax\/wp-json\/wp\/v2\/product_tag?post=22976"}],"curies":[{"name":"wp","href":"https:\/\/api.w.org\/{rel}","templated":true}]}}