{"id":22912,"date":"2010-09-09T02:00:00","date_gmt":"2010-09-09T00:00:00","guid":{"rendered":"https:\/\/pax.forenteforlag.no\/produkt\/a-bake-kaker-i-kigali\/"},"modified":"2025-08-27T09:14:01","modified_gmt":"2025-08-27T07:14:01","slug":"a-bake-kaker-i-kigali","status":"publish","type":"product","link":"https:\/\/staging.forenteforlag.no\/pax\/produkt\/a-bake-kaker-i-kigali\/","title":{"rendered":"\u00c5 bake kaker i Kigali"},"content":{"rendered":"<p>Angel Tungaraza har nylig flyttet fra Tanzania til Rwanda med mannen Pius og de fem foreldrel\u00f8se barnebarna. Angel har nok \u00e5 gj\u00f8re, men setter sin stolthet i \u00e5 drive sitt eget lille hjemmebakeri. Hun baker de lekreste kaker til spesielle anledninger for naboene og vennene deres, og n\u00e5r kundene kommer for \u00e5 bestille, blir de servert te og oppfordret til \u00e5 fortelle historien sin. Angel klarer sjelden \u00e5 la v\u00e6re \u00e5 engasjere seg, og tr\u00e5r gjerne til med et r\u00e5d eller to. P\u00e5 denne m\u00e5ten knyttes sterke b\u00e5nd, problemer l\u00f8ses, bryllup arrangeres &#8211; og Angel selv f\u00e5r hjelp til \u00e5 se i \u00f8ynene en del smertefulle sannheter om blant annet datterens d\u00f8d.   \u00c5 bake kaker i Kigali er en hjertevarm, morsom og sjarmerende fortelling som har blitt en bestselger i mange land.<\/p>\n","protected":false},"excerpt":{"rendered":"<p>Angel Tungaraza har nylig flyttet fra Tanzania til Rwanda med mannen Pius og de fem foreldrel\u00f8se barnebarna. Angel har nok \u00e5 gj\u00f8re, men setter sin stolthet i \u00e5 drive sitt eget lille hjemmebakeri. Hun baker de lekreste kaker til spesielle anledninger for naboene og vennene deres, og n\u00e5r kundene kommer for \u00e5 bestille, blir de [&hellip;]<\/p>\n","protected":false},"featured_media":28411,"template":"","meta":{"_acf_changed":false,"inline_featured_image":false},"product_brand":[],"product_cat":[40],"product_tag":[1305,568,1095,420,370,1304,513],"class_list":{"0":"post-22912","1":"product","2":"type-product","3":"status-publish","4":"has-post-thumbnail","6":"product_cat-romaner","7":"product_tag-bakerier","8":"product_tag-bonusfamilie","9":"product_tag-grafiske-romaner","10":"product_tag-rwanda","11":"product_tag-skjonnlitteratur","12":"product_tag-sosial-nod","13":"product_tag-vennskap","14":"pa_format-innbundet","16":"first","17":"outofstock","18":"shipping-taxable","19":"purchasable","20":"product-type-simple"},"acf":{"anmeldelse":null},"yoast_head":"<!-- This site is optimized with the Yoast SEO plugin v26.6 - https:\/\/yoast.com\/wordpress\/plugins\/seo\/ -->\n<title>\u00c5 bake kaker i Kigali - Pax<\/title>\n<meta name=\"robots\" content=\"noindex, follow, max-snippet:-1, max-image-preview:large, max-video-preview:-1\" \/>\n<meta property=\"og:locale\" content=\"nb_NO\" \/>\n<meta property=\"og:type\" content=\"article\" \/>\n<meta property=\"og:title\" content=\"\u00c5 bake kaker i Kigali - Pax\" \/>\n<meta property=\"og:description\" content=\"Angel Tungaraza har nylig flyttet fra Tanzania til Rwanda med mannen Pius og de fem foreldrel\u00f8se barnebarna. Angel har nok \u00e5 gj\u00f8re, men setter sin stolthet i \u00e5 drive sitt eget lille hjemmebakeri. Hun baker de lekreste kaker til spesielle anledninger for naboene og vennene deres, og n\u00e5r kundene kommer for \u00e5 bestille, blir de [&hellip;]\" \/>\n<meta property=\"og:url\" content=\"https:\/\/staging.forenteforlag.no\/pax\/produkt\/a-bake-kaker-i-kigali\/\" \/>\n<meta property=\"og:site_name\" content=\"Pax\" \/>\n<meta property=\"article:modified_time\" content=\"2025-08-27T07:14:01+00:00\" \/>\n<meta property=\"og:image\" content=\"https:\/\/staging.forenteforlag.no\/pax\/wp-content\/uploads\/sites\/5\/2025\/08\/jpg-6867.jpg\" \/>\n\t<meta property=\"og:image:width\" content=\"284\" \/>\n\t<meta property=\"og:image:height\" content=\"449\" \/>\n\t<meta property=\"og:image:type\" content=\"image\/jpeg\" \/>\n<meta name=\"twitter:card\" content=\"summary_large_image\" \/>\n<meta name=\"twitter:label1\" content=\"Ansl. lesetid\" \/>\n\t<meta name=\"twitter:data1\" content=\"1 minutt\" \/>\n<script type=\"application\/ld+json\" class=\"yoast-schema-graph\">{\"@context\":\"https:\/\/schema.org\",\"@graph\":[{\"@type\":\"WebPage\",\"@id\":\"https:\/\/staging.forenteforlag.no\/pax\/produkt\/a-bake-kaker-i-kigali\/\",\"url\":\"https:\/\/staging.forenteforlag.no\/pax\/produkt\/a-bake-kaker-i-kigali\/\",\"name\":\"\u00c5 bake kaker i Kigali - Pax\",\"isPartOf\":{\"@id\":\"https:\/\/staging.forenteforlag.no\/pax\/#website\"},\"primaryImageOfPage\":{\"@id\":\"https:\/\/staging.forenteforlag.no\/pax\/produkt\/a-bake-kaker-i-kigali\/#primaryimage\"},\"image\":{\"@id\":\"https:\/\/staging.forenteforlag.no\/pax\/produkt\/a-bake-kaker-i-kigali\/#primaryimage\"},\"thumbnailUrl\":\"https:\/\/staging.forenteforlag.no\/pax\/wp-content\/uploads\/sites\/5\/2025\/08\/jpg-6867.jpg\",\"datePublished\":\"2010-09-09T00:00:00+00:00\",\"dateModified\":\"2025-08-27T07:14:01+00:00\",\"breadcrumb\":{\"@id\":\"https:\/\/staging.forenteforlag.no\/pax\/produkt\/a-bake-kaker-i-kigali\/#breadcrumb\"},\"inLanguage\":\"nb-NO\",\"potentialAction\":[{\"@type\":\"ReadAction\",\"target\":[\"https:\/\/staging.forenteforlag.no\/pax\/produkt\/a-bake-kaker-i-kigali\/\"]}]},{\"@type\":\"ImageObject\",\"inLanguage\":\"nb-NO\",\"@id\":\"https:\/\/staging.forenteforlag.no\/pax\/produkt\/a-bake-kaker-i-kigali\/#primaryimage\",\"url\":\"https:\/\/staging.forenteforlag.no\/pax\/wp-content\/uploads\/sites\/5\/2025\/08\/jpg-6867.jpg\",\"contentUrl\":\"https:\/\/staging.forenteforlag.no\/pax\/wp-content\/uploads\/sites\/5\/2025\/08\/jpg-6867.jpg\",\"width\":284,\"height\":449},{\"@type\":\"BreadcrumbList\",\"@id\":\"https:\/\/staging.forenteforlag.no\/pax\/produkt\/a-bake-kaker-i-kigali\/#breadcrumb\",\"itemListElement\":[{\"@type\":\"ListItem\",\"position\":1,\"name\":\"Hjem\",\"item\":\"https:\/\/staging.forenteforlag.no\/pax\/\"},{\"@type\":\"ListItem\",\"position\":2,\"name\":\"Alle b\u00f8ker\",\"item\":\"https:\/\/staging.forenteforlag.no\/pax\/butikk\/\"},{\"@type\":\"ListItem\",\"position\":3,\"name\":\"\u00c5 bake kaker i Kigali\"}]},{\"@type\":\"WebSite\",\"@id\":\"https:\/\/staging.forenteforlag.no\/pax\/#website\",\"url\":\"https:\/\/staging.forenteforlag.no\/pax\/\",\"name\":\"Pax\",\"description\":\"\",\"potentialAction\":[{\"@type\":\"SearchAction\",\"target\":{\"@type\":\"EntryPoint\",\"urlTemplate\":\"https:\/\/staging.forenteforlag.no\/pax\/?s={search_term_string}\"},\"query-input\":{\"@type\":\"PropertyValueSpecification\",\"valueRequired\":true,\"valueName\":\"search_term_string\"}}],\"inLanguage\":\"nb-NO\"}]}<\/script>\n<!-- \/ Yoast SEO plugin. -->","yoast_head_json":{"title":"\u00c5 bake kaker i Kigali - Pax","robots":{"index":"noindex","follow":"follow","max-snippet":"max-snippet:-1","max-image-preview":"max-image-preview:large","max-video-preview":"max-video-preview:-1"},"og_locale":"nb_NO","og_type":"article","og_title":"\u00c5 bake kaker i Kigali - Pax","og_description":"Angel Tungaraza har nylig flyttet fra Tanzania til Rwanda med mannen Pius og de fem foreldrel\u00f8se barnebarna. Angel har nok \u00e5 gj\u00f8re, men setter sin stolthet i \u00e5 drive sitt eget lille hjemmebakeri. Hun baker de lekreste kaker til spesielle anledninger for naboene og vennene deres, og n\u00e5r kundene kommer for \u00e5 bestille, blir de [&hellip;]","og_url":"https:\/\/staging.forenteforlag.no\/pax\/produkt\/a-bake-kaker-i-kigali\/","og_site_name":"Pax","article_modified_time":"2025-08-27T07:14:01+00:00","og_image":[{"width":284,"height":449,"url":"https:\/\/staging.forenteforlag.no\/pax\/wp-content\/uploads\/sites\/5\/2025\/08\/jpg-6867.jpg","type":"image\/jpeg"}],"twitter_card":"summary_large_image","twitter_misc":{"Ansl. lesetid":"1 minutt"},"schema":{"@context":"https:\/\/schema.org","@graph":[{"@type":"WebPage","@id":"https:\/\/staging.forenteforlag.no\/pax\/produkt\/a-bake-kaker-i-kigali\/","url":"https:\/\/staging.forenteforlag.no\/pax\/produkt\/a-bake-kaker-i-kigali\/","name":"\u00c5 bake kaker i Kigali - Pax","isPartOf":{"@id":"https:\/\/staging.forenteforlag.no\/pax\/#website"},"primaryImageOfPage":{"@id":"https:\/\/staging.forenteforlag.no\/pax\/produkt\/a-bake-kaker-i-kigali\/#primaryimage"},"image":{"@id":"https:\/\/staging.forenteforlag.no\/pax\/produkt\/a-bake-kaker-i-kigali\/#primaryimage"},"thumbnailUrl":"https:\/\/staging.forenteforlag.no\/pax\/wp-content\/uploads\/sites\/5\/2025\/08\/jpg-6867.jpg","datePublished":"2010-09-09T00:00:00+00:00","dateModified":"2025-08-27T07:14:01+00:00","breadcrumb":{"@id":"https:\/\/staging.forenteforlag.no\/pax\/produkt\/a-bake-kaker-i-kigali\/#breadcrumb"},"inLanguage":"nb-NO","potentialAction":[{"@type":"ReadAction","target":["https:\/\/staging.forenteforlag.no\/pax\/produkt\/a-bake-kaker-i-kigali\/"]}]},{"@type":"ImageObject","inLanguage":"nb-NO","@id":"https:\/\/staging.forenteforlag.no\/pax\/produkt\/a-bake-kaker-i-kigali\/#primaryimage","url":"https:\/\/staging.forenteforlag.no\/pax\/wp-content\/uploads\/sites\/5\/2025\/08\/jpg-6867.jpg","contentUrl":"https:\/\/staging.forenteforlag.no\/pax\/wp-content\/uploads\/sites\/5\/2025\/08\/jpg-6867.jpg","width":284,"height":449},{"@type":"BreadcrumbList","@id":"https:\/\/staging.forenteforlag.no\/pax\/produkt\/a-bake-kaker-i-kigali\/#breadcrumb","itemListElement":[{"@type":"ListItem","position":1,"name":"Hjem","item":"https:\/\/staging.forenteforlag.no\/pax\/"},{"@type":"ListItem","position":2,"name":"Alle b\u00f8ker","item":"https:\/\/staging.forenteforlag.no\/pax\/butikk\/"},{"@type":"ListItem","position":3,"name":"\u00c5 bake kaker i Kigali"}]},{"@type":"WebSite","@id":"https:\/\/staging.forenteforlag.no\/pax\/#website","url":"https:\/\/staging.forenteforlag.no\/pax\/","name":"Pax","description":"","potentialAction":[{"@type":"SearchAction","target":{"@type":"EntryPoint","urlTemplate":"https:\/\/staging.forenteforlag.no\/pax\/?s={search_term_string}"},"query-input":{"@type":"PropertyValueSpecification","valueRequired":true,"valueName":"search_term_string"}}],"inLanguage":"nb-NO"}]}},"_links":{"self":[{"href":"https:\/\/staging.forenteforlag.no\/pax\/wp-json\/wp\/v2\/product\/22912","targetHints":{"allow":["GET"]}}],"collection":[{"href":"https:\/\/staging.forenteforlag.no\/pax\/wp-json\/wp\/v2\/product"}],"about":[{"href":"https:\/\/staging.forenteforlag.no\/pax\/wp-json\/wp\/v2\/types\/product"}],"wp:featuredmedia":[{"embeddable":true,"href":"https:\/\/staging.forenteforlag.no\/pax\/wp-json\/wp\/v2\/media\/28411"}],"wp:attachment":[{"href":"https:\/\/staging.forenteforlag.no\/pax\/wp-json\/wp\/v2\/media?parent=22912"}],"wp:term":[{"taxonomy":"product_brand","embeddable":true,"href":"https:\/\/staging.forenteforlag.no\/pax\/wp-json\/wp\/v2\/product_brand?post=22912"},{"taxonomy":"product_cat","embeddable":true,"href":"https:\/\/staging.forenteforlag.no\/pax\/wp-json\/wp\/v2\/product_cat?post=22912"},{"taxonomy":"product_tag","embeddable":true,"href":"https:\/\/staging.forenteforlag.no\/pax\/wp-json\/wp\/v2\/product_tag?post=22912"}],"curies":[{"name":"wp","href":"https:\/\/api.w.org\/{rel}","templated":true}]}}