{"id":22885,"date":"2011-09-27T02:00:00","date_gmt":"2011-09-27T00:00:00","guid":{"rendered":"https:\/\/pax.forenteforlag.no\/produkt\/nonnen\/"},"modified":"2025-08-27T08:34:39","modified_gmt":"2025-08-27T06:34:39","slug":"nonnen","status":"publish","type":"product","link":"https:\/\/staging.forenteforlag.no\/pax\/produkt\/nonnen\/","title":{"rendered":"Nonnen"},"content":{"rendered":"<p>En ny medrivende roman av forfatteren av Mandelplukkersken og Arvetanten. Agata vokser opp i byen Messina p\u00e5 Sicilia p\u00e5 midten av 1800.tallet som den nest yngste datteren i en fin, men ikke lenger velst\u00e5ende familie. N\u00e5r faren d\u00f8r og moren ikke klarer \u00e5 finne en passende ektemann til henne, m\u00e5 Agata g\u00e5 i kloster. Der er livet hardt og fullt av pr\u00f8velser. Men hun finner tr\u00f8st i bakingen og studiene i farmasi &#8211; og i romanene den engelske sj\u00f8kapteinen James Garson smugler inn til henne. Utenfor klosteret samles Italia til ett  land av sterke politiske krefter, og de voldsomme oppstandene som f\u00f8lger griper direkte inn i Agatas liv. Og hun er p\u00e5 ingen m\u00e5te klar for \u00e5 oppgi kj\u00e6rligheten og leve et helt liv bak murene.<\/p>\n","protected":false},"excerpt":{"rendered":"<p>En ny medrivende roman av forfatteren av Mandelplukkersken og Arvetanten. Agata vokser opp i byen Messina p\u00e5 Sicilia p\u00e5 midten av 1800.tallet som den nest yngste datteren i en fin, men ikke lenger velst\u00e5ende familie. N\u00e5r faren d\u00f8r og moren ikke klarer \u00e5 finne en passende ektemann til henne, m\u00e5 Agata g\u00e5 i kloster. Der [&hellip;]<\/p>\n","protected":false},"featured_media":28207,"template":"","meta":{"_acf_changed":false,"inline_featured_image":false},"product_brand":[],"product_cat":[40],"product_tag":[394,568,1095,400,650,510,1300,370],"class_list":{"0":"post-22885","1":"product","2":"type-product","3":"status-publish","4":"has-post-thumbnail","6":"product_cat-romaner","7":"product_tag-1800-tallet","8":"product_tag-bonusfamilie","9":"product_tag-grafiske-romaner","10":"product_tag-historisk-litteratur","11":"product_tag-italia","12":"product_tag-kjaerlighet","13":"product_tag-klostervesen","14":"product_tag-skjonnlitteratur","15":"pa_format-innbundet","17":"first","18":"outofstock","19":"shipping-taxable","20":"purchasable","21":"product-type-simple"},"acf":{"anmeldelse":null},"yoast_head":"<!-- This site is optimized with the Yoast SEO plugin v26.6 - https:\/\/yoast.com\/wordpress\/plugins\/seo\/ -->\n<title>Nonnen - Pax<\/title>\n<meta name=\"robots\" content=\"noindex, follow, max-snippet:-1, max-image-preview:large, max-video-preview:-1\" \/>\n<meta property=\"og:locale\" content=\"nb_NO\" \/>\n<meta property=\"og:type\" content=\"article\" \/>\n<meta property=\"og:title\" content=\"Nonnen - Pax\" \/>\n<meta property=\"og:description\" content=\"En ny medrivende roman av forfatteren av Mandelplukkersken og Arvetanten. Agata vokser opp i byen Messina p\u00e5 Sicilia p\u00e5 midten av 1800.tallet som den nest yngste datteren i en fin, men ikke lenger velst\u00e5ende familie. N\u00e5r faren d\u00f8r og moren ikke klarer \u00e5 finne en passende ektemann til henne, m\u00e5 Agata g\u00e5 i kloster. Der [&hellip;]\" \/>\n<meta property=\"og:url\" content=\"https:\/\/staging.forenteforlag.no\/pax\/produkt\/nonnen\/\" \/>\n<meta property=\"og:site_name\" content=\"Pax\" \/>\n<meta property=\"article:modified_time\" content=\"2025-08-27T06:34:39+00:00\" \/>\n<meta property=\"og:image\" content=\"https:\/\/staging.forenteforlag.no\/pax\/wp-content\/uploads\/sites\/5\/2025\/08\/jpg-6288.jpg\" \/>\n\t<meta property=\"og:image:width\" content=\"283\" \/>\n\t<meta property=\"og:image:height\" content=\"449\" \/>\n\t<meta property=\"og:image:type\" content=\"image\/jpeg\" \/>\n<meta name=\"twitter:card\" content=\"summary_large_image\" \/>\n<meta name=\"twitter:label1\" content=\"Ansl. lesetid\" \/>\n\t<meta name=\"twitter:data1\" content=\"1 minutt\" \/>\n<script type=\"application\/ld+json\" class=\"yoast-schema-graph\">{\"@context\":\"https:\/\/schema.org\",\"@graph\":[{\"@type\":\"WebPage\",\"@id\":\"https:\/\/staging.forenteforlag.no\/pax\/produkt\/nonnen\/\",\"url\":\"https:\/\/staging.forenteforlag.no\/pax\/produkt\/nonnen\/\",\"name\":\"Nonnen - Pax\",\"isPartOf\":{\"@id\":\"https:\/\/staging.forenteforlag.no\/pax\/#website\"},\"primaryImageOfPage\":{\"@id\":\"https:\/\/staging.forenteforlag.no\/pax\/produkt\/nonnen\/#primaryimage\"},\"image\":{\"@id\":\"https:\/\/staging.forenteforlag.no\/pax\/produkt\/nonnen\/#primaryimage\"},\"thumbnailUrl\":\"https:\/\/staging.forenteforlag.no\/pax\/wp-content\/uploads\/sites\/5\/2025\/08\/jpg-6288.jpg\",\"datePublished\":\"2011-09-27T00:00:00+00:00\",\"dateModified\":\"2025-08-27T06:34:39+00:00\",\"breadcrumb\":{\"@id\":\"https:\/\/staging.forenteforlag.no\/pax\/produkt\/nonnen\/#breadcrumb\"},\"inLanguage\":\"nb-NO\",\"potentialAction\":[{\"@type\":\"ReadAction\",\"target\":[\"https:\/\/staging.forenteforlag.no\/pax\/produkt\/nonnen\/\"]}]},{\"@type\":\"ImageObject\",\"inLanguage\":\"nb-NO\",\"@id\":\"https:\/\/staging.forenteforlag.no\/pax\/produkt\/nonnen\/#primaryimage\",\"url\":\"https:\/\/staging.forenteforlag.no\/pax\/wp-content\/uploads\/sites\/5\/2025\/08\/jpg-6288.jpg\",\"contentUrl\":\"https:\/\/staging.forenteforlag.no\/pax\/wp-content\/uploads\/sites\/5\/2025\/08\/jpg-6288.jpg\",\"width\":283,\"height\":449},{\"@type\":\"BreadcrumbList\",\"@id\":\"https:\/\/staging.forenteforlag.no\/pax\/produkt\/nonnen\/#breadcrumb\",\"itemListElement\":[{\"@type\":\"ListItem\",\"position\":1,\"name\":\"Hjem\",\"item\":\"https:\/\/staging.forenteforlag.no\/pax\/\"},{\"@type\":\"ListItem\",\"position\":2,\"name\":\"Alle b\u00f8ker\",\"item\":\"https:\/\/staging.forenteforlag.no\/pax\/butikk\/\"},{\"@type\":\"ListItem\",\"position\":3,\"name\":\"Nonnen\"}]},{\"@type\":\"WebSite\",\"@id\":\"https:\/\/staging.forenteforlag.no\/pax\/#website\",\"url\":\"https:\/\/staging.forenteforlag.no\/pax\/\",\"name\":\"Pax\",\"description\":\"\",\"potentialAction\":[{\"@type\":\"SearchAction\",\"target\":{\"@type\":\"EntryPoint\",\"urlTemplate\":\"https:\/\/staging.forenteforlag.no\/pax\/?s={search_term_string}\"},\"query-input\":{\"@type\":\"PropertyValueSpecification\",\"valueRequired\":true,\"valueName\":\"search_term_string\"}}],\"inLanguage\":\"nb-NO\"}]}<\/script>\n<!-- \/ Yoast SEO plugin. -->","yoast_head_json":{"title":"Nonnen - Pax","robots":{"index":"noindex","follow":"follow","max-snippet":"max-snippet:-1","max-image-preview":"max-image-preview:large","max-video-preview":"max-video-preview:-1"},"og_locale":"nb_NO","og_type":"article","og_title":"Nonnen - Pax","og_description":"En ny medrivende roman av forfatteren av Mandelplukkersken og Arvetanten. Agata vokser opp i byen Messina p\u00e5 Sicilia p\u00e5 midten av 1800.tallet som den nest yngste datteren i en fin, men ikke lenger velst\u00e5ende familie. N\u00e5r faren d\u00f8r og moren ikke klarer \u00e5 finne en passende ektemann til henne, m\u00e5 Agata g\u00e5 i kloster. Der [&hellip;]","og_url":"https:\/\/staging.forenteforlag.no\/pax\/produkt\/nonnen\/","og_site_name":"Pax","article_modified_time":"2025-08-27T06:34:39+00:00","og_image":[{"width":283,"height":449,"url":"https:\/\/staging.forenteforlag.no\/pax\/wp-content\/uploads\/sites\/5\/2025\/08\/jpg-6288.jpg","type":"image\/jpeg"}],"twitter_card":"summary_large_image","twitter_misc":{"Ansl. lesetid":"1 minutt"},"schema":{"@context":"https:\/\/schema.org","@graph":[{"@type":"WebPage","@id":"https:\/\/staging.forenteforlag.no\/pax\/produkt\/nonnen\/","url":"https:\/\/staging.forenteforlag.no\/pax\/produkt\/nonnen\/","name":"Nonnen - Pax","isPartOf":{"@id":"https:\/\/staging.forenteforlag.no\/pax\/#website"},"primaryImageOfPage":{"@id":"https:\/\/staging.forenteforlag.no\/pax\/produkt\/nonnen\/#primaryimage"},"image":{"@id":"https:\/\/staging.forenteforlag.no\/pax\/produkt\/nonnen\/#primaryimage"},"thumbnailUrl":"https:\/\/staging.forenteforlag.no\/pax\/wp-content\/uploads\/sites\/5\/2025\/08\/jpg-6288.jpg","datePublished":"2011-09-27T00:00:00+00:00","dateModified":"2025-08-27T06:34:39+00:00","breadcrumb":{"@id":"https:\/\/staging.forenteforlag.no\/pax\/produkt\/nonnen\/#breadcrumb"},"inLanguage":"nb-NO","potentialAction":[{"@type":"ReadAction","target":["https:\/\/staging.forenteforlag.no\/pax\/produkt\/nonnen\/"]}]},{"@type":"ImageObject","inLanguage":"nb-NO","@id":"https:\/\/staging.forenteforlag.no\/pax\/produkt\/nonnen\/#primaryimage","url":"https:\/\/staging.forenteforlag.no\/pax\/wp-content\/uploads\/sites\/5\/2025\/08\/jpg-6288.jpg","contentUrl":"https:\/\/staging.forenteforlag.no\/pax\/wp-content\/uploads\/sites\/5\/2025\/08\/jpg-6288.jpg","width":283,"height":449},{"@type":"BreadcrumbList","@id":"https:\/\/staging.forenteforlag.no\/pax\/produkt\/nonnen\/#breadcrumb","itemListElement":[{"@type":"ListItem","position":1,"name":"Hjem","item":"https:\/\/staging.forenteforlag.no\/pax\/"},{"@type":"ListItem","position":2,"name":"Alle b\u00f8ker","item":"https:\/\/staging.forenteforlag.no\/pax\/butikk\/"},{"@type":"ListItem","position":3,"name":"Nonnen"}]},{"@type":"WebSite","@id":"https:\/\/staging.forenteforlag.no\/pax\/#website","url":"https:\/\/staging.forenteforlag.no\/pax\/","name":"Pax","description":"","potentialAction":[{"@type":"SearchAction","target":{"@type":"EntryPoint","urlTemplate":"https:\/\/staging.forenteforlag.no\/pax\/?s={search_term_string}"},"query-input":{"@type":"PropertyValueSpecification","valueRequired":true,"valueName":"search_term_string"}}],"inLanguage":"nb-NO"}]}},"_links":{"self":[{"href":"https:\/\/staging.forenteforlag.no\/pax\/wp-json\/wp\/v2\/product\/22885","targetHints":{"allow":["GET"]}}],"collection":[{"href":"https:\/\/staging.forenteforlag.no\/pax\/wp-json\/wp\/v2\/product"}],"about":[{"href":"https:\/\/staging.forenteforlag.no\/pax\/wp-json\/wp\/v2\/types\/product"}],"wp:featuredmedia":[{"embeddable":true,"href":"https:\/\/staging.forenteforlag.no\/pax\/wp-json\/wp\/v2\/media\/28207"}],"wp:attachment":[{"href":"https:\/\/staging.forenteforlag.no\/pax\/wp-json\/wp\/v2\/media?parent=22885"}],"wp:term":[{"taxonomy":"product_brand","embeddable":true,"href":"https:\/\/staging.forenteforlag.no\/pax\/wp-json\/wp\/v2\/product_brand?post=22885"},{"taxonomy":"product_cat","embeddable":true,"href":"https:\/\/staging.forenteforlag.no\/pax\/wp-json\/wp\/v2\/product_cat?post=22885"},{"taxonomy":"product_tag","embeddable":true,"href":"https:\/\/staging.forenteforlag.no\/pax\/wp-json\/wp\/v2\/product_tag?post=22885"}],"curies":[{"name":"wp","href":"https:\/\/api.w.org\/{rel}","templated":true}]}}