{"id":22856,"date":"2007-12-10T22:23:56","date_gmt":"2007-12-10T21:23:56","guid":{"rendered":"https:\/\/pax.forenteforlag.no\/produkt\/samarkand\/"},"modified":"2026-03-03T21:42:16","modified_gmt":"2026-03-03T20:42:16","slug":"samarkand","status":"publish","type":"product","link":"https:\/\/staging.forenteforlag.no\/pax\/produkt\/samarkand\/","title":{"rendered":"Samarkand"},"content":{"rendered":"<p>Dette er historien om den persiske dikteren Omar Khayyam og hans ber\u00f8mte &laquo;Samarkandmanuskript&raquo;, som ble til p\u00e5 1100-tallet, forsvant p\u00e5 1200-tallet, dukket opp \u00e5rhundrer senere, og gikk ned i dypet med Titanics forlis &#8211; skipets mest dyrebare skatt. Omar Khayyam er den arabiske middelalderens store dikter, vitenskapsmann og filosof. Han er vinens og kj\u00e6rlighetens poet, tilhenger av tankens frihet, en forsoningens og toleransens filosof &#8211; symbolet p\u00e5 alt som undergraver tidens religi\u00f8se fanatisme og muslimske imperiebygging. Men slik er likevel Omar Khayyams posisjon, at alle sultaners og vizirers hoff er \u00e5pne for ham. Og selv stifteren av Assassinersekten, som sprer mord og terror rundt seg, vil ha ham i tale og som venn.<\/p>\n","protected":false},"excerpt":{"rendered":"<p>Dette er historien om den persiske dikteren Omar Khayyam og hans ber\u00f8mte &laquo;Samarkandmanuskript&raquo;, som ble til p\u00e5 1100-tallet, forsvant p\u00e5 1200-tallet, dukket opp \u00e5rhundrer senere, og gikk ned i dypet med Titanics forlis &#8211; skipets mest dyrebare skatt. Omar Khayyam er den arabiske middelalderens store dikter, vitenskapsmann og filosof. Han er vinens og kj\u00e6rlighetens poet, [&hellip;]<\/p>\n","protected":false},"featured_media":28721,"template":"","meta":{"_acf_changed":false,"inline_featured_image":false},"product_brand":[],"product_cat":[1782],"product_tag":[1095,400,1275,370],"class_list":{"0":"post-22856","1":"product","2":"type-product","3":"status-publish","4":"has-post-thumbnail","6":"product_cat-fripris","7":"product_tag-grafiske-romaner","8":"product_tag-historisk-litteratur","9":"product_tag-persia","10":"product_tag-skjonnlitteratur","12":"first","13":"instock","14":"shipping-taxable","15":"purchasable","16":"product-type-simple"},"acf":{"anmeldelse":null},"yoast_head":"<!-- This site is optimized with the Yoast SEO plugin v26.6 - https:\/\/yoast.com\/wordpress\/plugins\/seo\/ -->\n<title>Samarkand - Pax<\/title>\n<meta name=\"robots\" content=\"noindex, follow, max-snippet:-1, max-image-preview:large, max-video-preview:-1\" \/>\n<meta property=\"og:locale\" content=\"nb_NO\" \/>\n<meta property=\"og:type\" content=\"article\" \/>\n<meta property=\"og:title\" content=\"Samarkand - Pax\" \/>\n<meta property=\"og:description\" content=\"Dette er historien om den persiske dikteren Omar Khayyam og hans ber\u00f8mte &laquo;Samarkandmanuskript&raquo;, som ble til p\u00e5 1100-tallet, forsvant p\u00e5 1200-tallet, dukket opp \u00e5rhundrer senere, og gikk ned i dypet med Titanics forlis &#8211; skipets mest dyrebare skatt. Omar Khayyam er den arabiske middelalderens store dikter, vitenskapsmann og filosof. Han er vinens og kj\u00e6rlighetens poet, [&hellip;]\" \/>\n<meta property=\"og:url\" content=\"https:\/\/staging.forenteforlag.no\/pax\/produkt\/samarkand\/\" \/>\n<meta property=\"og:site_name\" content=\"Pax\" \/>\n<meta property=\"article:modified_time\" content=\"2026-03-03T20:42:16+00:00\" \/>\n<meta property=\"og:image\" content=\"https:\/\/staging.forenteforlag.no\/pax\/wp-content\/uploads\/sites\/5\/2025\/08\/jpg-7761.jpg\" \/>\n\t<meta property=\"og:image:width\" content=\"284\" \/>\n\t<meta property=\"og:image:height\" content=\"450\" \/>\n\t<meta property=\"og:image:type\" content=\"image\/jpeg\" \/>\n<meta name=\"twitter:card\" content=\"summary_large_image\" \/>\n<meta name=\"twitter:label1\" content=\"Ansl. lesetid\" \/>\n\t<meta name=\"twitter:data1\" content=\"1 minutt\" \/>\n<script type=\"application\/ld+json\" class=\"yoast-schema-graph\">{\"@context\":\"https:\/\/schema.org\",\"@graph\":[{\"@type\":\"WebPage\",\"@id\":\"https:\/\/staging.forenteforlag.no\/pax\/produkt\/samarkand\/\",\"url\":\"https:\/\/staging.forenteforlag.no\/pax\/produkt\/samarkand\/\",\"name\":\"Samarkand - Pax\",\"isPartOf\":{\"@id\":\"https:\/\/staging.forenteforlag.no\/pax\/#website\"},\"primaryImageOfPage\":{\"@id\":\"https:\/\/staging.forenteforlag.no\/pax\/produkt\/samarkand\/#primaryimage\"},\"image\":{\"@id\":\"https:\/\/staging.forenteforlag.no\/pax\/produkt\/samarkand\/#primaryimage\"},\"thumbnailUrl\":\"https:\/\/staging.forenteforlag.no\/pax\/wp-content\/uploads\/sites\/5\/2025\/08\/jpg-7761.jpg\",\"datePublished\":\"2007-12-10T21:23:56+00:00\",\"dateModified\":\"2026-03-03T20:42:16+00:00\",\"breadcrumb\":{\"@id\":\"https:\/\/staging.forenteforlag.no\/pax\/produkt\/samarkand\/#breadcrumb\"},\"inLanguage\":\"nb-NO\",\"potentialAction\":[{\"@type\":\"ReadAction\",\"target\":[\"https:\/\/staging.forenteforlag.no\/pax\/produkt\/samarkand\/\"]}]},{\"@type\":\"ImageObject\",\"inLanguage\":\"nb-NO\",\"@id\":\"https:\/\/staging.forenteforlag.no\/pax\/produkt\/samarkand\/#primaryimage\",\"url\":\"https:\/\/staging.forenteforlag.no\/pax\/wp-content\/uploads\/sites\/5\/2025\/08\/jpg-7761.jpg\",\"contentUrl\":\"https:\/\/staging.forenteforlag.no\/pax\/wp-content\/uploads\/sites\/5\/2025\/08\/jpg-7761.jpg\",\"width\":284,\"height\":450},{\"@type\":\"BreadcrumbList\",\"@id\":\"https:\/\/staging.forenteforlag.no\/pax\/produkt\/samarkand\/#breadcrumb\",\"itemListElement\":[{\"@type\":\"ListItem\",\"position\":1,\"name\":\"Hjem\",\"item\":\"https:\/\/staging.forenteforlag.no\/pax\/\"},{\"@type\":\"ListItem\",\"position\":2,\"name\":\"Alle b\u00f8ker\",\"item\":\"https:\/\/staging.forenteforlag.no\/pax\/butikk\/\"},{\"@type\":\"ListItem\",\"position\":3,\"name\":\"Samarkand\"}]},{\"@type\":\"WebSite\",\"@id\":\"https:\/\/staging.forenteforlag.no\/pax\/#website\",\"url\":\"https:\/\/staging.forenteforlag.no\/pax\/\",\"name\":\"Pax\",\"description\":\"\",\"potentialAction\":[{\"@type\":\"SearchAction\",\"target\":{\"@type\":\"EntryPoint\",\"urlTemplate\":\"https:\/\/staging.forenteforlag.no\/pax\/?s={search_term_string}\"},\"query-input\":{\"@type\":\"PropertyValueSpecification\",\"valueRequired\":true,\"valueName\":\"search_term_string\"}}],\"inLanguage\":\"nb-NO\"}]}<\/script>\n<!-- \/ Yoast SEO plugin. -->","yoast_head_json":{"title":"Samarkand - Pax","robots":{"index":"noindex","follow":"follow","max-snippet":"max-snippet:-1","max-image-preview":"max-image-preview:large","max-video-preview":"max-video-preview:-1"},"og_locale":"nb_NO","og_type":"article","og_title":"Samarkand - Pax","og_description":"Dette er historien om den persiske dikteren Omar Khayyam og hans ber\u00f8mte &laquo;Samarkandmanuskript&raquo;, som ble til p\u00e5 1100-tallet, forsvant p\u00e5 1200-tallet, dukket opp \u00e5rhundrer senere, og gikk ned i dypet med Titanics forlis &#8211; skipets mest dyrebare skatt. Omar Khayyam er den arabiske middelalderens store dikter, vitenskapsmann og filosof. Han er vinens og kj\u00e6rlighetens poet, [&hellip;]","og_url":"https:\/\/staging.forenteforlag.no\/pax\/produkt\/samarkand\/","og_site_name":"Pax","article_modified_time":"2026-03-03T20:42:16+00:00","og_image":[{"width":284,"height":450,"url":"https:\/\/staging.forenteforlag.no\/pax\/wp-content\/uploads\/sites\/5\/2025\/08\/jpg-7761.jpg","type":"image\/jpeg"}],"twitter_card":"summary_large_image","twitter_misc":{"Ansl. lesetid":"1 minutt"},"schema":{"@context":"https:\/\/schema.org","@graph":[{"@type":"WebPage","@id":"https:\/\/staging.forenteforlag.no\/pax\/produkt\/samarkand\/","url":"https:\/\/staging.forenteforlag.no\/pax\/produkt\/samarkand\/","name":"Samarkand - Pax","isPartOf":{"@id":"https:\/\/staging.forenteforlag.no\/pax\/#website"},"primaryImageOfPage":{"@id":"https:\/\/staging.forenteforlag.no\/pax\/produkt\/samarkand\/#primaryimage"},"image":{"@id":"https:\/\/staging.forenteforlag.no\/pax\/produkt\/samarkand\/#primaryimage"},"thumbnailUrl":"https:\/\/staging.forenteforlag.no\/pax\/wp-content\/uploads\/sites\/5\/2025\/08\/jpg-7761.jpg","datePublished":"2007-12-10T21:23:56+00:00","dateModified":"2026-03-03T20:42:16+00:00","breadcrumb":{"@id":"https:\/\/staging.forenteforlag.no\/pax\/produkt\/samarkand\/#breadcrumb"},"inLanguage":"nb-NO","potentialAction":[{"@type":"ReadAction","target":["https:\/\/staging.forenteforlag.no\/pax\/produkt\/samarkand\/"]}]},{"@type":"ImageObject","inLanguage":"nb-NO","@id":"https:\/\/staging.forenteforlag.no\/pax\/produkt\/samarkand\/#primaryimage","url":"https:\/\/staging.forenteforlag.no\/pax\/wp-content\/uploads\/sites\/5\/2025\/08\/jpg-7761.jpg","contentUrl":"https:\/\/staging.forenteforlag.no\/pax\/wp-content\/uploads\/sites\/5\/2025\/08\/jpg-7761.jpg","width":284,"height":450},{"@type":"BreadcrumbList","@id":"https:\/\/staging.forenteforlag.no\/pax\/produkt\/samarkand\/#breadcrumb","itemListElement":[{"@type":"ListItem","position":1,"name":"Hjem","item":"https:\/\/staging.forenteforlag.no\/pax\/"},{"@type":"ListItem","position":2,"name":"Alle b\u00f8ker","item":"https:\/\/staging.forenteforlag.no\/pax\/butikk\/"},{"@type":"ListItem","position":3,"name":"Samarkand"}]},{"@type":"WebSite","@id":"https:\/\/staging.forenteforlag.no\/pax\/#website","url":"https:\/\/staging.forenteforlag.no\/pax\/","name":"Pax","description":"","potentialAction":[{"@type":"SearchAction","target":{"@type":"EntryPoint","urlTemplate":"https:\/\/staging.forenteforlag.no\/pax\/?s={search_term_string}"},"query-input":{"@type":"PropertyValueSpecification","valueRequired":true,"valueName":"search_term_string"}}],"inLanguage":"nb-NO"}]}},"_links":{"self":[{"href":"https:\/\/staging.forenteforlag.no\/pax\/wp-json\/wp\/v2\/product\/22856","targetHints":{"allow":["GET"]}}],"collection":[{"href":"https:\/\/staging.forenteforlag.no\/pax\/wp-json\/wp\/v2\/product"}],"about":[{"href":"https:\/\/staging.forenteforlag.no\/pax\/wp-json\/wp\/v2\/types\/product"}],"wp:featuredmedia":[{"embeddable":true,"href":"https:\/\/staging.forenteforlag.no\/pax\/wp-json\/wp\/v2\/media\/28721"}],"wp:attachment":[{"href":"https:\/\/staging.forenteforlag.no\/pax\/wp-json\/wp\/v2\/media?parent=22856"}],"wp:term":[{"taxonomy":"product_brand","embeddable":true,"href":"https:\/\/staging.forenteforlag.no\/pax\/wp-json\/wp\/v2\/product_brand?post=22856"},{"taxonomy":"product_cat","embeddable":true,"href":"https:\/\/staging.forenteforlag.no\/pax\/wp-json\/wp\/v2\/product_cat?post=22856"},{"taxonomy":"product_tag","embeddable":true,"href":"https:\/\/staging.forenteforlag.no\/pax\/wp-json\/wp\/v2\/product_tag?post=22856"}],"curies":[{"name":"wp","href":"https:\/\/api.w.org\/{rel}","templated":true}]}}