{"id":22791,"date":"2004-03-13T15:24:28","date_gmt":"2004-03-13T14:24:28","guid":{"rendered":"https:\/\/pax.forenteforlag.no\/produkt\/skjels-ar-og-alder\/"},"modified":"2026-03-04T21:11:26","modified_gmt":"2026-03-04T20:11:26","slug":"skjels-ar-og-alder","status":"publish","type":"product","link":"https:\/\/staging.forenteforlag.no\/pax\/produkt\/skjels-ar-og-alder\/","title":{"rendered":"Skjels \u00e5r og alder"},"content":{"rendered":"<p>Frihetens veier (1945-49) er en uavsluttet triologi. Med den \u00f8nsket Sartre \u00e5 forklare hvilke forhold som f\u00f8rte til krigen og hvordan de kan forst\u00e5s filosofisk, psykologisk, politisk og historisk i lys av den senere utvikling. Hovedpersonen i dette f\u00f8rste bindet er gymnasl\u00e6reren Mathieu Delaure, som lever p\u00e5 sin &laquo;\u00f8y&raquo; i et snevert intellektuelt Paris-milj\u00f8, mens verdenspolitikken trenger seg p\u00e5 med borgerkrigen i Spania. Han har p\u00e5 en m\u00e5te frihet til \u00e5 handle, men kan ikke. Mot ham st\u00e5r den naivt-optimistiske kommunisten Brunet, som ikke ser konsekvensene av sine valg.<\/p>\n","protected":false},"excerpt":{"rendered":"<p>Frihetens veier (1945-49) er en uavsluttet triologi. Med den \u00f8nsket Sartre \u00e5 forklare hvilke forhold som f\u00f8rte til krigen og hvordan de kan forst\u00e5s filosofisk, psykologisk, politisk og historisk i lys av den senere utvikling. Hovedpersonen i dette f\u00f8rste bindet er gymnasl\u00e6reren Mathieu Delaure, som lever p\u00e5 sin &laquo;\u00f8y&raquo; i et snevert intellektuelt Paris-milj\u00f8, mens [&hellip;]<\/p>\n","protected":false},"featured_media":29309,"template":"","meta":{"_acf_changed":false,"inline_featured_image":false},"product_brand":[],"product_cat":[1782],"product_tag":[517,1095,454,370],"class_list":{"0":"post-22791","1":"product","2":"type-product","3":"status-publish","4":"has-post-thumbnail","6":"product_cat-fripris","7":"product_tag-1918-1939","8":"product_tag-grafiske-romaner","9":"product_tag-paris","10":"product_tag-skjonnlitteratur","12":"first","13":"instock","14":"shipping-taxable","15":"purchasable","16":"product-type-simple"},"acf":{"anmeldelse":null},"yoast_head":"<!-- This site is optimized with the Yoast SEO plugin v26.6 - https:\/\/yoast.com\/wordpress\/plugins\/seo\/ -->\n<title>Skjels \u00e5r og alder - Pax<\/title>\n<meta name=\"robots\" content=\"noindex, follow, max-snippet:-1, max-image-preview:large, max-video-preview:-1\" \/>\n<meta property=\"og:locale\" content=\"nb_NO\" \/>\n<meta property=\"og:type\" content=\"article\" \/>\n<meta property=\"og:title\" content=\"Skjels \u00e5r og alder - Pax\" \/>\n<meta property=\"og:description\" content=\"Frihetens veier (1945-49) er en uavsluttet triologi. Med den \u00f8nsket Sartre \u00e5 forklare hvilke forhold som f\u00f8rte til krigen og hvordan de kan forst\u00e5s filosofisk, psykologisk, politisk og historisk i lys av den senere utvikling. Hovedpersonen i dette f\u00f8rste bindet er gymnasl\u00e6reren Mathieu Delaure, som lever p\u00e5 sin &laquo;\u00f8y&raquo; i et snevert intellektuelt Paris-milj\u00f8, mens [&hellip;]\" \/>\n<meta property=\"og:url\" content=\"https:\/\/staging.forenteforlag.no\/pax\/produkt\/skjels-ar-og-alder\/\" \/>\n<meta property=\"og:site_name\" content=\"Pax\" \/>\n<meta property=\"article:modified_time\" content=\"2026-03-04T20:11:26+00:00\" \/>\n<meta property=\"og:image\" content=\"https:\/\/staging.forenteforlag.no\/pax\/wp-content\/uploads\/sites\/5\/2025\/08\/jpg-9580.jpg\" \/>\n\t<meta property=\"og:image:width\" content=\"284\" \/>\n\t<meta property=\"og:image:height\" content=\"449\" \/>\n\t<meta property=\"og:image:type\" content=\"image\/jpeg\" \/>\n<meta name=\"twitter:card\" content=\"summary_large_image\" \/>\n<script type=\"application\/ld+json\" class=\"yoast-schema-graph\">{\"@context\":\"https:\/\/schema.org\",\"@graph\":[{\"@type\":\"WebPage\",\"@id\":\"https:\/\/staging.forenteforlag.no\/pax\/produkt\/skjels-ar-og-alder\/\",\"url\":\"https:\/\/staging.forenteforlag.no\/pax\/produkt\/skjels-ar-og-alder\/\",\"name\":\"Skjels \u00e5r og alder - Pax\",\"isPartOf\":{\"@id\":\"https:\/\/staging.forenteforlag.no\/pax\/#website\"},\"primaryImageOfPage\":{\"@id\":\"https:\/\/staging.forenteforlag.no\/pax\/produkt\/skjels-ar-og-alder\/#primaryimage\"},\"image\":{\"@id\":\"https:\/\/staging.forenteforlag.no\/pax\/produkt\/skjels-ar-og-alder\/#primaryimage\"},\"thumbnailUrl\":\"https:\/\/staging.forenteforlag.no\/pax\/wp-content\/uploads\/sites\/5\/2025\/08\/jpg-9580.jpg\",\"datePublished\":\"2004-03-13T14:24:28+00:00\",\"dateModified\":\"2026-03-04T20:11:26+00:00\",\"breadcrumb\":{\"@id\":\"https:\/\/staging.forenteforlag.no\/pax\/produkt\/skjels-ar-og-alder\/#breadcrumb\"},\"inLanguage\":\"nb-NO\",\"potentialAction\":[{\"@type\":\"ReadAction\",\"target\":[\"https:\/\/staging.forenteforlag.no\/pax\/produkt\/skjels-ar-og-alder\/\"]}]},{\"@type\":\"ImageObject\",\"inLanguage\":\"nb-NO\",\"@id\":\"https:\/\/staging.forenteforlag.no\/pax\/produkt\/skjels-ar-og-alder\/#primaryimage\",\"url\":\"https:\/\/staging.forenteforlag.no\/pax\/wp-content\/uploads\/sites\/5\/2025\/08\/jpg-9580.jpg\",\"contentUrl\":\"https:\/\/staging.forenteforlag.no\/pax\/wp-content\/uploads\/sites\/5\/2025\/08\/jpg-9580.jpg\",\"width\":284,\"height\":449},{\"@type\":\"BreadcrumbList\",\"@id\":\"https:\/\/staging.forenteforlag.no\/pax\/produkt\/skjels-ar-og-alder\/#breadcrumb\",\"itemListElement\":[{\"@type\":\"ListItem\",\"position\":1,\"name\":\"Hjem\",\"item\":\"https:\/\/staging.forenteforlag.no\/pax\/\"},{\"@type\":\"ListItem\",\"position\":2,\"name\":\"Alle b\u00f8ker\",\"item\":\"https:\/\/staging.forenteforlag.no\/pax\/butikk\/\"},{\"@type\":\"ListItem\",\"position\":3,\"name\":\"Skjels \u00e5r og alder\"}]},{\"@type\":\"WebSite\",\"@id\":\"https:\/\/staging.forenteforlag.no\/pax\/#website\",\"url\":\"https:\/\/staging.forenteforlag.no\/pax\/\",\"name\":\"Pax\",\"description\":\"\",\"potentialAction\":[{\"@type\":\"SearchAction\",\"target\":{\"@type\":\"EntryPoint\",\"urlTemplate\":\"https:\/\/staging.forenteforlag.no\/pax\/?s={search_term_string}\"},\"query-input\":{\"@type\":\"PropertyValueSpecification\",\"valueRequired\":true,\"valueName\":\"search_term_string\"}}],\"inLanguage\":\"nb-NO\"}]}<\/script>\n<!-- \/ Yoast SEO plugin. -->","yoast_head_json":{"title":"Skjels \u00e5r og alder - Pax","robots":{"index":"noindex","follow":"follow","max-snippet":"max-snippet:-1","max-image-preview":"max-image-preview:large","max-video-preview":"max-video-preview:-1"},"og_locale":"nb_NO","og_type":"article","og_title":"Skjels \u00e5r og alder - Pax","og_description":"Frihetens veier (1945-49) er en uavsluttet triologi. Med den \u00f8nsket Sartre \u00e5 forklare hvilke forhold som f\u00f8rte til krigen og hvordan de kan forst\u00e5s filosofisk, psykologisk, politisk og historisk i lys av den senere utvikling. Hovedpersonen i dette f\u00f8rste bindet er gymnasl\u00e6reren Mathieu Delaure, som lever p\u00e5 sin &laquo;\u00f8y&raquo; i et snevert intellektuelt Paris-milj\u00f8, mens [&hellip;]","og_url":"https:\/\/staging.forenteforlag.no\/pax\/produkt\/skjels-ar-og-alder\/","og_site_name":"Pax","article_modified_time":"2026-03-04T20:11:26+00:00","og_image":[{"width":284,"height":449,"url":"https:\/\/staging.forenteforlag.no\/pax\/wp-content\/uploads\/sites\/5\/2025\/08\/jpg-9580.jpg","type":"image\/jpeg"}],"twitter_card":"summary_large_image","schema":{"@context":"https:\/\/schema.org","@graph":[{"@type":"WebPage","@id":"https:\/\/staging.forenteforlag.no\/pax\/produkt\/skjels-ar-og-alder\/","url":"https:\/\/staging.forenteforlag.no\/pax\/produkt\/skjels-ar-og-alder\/","name":"Skjels \u00e5r og alder - Pax","isPartOf":{"@id":"https:\/\/staging.forenteforlag.no\/pax\/#website"},"primaryImageOfPage":{"@id":"https:\/\/staging.forenteforlag.no\/pax\/produkt\/skjels-ar-og-alder\/#primaryimage"},"image":{"@id":"https:\/\/staging.forenteforlag.no\/pax\/produkt\/skjels-ar-og-alder\/#primaryimage"},"thumbnailUrl":"https:\/\/staging.forenteforlag.no\/pax\/wp-content\/uploads\/sites\/5\/2025\/08\/jpg-9580.jpg","datePublished":"2004-03-13T14:24:28+00:00","dateModified":"2026-03-04T20:11:26+00:00","breadcrumb":{"@id":"https:\/\/staging.forenteforlag.no\/pax\/produkt\/skjels-ar-og-alder\/#breadcrumb"},"inLanguage":"nb-NO","potentialAction":[{"@type":"ReadAction","target":["https:\/\/staging.forenteforlag.no\/pax\/produkt\/skjels-ar-og-alder\/"]}]},{"@type":"ImageObject","inLanguage":"nb-NO","@id":"https:\/\/staging.forenteforlag.no\/pax\/produkt\/skjels-ar-og-alder\/#primaryimage","url":"https:\/\/staging.forenteforlag.no\/pax\/wp-content\/uploads\/sites\/5\/2025\/08\/jpg-9580.jpg","contentUrl":"https:\/\/staging.forenteforlag.no\/pax\/wp-content\/uploads\/sites\/5\/2025\/08\/jpg-9580.jpg","width":284,"height":449},{"@type":"BreadcrumbList","@id":"https:\/\/staging.forenteforlag.no\/pax\/produkt\/skjels-ar-og-alder\/#breadcrumb","itemListElement":[{"@type":"ListItem","position":1,"name":"Hjem","item":"https:\/\/staging.forenteforlag.no\/pax\/"},{"@type":"ListItem","position":2,"name":"Alle b\u00f8ker","item":"https:\/\/staging.forenteforlag.no\/pax\/butikk\/"},{"@type":"ListItem","position":3,"name":"Skjels \u00e5r og alder"}]},{"@type":"WebSite","@id":"https:\/\/staging.forenteforlag.no\/pax\/#website","url":"https:\/\/staging.forenteforlag.no\/pax\/","name":"Pax","description":"","potentialAction":[{"@type":"SearchAction","target":{"@type":"EntryPoint","urlTemplate":"https:\/\/staging.forenteforlag.no\/pax\/?s={search_term_string}"},"query-input":{"@type":"PropertyValueSpecification","valueRequired":true,"valueName":"search_term_string"}}],"inLanguage":"nb-NO"}]}},"_links":{"self":[{"href":"https:\/\/staging.forenteforlag.no\/pax\/wp-json\/wp\/v2\/product\/22791","targetHints":{"allow":["GET"]}}],"collection":[{"href":"https:\/\/staging.forenteforlag.no\/pax\/wp-json\/wp\/v2\/product"}],"about":[{"href":"https:\/\/staging.forenteforlag.no\/pax\/wp-json\/wp\/v2\/types\/product"}],"wp:featuredmedia":[{"embeddable":true,"href":"https:\/\/staging.forenteforlag.no\/pax\/wp-json\/wp\/v2\/media\/29309"}],"wp:attachment":[{"href":"https:\/\/staging.forenteforlag.no\/pax\/wp-json\/wp\/v2\/media?parent=22791"}],"wp:term":[{"taxonomy":"product_brand","embeddable":true,"href":"https:\/\/staging.forenteforlag.no\/pax\/wp-json\/wp\/v2\/product_brand?post=22791"},{"taxonomy":"product_cat","embeddable":true,"href":"https:\/\/staging.forenteforlag.no\/pax\/wp-json\/wp\/v2\/product_cat?post=22791"},{"taxonomy":"product_tag","embeddable":true,"href":"https:\/\/staging.forenteforlag.no\/pax\/wp-json\/wp\/v2\/product_tag?post=22791"}],"curies":[{"name":"wp","href":"https:\/\/api.w.org\/{rel}","templated":true}]}}

Skjels år og alder

<p>Frihetens veier (1945-49) er en uavsluttet triologi. Med den ønsket Sartre å forklare hvilke forhold som førte til krigen og hvordan de kan forstås filosofisk, psykologisk, politisk og historisk i lys av den senere utvikling. Hovedpersonen i dette første bindet er gymnaslæreren Mathieu Delaure, som lever på sin &laquo;øy&raquo; i et snevert intellektuelt Paris-miljø, mens verdenspolitikken trenger seg på med borgerkrigen i Spania. Han har på en måte frihet til å handle, men kan ikke. Mot ham står den naivt-optimistiske kommunisten Brunet, som ikke ser konsekvensene av sine valg.</p>

<p>Frihetens veier (1945-49) er en uavsluttet triologi. Med den ønsket Sartre å forklare hvilke forhold som førte til krigen og hvordan de kan forstås filosofisk, psykologisk, politisk og historisk i lys av den senere utvikling. Hovedpersonen i dette første bindet er gymnaslæreren Mathieu Delaure, som lever på sin &laquo;øy&raquo; i et snevert intellektuelt Paris-miljø, mens [&hellip;]</p>

<!-- This site is optimized with the Yoast SEO plugin v26.6 - https://yoast.com/wordpress/plugins/seo/ -->
<title>Skjels år og alder - Pax</title>
<meta name="robots" content="noindex, follow, max-snippet:-1, max-image-preview:large, max-video-preview:-1" />
<meta property="og:locale" content="nb_NO" />
<meta property="og:type" content="article" />
<meta property="og:title" content="Skjels år og alder - Pax" />
<meta property="og:description" content="Frihetens veier (1945-49) er en uavsluttet triologi. Med den ønsket Sartre å forklare hvilke forhold som førte til krigen og hvordan de kan forstås filosofisk, psykologisk, politisk og historisk i lys av den senere utvikling. Hovedpersonen i dette første bindet er gymnaslæreren Mathieu Delaure, som lever på sin &laquo;øy&raquo; i et snevert intellektuelt Paris-miljø, mens [&hellip;]" />
<meta property="og:url" content="https://staging.forenteforlag.no/pax/produkt/skjels-ar-og-alder/" />
<meta property="og:site_name" content="Pax" />
<meta property="article:modified_time" content="2026-03-04T20:11:26+00:00" />
<meta property="og:image" content="https://staging.forenteforlag.no/pax/wp-content/uploads/sites/5/2025/08/jpg-9580.jpg" />
	<meta property="og:image:width" content="284" />
	<meta property="og:image:height" content="449" />
	<meta property="og:image:type" content="image/jpeg" />
<meta name="twitter:card" content="summary_large_image" />
<script type="application/ld+json" class="yoast-schema-graph">{"@context":"https://schema.org","@graph":[{"@type":"WebPage","@id":"https://staging.forenteforlag.no/pax/produkt/skjels-ar-og-alder/","url":"https://staging.forenteforlag.no/pax/produkt/skjels-ar-og-alder/","name":"Skjels år og alder - Pax","isPartOf":{"@id":"https://staging.forenteforlag.no/pax/#website"},"primaryImageOfPage":{"@id":"https://staging.forenteforlag.no/pax/produkt/skjels-ar-og-alder/#primaryimage"},"image":{"@id":"https://staging.forenteforlag.no/pax/produkt/skjels-ar-og-alder/#primaryimage"},"thumbnailUrl":"https://staging.forenteforlag.no/pax/wp-content/uploads/sites/5/2025/08/jpg-9580.jpg","datePublished":"2004-03-13T14:24:28+00:00","dateModified":"2026-03-04T20:11:26+00:00","breadcrumb":{"@id":"https://staging.forenteforlag.no/pax/produkt/skjels-ar-og-alder/#breadcrumb"},"inLanguage":"nb-NO","potentialAction":[{"@type":"ReadAction","target":["https://staging.forenteforlag.no/pax/produkt/skjels-ar-og-alder/"]}]},{"@type":"ImageObject","inLanguage":"nb-NO","@id":"https://staging.forenteforlag.no/pax/produkt/skjels-ar-og-alder/#primaryimage","url":"https://staging.forenteforlag.no/pax/wp-content/uploads/sites/5/2025/08/jpg-9580.jpg","contentUrl":"https://staging.forenteforlag.no/pax/wp-content/uploads/sites/5/2025/08/jpg-9580.jpg","width":284,"height":449},{"@type":"BreadcrumbList","@id":"https://staging.forenteforlag.no/pax/produkt/skjels-ar-og-alder/#breadcrumb","itemListElement":[{"@type":"ListItem","position":1,"name":"Hjem","item":"https://staging.forenteforlag.no/pax/"},{"@type":"ListItem","position":2,"name":"Alle bøker","item":"https://staging.forenteforlag.no/pax/butikk/"},{"@type":"ListItem","position":3,"name":"Skjels år og alder"}]},{"@type":"WebSite","@id":"https://staging.forenteforlag.no/pax/#website","url":"https://staging.forenteforlag.no/pax/","name":"Pax","description":"","potentialAction":[{"@type":"SearchAction","target":{"@type":"EntryPoint","urlTemplate":"https://staging.forenteforlag.no/pax/?s={search_term_string}"},"query-input":{"@type":"PropertyValueSpecification","valueRequired":true,"valueName":"search_term_string"}}],"inLanguage":"nb-NO"}]}</script>
<!-- / Yoast SEO plugin. -->

Skjels år og alder - Pax

Frihetens veier (1945-49) er en uavsluttet triologi. Med den ønsket Sartre å forklare hvilke forhold som førte til krigen og hvordan de kan forstås filosofisk, psykologisk, politisk og historisk i lys av den senere utvikling. Hovedpersonen i dette første bindet er gymnaslæreren Mathieu Delaure, som lever på sin &laquo;øy&raquo; i et snevert intellektuelt Paris-miljø, mens [&hellip;]

Alle bøker
