{"id":22778,"date":"2010-10-20T02:00:00","date_gmt":"2010-10-20T00:00:00","guid":{"rendered":"https:\/\/pax.forenteforlag.no\/produkt\/graverens-datter\/"},"modified":"2026-03-03T22:04:34","modified_gmt":"2026-03-03T21:04:34","slug":"graverens-datter","status":"publish","type":"product","link":"https:\/\/staging.forenteforlag.no\/pax\/produkt\/graverens-datter\/","title":{"rendered":"Graverens datter"},"content":{"rendered":"<p>Rebecca Schwart og familien flytter til USA p\u00e5 flukt fra nazismen i Tyskland p\u00e5 slutten av 1930-tallet. Fra \u00e5 tilh\u00f8re en kultivert middelklasse i Tyskland m\u00e5 faren ta seg jobb som kirkeg\u00e5rdsgraver i en sm\u00e5by utenfor New York. Familien takler overgangen d\u00e5rlig og det ender i en tragedie. Men datteren Rebecca klarer seg mot alle odds. Hun skaper seg en ny identitet for seg og sin s\u00f8nn, og lar sitt gamle liv bli en godt bevart hemmelighet.<\/p>\n","protected":false},"excerpt":{"rendered":"<p>Rebecca Schwart og familien flytter til USA p\u00e5 flukt fra nazismen i Tyskland p\u00e5 slutten av 1930-tallet. Fra \u00e5 tilh\u00f8re en kultivert middelklasse i Tyskland m\u00e5 faren ta seg jobb som kirkeg\u00e5rdsgraver i en sm\u00e5by utenfor New York. Familien takler overgangen d\u00e5rlig og det ender i en tragedie. Men datteren Rebecca klarer seg mot alle [&hellip;]<\/p>\n","protected":false},"featured_media":28055,"template":"","meta":{"_acf_changed":false,"inline_featured_image":false},"product_brand":[],"product_cat":[1782],"product_tag":[441,388,1095,370,660,434],"class_list":{"0":"post-22778","1":"product","2":"type-product","3":"status-publish","4":"has-post-thumbnail","6":"product_cat-fripris","7":"product_tag-1900-tallet","8":"product_tag-antisemittisme","9":"product_tag-grafiske-romaner","10":"product_tag-skjonnlitteratur","11":"product_tag-sosial-lagdeling","12":"product_tag-usa","14":"first","15":"outofstock","16":"shipping-taxable","17":"purchasable","18":"product-type-simple"},"acf":{"anmeldelse":null},"yoast_head":"<!-- This site is optimized with the Yoast SEO plugin v26.6 - https:\/\/yoast.com\/wordpress\/plugins\/seo\/ -->\n<title>Graverens datter - Pax<\/title>\n<meta name=\"robots\" content=\"noindex, follow, max-snippet:-1, max-image-preview:large, max-video-preview:-1\" \/>\n<meta property=\"og:locale\" content=\"nb_NO\" \/>\n<meta property=\"og:type\" content=\"article\" \/>\n<meta property=\"og:title\" content=\"Graverens datter - Pax\" \/>\n<meta property=\"og:description\" content=\"Rebecca Schwart og familien flytter til USA p\u00e5 flukt fra nazismen i Tyskland p\u00e5 slutten av 1930-tallet. Fra \u00e5 tilh\u00f8re en kultivert middelklasse i Tyskland m\u00e5 faren ta seg jobb som kirkeg\u00e5rdsgraver i en sm\u00e5by utenfor New York. Familien takler overgangen d\u00e5rlig og det ender i en tragedie. Men datteren Rebecca klarer seg mot alle [&hellip;]\" \/>\n<meta property=\"og:url\" content=\"https:\/\/staging.forenteforlag.no\/pax\/produkt\/graverens-datter\/\" \/>\n<meta property=\"og:site_name\" content=\"Pax\" \/>\n<meta property=\"article:modified_time\" content=\"2026-03-03T21:04:34+00:00\" \/>\n<meta property=\"og:image\" content=\"https:\/\/staging.forenteforlag.no\/pax\/wp-content\/uploads\/sites\/5\/2025\/08\/jpg-5875.jpg\" \/>\n\t<meta property=\"og:image:width\" content=\"282\" \/>\n\t<meta property=\"og:image:height\" content=\"449\" \/>\n\t<meta property=\"og:image:type\" content=\"image\/jpeg\" \/>\n<meta name=\"twitter:card\" content=\"summary_large_image\" \/>\n<script type=\"application\/ld+json\" class=\"yoast-schema-graph\">{\"@context\":\"https:\/\/schema.org\",\"@graph\":[{\"@type\":\"WebPage\",\"@id\":\"https:\/\/staging.forenteforlag.no\/pax\/produkt\/graverens-datter\/\",\"url\":\"https:\/\/staging.forenteforlag.no\/pax\/produkt\/graverens-datter\/\",\"name\":\"Graverens datter - Pax\",\"isPartOf\":{\"@id\":\"https:\/\/staging.forenteforlag.no\/pax\/#website\"},\"primaryImageOfPage\":{\"@id\":\"https:\/\/staging.forenteforlag.no\/pax\/produkt\/graverens-datter\/#primaryimage\"},\"image\":{\"@id\":\"https:\/\/staging.forenteforlag.no\/pax\/produkt\/graverens-datter\/#primaryimage\"},\"thumbnailUrl\":\"https:\/\/staging.forenteforlag.no\/pax\/wp-content\/uploads\/sites\/5\/2025\/08\/jpg-5875.jpg\",\"datePublished\":\"2010-10-20T00:00:00+00:00\",\"dateModified\":\"2026-03-03T21:04:34+00:00\",\"breadcrumb\":{\"@id\":\"https:\/\/staging.forenteforlag.no\/pax\/produkt\/graverens-datter\/#breadcrumb\"},\"inLanguage\":\"nb-NO\",\"potentialAction\":[{\"@type\":\"ReadAction\",\"target\":[\"https:\/\/staging.forenteforlag.no\/pax\/produkt\/graverens-datter\/\"]}]},{\"@type\":\"ImageObject\",\"inLanguage\":\"nb-NO\",\"@id\":\"https:\/\/staging.forenteforlag.no\/pax\/produkt\/graverens-datter\/#primaryimage\",\"url\":\"https:\/\/staging.forenteforlag.no\/pax\/wp-content\/uploads\/sites\/5\/2025\/08\/jpg-5875.jpg\",\"contentUrl\":\"https:\/\/staging.forenteforlag.no\/pax\/wp-content\/uploads\/sites\/5\/2025\/08\/jpg-5875.jpg\",\"width\":282,\"height\":449},{\"@type\":\"BreadcrumbList\",\"@id\":\"https:\/\/staging.forenteforlag.no\/pax\/produkt\/graverens-datter\/#breadcrumb\",\"itemListElement\":[{\"@type\":\"ListItem\",\"position\":1,\"name\":\"Hjem\",\"item\":\"https:\/\/staging.forenteforlag.no\/pax\/\"},{\"@type\":\"ListItem\",\"position\":2,\"name\":\"Alle b\u00f8ker\",\"item\":\"https:\/\/staging.forenteforlag.no\/pax\/butikk\/\"},{\"@type\":\"ListItem\",\"position\":3,\"name\":\"Graverens datter\"}]},{\"@type\":\"WebSite\",\"@id\":\"https:\/\/staging.forenteforlag.no\/pax\/#website\",\"url\":\"https:\/\/staging.forenteforlag.no\/pax\/\",\"name\":\"Pax\",\"description\":\"\",\"potentialAction\":[{\"@type\":\"SearchAction\",\"target\":{\"@type\":\"EntryPoint\",\"urlTemplate\":\"https:\/\/staging.forenteforlag.no\/pax\/?s={search_term_string}\"},\"query-input\":{\"@type\":\"PropertyValueSpecification\",\"valueRequired\":true,\"valueName\":\"search_term_string\"}}],\"inLanguage\":\"nb-NO\"}]}<\/script>\n<!-- \/ Yoast SEO plugin. -->","yoast_head_json":{"title":"Graverens datter - Pax","robots":{"index":"noindex","follow":"follow","max-snippet":"max-snippet:-1","max-image-preview":"max-image-preview:large","max-video-preview":"max-video-preview:-1"},"og_locale":"nb_NO","og_type":"article","og_title":"Graverens datter - Pax","og_description":"Rebecca Schwart og familien flytter til USA p\u00e5 flukt fra nazismen i Tyskland p\u00e5 slutten av 1930-tallet. Fra \u00e5 tilh\u00f8re en kultivert middelklasse i Tyskland m\u00e5 faren ta seg jobb som kirkeg\u00e5rdsgraver i en sm\u00e5by utenfor New York. Familien takler overgangen d\u00e5rlig og det ender i en tragedie. Men datteren Rebecca klarer seg mot alle [&hellip;]","og_url":"https:\/\/staging.forenteforlag.no\/pax\/produkt\/graverens-datter\/","og_site_name":"Pax","article_modified_time":"2026-03-03T21:04:34+00:00","og_image":[{"width":282,"height":449,"url":"https:\/\/staging.forenteforlag.no\/pax\/wp-content\/uploads\/sites\/5\/2025\/08\/jpg-5875.jpg","type":"image\/jpeg"}],"twitter_card":"summary_large_image","schema":{"@context":"https:\/\/schema.org","@graph":[{"@type":"WebPage","@id":"https:\/\/staging.forenteforlag.no\/pax\/produkt\/graverens-datter\/","url":"https:\/\/staging.forenteforlag.no\/pax\/produkt\/graverens-datter\/","name":"Graverens datter - Pax","isPartOf":{"@id":"https:\/\/staging.forenteforlag.no\/pax\/#website"},"primaryImageOfPage":{"@id":"https:\/\/staging.forenteforlag.no\/pax\/produkt\/graverens-datter\/#primaryimage"},"image":{"@id":"https:\/\/staging.forenteforlag.no\/pax\/produkt\/graverens-datter\/#primaryimage"},"thumbnailUrl":"https:\/\/staging.forenteforlag.no\/pax\/wp-content\/uploads\/sites\/5\/2025\/08\/jpg-5875.jpg","datePublished":"2010-10-20T00:00:00+00:00","dateModified":"2026-03-03T21:04:34+00:00","breadcrumb":{"@id":"https:\/\/staging.forenteforlag.no\/pax\/produkt\/graverens-datter\/#breadcrumb"},"inLanguage":"nb-NO","potentialAction":[{"@type":"ReadAction","target":["https:\/\/staging.forenteforlag.no\/pax\/produkt\/graverens-datter\/"]}]},{"@type":"ImageObject","inLanguage":"nb-NO","@id":"https:\/\/staging.forenteforlag.no\/pax\/produkt\/graverens-datter\/#primaryimage","url":"https:\/\/staging.forenteforlag.no\/pax\/wp-content\/uploads\/sites\/5\/2025\/08\/jpg-5875.jpg","contentUrl":"https:\/\/staging.forenteforlag.no\/pax\/wp-content\/uploads\/sites\/5\/2025\/08\/jpg-5875.jpg","width":282,"height":449},{"@type":"BreadcrumbList","@id":"https:\/\/staging.forenteforlag.no\/pax\/produkt\/graverens-datter\/#breadcrumb","itemListElement":[{"@type":"ListItem","position":1,"name":"Hjem","item":"https:\/\/staging.forenteforlag.no\/pax\/"},{"@type":"ListItem","position":2,"name":"Alle b\u00f8ker","item":"https:\/\/staging.forenteforlag.no\/pax\/butikk\/"},{"@type":"ListItem","position":3,"name":"Graverens datter"}]},{"@type":"WebSite","@id":"https:\/\/staging.forenteforlag.no\/pax\/#website","url":"https:\/\/staging.forenteforlag.no\/pax\/","name":"Pax","description":"","potentialAction":[{"@type":"SearchAction","target":{"@type":"EntryPoint","urlTemplate":"https:\/\/staging.forenteforlag.no\/pax\/?s={search_term_string}"},"query-input":{"@type":"PropertyValueSpecification","valueRequired":true,"valueName":"search_term_string"}}],"inLanguage":"nb-NO"}]}},"_links":{"self":[{"href":"https:\/\/staging.forenteforlag.no\/pax\/wp-json\/wp\/v2\/product\/22778","targetHints":{"allow":["GET"]}}],"collection":[{"href":"https:\/\/staging.forenteforlag.no\/pax\/wp-json\/wp\/v2\/product"}],"about":[{"href":"https:\/\/staging.forenteforlag.no\/pax\/wp-json\/wp\/v2\/types\/product"}],"wp:featuredmedia":[{"embeddable":true,"href":"https:\/\/staging.forenteforlag.no\/pax\/wp-json\/wp\/v2\/media\/28055"}],"wp:attachment":[{"href":"https:\/\/staging.forenteforlag.no\/pax\/wp-json\/wp\/v2\/media?parent=22778"}],"wp:term":[{"taxonomy":"product_brand","embeddable":true,"href":"https:\/\/staging.forenteforlag.no\/pax\/wp-json\/wp\/v2\/product_brand?post=22778"},{"taxonomy":"product_cat","embeddable":true,"href":"https:\/\/staging.forenteforlag.no\/pax\/wp-json\/wp\/v2\/product_cat?post=22778"},{"taxonomy":"product_tag","embeddable":true,"href":"https:\/\/staging.forenteforlag.no\/pax\/wp-json\/wp\/v2\/product_tag?post=22778"}],"curies":[{"name":"wp","href":"https:\/\/api.w.org\/{rel}","templated":true}]}}

<p>Rebecca Schwart og familien flytter til USA på flukt fra nazismen i Tyskland på slutten av 1930-tallet. Fra å tilhøre en kultivert middelklasse i Tyskland må faren ta seg jobb som kirkegårdsgraver i en småby utenfor New York. Familien takler overgangen dårlig og det ender i en tragedie. Men datteren Rebecca klarer seg mot alle odds. Hun skaper seg en ny identitet for seg og sin sønn, og lar sitt gamle liv bli en godt bevart hemmelighet.</p>

<p>Rebecca Schwart og familien flytter til USA på flukt fra nazismen i Tyskland på slutten av 1930-tallet. Fra å tilhøre en kultivert middelklasse i Tyskland må faren ta seg jobb som kirkegårdsgraver i en småby utenfor New York. Familien takler overgangen dårlig og det ender i en tragedie. Men datteren Rebecca klarer seg mot alle [&hellip;]</p>

<!-- This site is optimized with the Yoast SEO plugin v26.6 - https://yoast.com/wordpress/plugins/seo/ -->
<title>Graverens datter - Pax</title>
<meta name="robots" content="noindex, follow, max-snippet:-1, max-image-preview:large, max-video-preview:-1" />
<meta property="og:locale" content="nb_NO" />
<meta property="og:type" content="article" />
<meta property="og:title" content="Graverens datter - Pax" />
<meta property="og:description" content="Rebecca Schwart og familien flytter til USA på flukt fra nazismen i Tyskland på slutten av 1930-tallet. Fra å tilhøre en kultivert middelklasse i Tyskland må faren ta seg jobb som kirkegårdsgraver i en småby utenfor New York. Familien takler overgangen dårlig og det ender i en tragedie. Men datteren Rebecca klarer seg mot alle [&hellip;]" />
<meta property="og:url" content="https://staging.forenteforlag.no/pax/produkt/graverens-datter/" />
<meta property="og:site_name" content="Pax" />
<meta property="article:modified_time" content="2026-03-03T21:04:34+00:00" />
<meta property="og:image" content="https://staging.forenteforlag.no/pax/wp-content/uploads/sites/5/2025/08/jpg-5875.jpg" />
	<meta property="og:image:width" content="282" />
	<meta property="og:image:height" content="449" />
	<meta property="og:image:type" content="image/jpeg" />
<meta name="twitter:card" content="summary_large_image" />
<script type="application/ld+json" class="yoast-schema-graph">{"@context":"https://schema.org","@graph":[{"@type":"WebPage","@id":"https://staging.forenteforlag.no/pax/produkt/graverens-datter/","url":"https://staging.forenteforlag.no/pax/produkt/graverens-datter/","name":"Graverens datter - Pax","isPartOf":{"@id":"https://staging.forenteforlag.no/pax/#website"},"primaryImageOfPage":{"@id":"https://staging.forenteforlag.no/pax/produkt/graverens-datter/#primaryimage"},"image":{"@id":"https://staging.forenteforlag.no/pax/produkt/graverens-datter/#primaryimage"},"thumbnailUrl":"https://staging.forenteforlag.no/pax/wp-content/uploads/sites/5/2025/08/jpg-5875.jpg","datePublished":"2010-10-20T00:00:00+00:00","dateModified":"2026-03-03T21:04:34+00:00","breadcrumb":{"@id":"https://staging.forenteforlag.no/pax/produkt/graverens-datter/#breadcrumb"},"inLanguage":"nb-NO","potentialAction":[{"@type":"ReadAction","target":["https://staging.forenteforlag.no/pax/produkt/graverens-datter/"]}]},{"@type":"ImageObject","inLanguage":"nb-NO","@id":"https://staging.forenteforlag.no/pax/produkt/graverens-datter/#primaryimage","url":"https://staging.forenteforlag.no/pax/wp-content/uploads/sites/5/2025/08/jpg-5875.jpg","contentUrl":"https://staging.forenteforlag.no/pax/wp-content/uploads/sites/5/2025/08/jpg-5875.jpg","width":282,"height":449},{"@type":"BreadcrumbList","@id":"https://staging.forenteforlag.no/pax/produkt/graverens-datter/#breadcrumb","itemListElement":[{"@type":"ListItem","position":1,"name":"Hjem","item":"https://staging.forenteforlag.no/pax/"},{"@type":"ListItem","position":2,"name":"Alle bøker","item":"https://staging.forenteforlag.no/pax/butikk/"},{"@type":"ListItem","position":3,"name":"Graverens datter"}]},{"@type":"WebSite","@id":"https://staging.forenteforlag.no/pax/#website","url":"https://staging.forenteforlag.no/pax/","name":"Pax","description":"","potentialAction":[{"@type":"SearchAction","target":{"@type":"EntryPoint","urlTemplate":"https://staging.forenteforlag.no/pax/?s={search_term_string}"},"query-input":{"@type":"PropertyValueSpecification","valueRequired":true,"valueName":"search_term_string"}}],"inLanguage":"nb-NO"}]}</script>
<!-- / Yoast SEO plugin. -->

Rebecca Schwart og familien flytter til USA på flukt fra nazismen i Tyskland på slutten av 1930-tallet. Fra å tilhøre en kultivert middelklasse i Tyskland må faren ta seg jobb som kirkegårdsgraver i en småby utenfor New York. Familien takler overgangen dårlig og det ender i en tragedie. Men datteren Rebecca klarer seg mot alle [&hellip;]

Alle bøker
