{"id":22714,"date":"2020-09-15T02:00:00","date_gmt":"2020-09-15T00:00:00","guid":{"rendered":"https:\/\/pax.forenteforlag.no\/produkt\/voldtekt-som-vapen\/"},"modified":"2025-08-27T11:22:31","modified_gmt":"2025-08-27T09:22:31","slug":"voldtekt-som-vapen","status":"publish","type":"product","link":"https:\/\/staging.forenteforlag.no\/pax\/produkt\/voldtekt-som-vapen\/","title":{"rendered":"Voldtekt som v\u00e5pen"},"content":{"rendered":"<p>Den anerkjente britiske utenrikskorrespondenten Christina Lamb har jobbet i konfliktomr\u00e5der i over tredve \u00e5r. I denne boken reiser hun verden rundt og snakker med ofre, og forteller historiene til kvinner som har blitt utsatt for systematisert krigsvold og voldtekt. Ved \u00e5 snakke med overlevere forteller Lamb den globale historien om kvinnekroppen i krig, og avsl\u00f8rer i hvilken grad voldtekt blir brukt som strategisk v\u00e5pen i moderne krigf\u00f8ring. Reisen g\u00e5r fra Japan, hvor kvinner ble tatt til fange og brukt som \u00abcomfort women\u00bb under andre verdenskrig, til 1970-tallets Bangladesh hvor hundretusenvis ble voldtatt av pakistanske styrker for \u00e5 \u00f8ke Punjabi-befolkningen. Boken tar deg ogs\u00e5 med til Argentina hvor du m\u00f8ter overlevere etter milit\u00e6rjuntaen, 1990-tallets Bosnia, Rwanda etter borgerkrigen, de 219 Boko Haram-kidnappede jentene i Nigeria, jesidi-kvinnene i Irak som ble solgt som slaver til IS og rohingya-kvinnene i Burma. Selv om voldtekt ble erkl\u00e6rt som en internasjonal krigsforbrytelse i 1919, har det kun v\u00e6rt \u00e9n domfellelse p\u00e5 dette grunnlaget. Denne boken er et eneste stort kampskrift for kvinner i krig, for de som aldri f\u00e5r navnene sine p\u00e5 monumentene over de falne.<\/p>\n","protected":false},"excerpt":{"rendered":"<p>Den anerkjente britiske utenrikskorrespondenten Christina Lamb har jobbet i konfliktomr\u00e5der i over tredve \u00e5r. I denne boken reiser hun verden rundt og snakker med ofre, og forteller historiene til kvinner som har blitt utsatt for systematisert krigsvold og voldtekt. Ved \u00e5 snakke med overlevere forteller Lamb den globale historien om kvinnekroppen i krig, og avsl\u00f8rer [&hellip;]<\/p>\n","protected":false},"featured_media":28895,"template":"","meta":{"_acf_changed":false,"inline_featured_image":false},"product_brand":[],"product_cat":[32],"product_tag":[405,362,380,1284],"class_list":{"0":"post-22714","1":"product","2":"type-product","3":"status-publish","4":"has-post-thumbnail","6":"product_cat-samfunn-og-politikk","7":"product_tag-andre-verdenskrig","8":"product_tag-faglitteratur","9":"product_tag-kvinner","10":"product_tag-voldtekt","11":"pa_format-innbundet","13":"first","14":"outofstock","15":"shipping-taxable","16":"purchasable","17":"product-type-simple"},"acf":{"anmeldelse":null},"yoast_head":"<!-- This site is optimized with the Yoast SEO plugin v26.6 - https:\/\/yoast.com\/wordpress\/plugins\/seo\/ -->\n<title>Voldtekt som v\u00e5pen - Pax<\/title>\n<meta name=\"robots\" content=\"noindex, follow, max-snippet:-1, max-image-preview:large, max-video-preview:-1\" \/>\n<meta property=\"og:locale\" content=\"nb_NO\" \/>\n<meta property=\"og:type\" content=\"article\" \/>\n<meta property=\"og:title\" content=\"Voldtekt som v\u00e5pen - Pax\" \/>\n<meta property=\"og:description\" content=\"Den anerkjente britiske utenrikskorrespondenten Christina Lamb har jobbet i konfliktomr\u00e5der i over tredve \u00e5r. I denne boken reiser hun verden rundt og snakker med ofre, og forteller historiene til kvinner som har blitt utsatt for systematisert krigsvold og voldtekt. Ved \u00e5 snakke med overlevere forteller Lamb den globale historien om kvinnekroppen i krig, og avsl\u00f8rer [&hellip;]\" \/>\n<meta property=\"og:url\" content=\"https:\/\/staging.forenteforlag.no\/pax\/produkt\/voldtekt-som-vapen\/\" \/>\n<meta property=\"og:site_name\" content=\"Pax\" \/>\n<meta property=\"article:modified_time\" content=\"2025-08-27T09:22:31+00:00\" \/>\n<meta property=\"og:image\" content=\"https:\/\/staging.forenteforlag.no\/pax\/wp-content\/uploads\/sites\/5\/2025\/08\/jpg-8299.jpg\" \/>\n\t<meta property=\"og:image:width\" content=\"455\" \/>\n\t<meta property=\"og:image:height\" content=\"667\" \/>\n\t<meta property=\"og:image:type\" content=\"image\/jpeg\" \/>\n<meta name=\"twitter:card\" content=\"summary_large_image\" \/>\n<meta name=\"twitter:label1\" content=\"Ansl. lesetid\" \/>\n\t<meta name=\"twitter:data1\" content=\"1 minutt\" \/>\n<script type=\"application\/ld+json\" class=\"yoast-schema-graph\">{\"@context\":\"https:\/\/schema.org\",\"@graph\":[{\"@type\":\"WebPage\",\"@id\":\"https:\/\/staging.forenteforlag.no\/pax\/produkt\/voldtekt-som-vapen\/\",\"url\":\"https:\/\/staging.forenteforlag.no\/pax\/produkt\/voldtekt-som-vapen\/\",\"name\":\"Voldtekt som v\u00e5pen - Pax\",\"isPartOf\":{\"@id\":\"https:\/\/staging.forenteforlag.no\/pax\/#website\"},\"primaryImageOfPage\":{\"@id\":\"https:\/\/staging.forenteforlag.no\/pax\/produkt\/voldtekt-som-vapen\/#primaryimage\"},\"image\":{\"@id\":\"https:\/\/staging.forenteforlag.no\/pax\/produkt\/voldtekt-som-vapen\/#primaryimage\"},\"thumbnailUrl\":\"https:\/\/staging.forenteforlag.no\/pax\/wp-content\/uploads\/sites\/5\/2025\/08\/jpg-8299.jpg\",\"datePublished\":\"2020-09-15T00:00:00+00:00\",\"dateModified\":\"2025-08-27T09:22:31+00:00\",\"breadcrumb\":{\"@id\":\"https:\/\/staging.forenteforlag.no\/pax\/produkt\/voldtekt-som-vapen\/#breadcrumb\"},\"inLanguage\":\"nb-NO\",\"potentialAction\":[{\"@type\":\"ReadAction\",\"target\":[\"https:\/\/staging.forenteforlag.no\/pax\/produkt\/voldtekt-som-vapen\/\"]}]},{\"@type\":\"ImageObject\",\"inLanguage\":\"nb-NO\",\"@id\":\"https:\/\/staging.forenteforlag.no\/pax\/produkt\/voldtekt-som-vapen\/#primaryimage\",\"url\":\"https:\/\/staging.forenteforlag.no\/pax\/wp-content\/uploads\/sites\/5\/2025\/08\/jpg-8299.jpg\",\"contentUrl\":\"https:\/\/staging.forenteforlag.no\/pax\/wp-content\/uploads\/sites\/5\/2025\/08\/jpg-8299.jpg\",\"width\":455,\"height\":667},{\"@type\":\"BreadcrumbList\",\"@id\":\"https:\/\/staging.forenteforlag.no\/pax\/produkt\/voldtekt-som-vapen\/#breadcrumb\",\"itemListElement\":[{\"@type\":\"ListItem\",\"position\":1,\"name\":\"Hjem\",\"item\":\"https:\/\/staging.forenteforlag.no\/pax\/\"},{\"@type\":\"ListItem\",\"position\":2,\"name\":\"Alle b\u00f8ker\",\"item\":\"https:\/\/staging.forenteforlag.no\/pax\/butikk\/\"},{\"@type\":\"ListItem\",\"position\":3,\"name\":\"Voldtekt som v\u00e5pen\"}]},{\"@type\":\"WebSite\",\"@id\":\"https:\/\/staging.forenteforlag.no\/pax\/#website\",\"url\":\"https:\/\/staging.forenteforlag.no\/pax\/\",\"name\":\"Pax\",\"description\":\"\",\"potentialAction\":[{\"@type\":\"SearchAction\",\"target\":{\"@type\":\"EntryPoint\",\"urlTemplate\":\"https:\/\/staging.forenteforlag.no\/pax\/?s={search_term_string}\"},\"query-input\":{\"@type\":\"PropertyValueSpecification\",\"valueRequired\":true,\"valueName\":\"search_term_string\"}}],\"inLanguage\":\"nb-NO\"}]}<\/script>\n<!-- \/ Yoast SEO plugin. -->","yoast_head_json":{"title":"Voldtekt som v\u00e5pen - Pax","robots":{"index":"noindex","follow":"follow","max-snippet":"max-snippet:-1","max-image-preview":"max-image-preview:large","max-video-preview":"max-video-preview:-1"},"og_locale":"nb_NO","og_type":"article","og_title":"Voldtekt som v\u00e5pen - Pax","og_description":"Den anerkjente britiske utenrikskorrespondenten Christina Lamb har jobbet i konfliktomr\u00e5der i over tredve \u00e5r. I denne boken reiser hun verden rundt og snakker med ofre, og forteller historiene til kvinner som har blitt utsatt for systematisert krigsvold og voldtekt. Ved \u00e5 snakke med overlevere forteller Lamb den globale historien om kvinnekroppen i krig, og avsl\u00f8rer [&hellip;]","og_url":"https:\/\/staging.forenteforlag.no\/pax\/produkt\/voldtekt-som-vapen\/","og_site_name":"Pax","article_modified_time":"2025-08-27T09:22:31+00:00","og_image":[{"width":455,"height":667,"url":"https:\/\/staging.forenteforlag.no\/pax\/wp-content\/uploads\/sites\/5\/2025\/08\/jpg-8299.jpg","type":"image\/jpeg"}],"twitter_card":"summary_large_image","twitter_misc":{"Ansl. lesetid":"1 minutt"},"schema":{"@context":"https:\/\/schema.org","@graph":[{"@type":"WebPage","@id":"https:\/\/staging.forenteforlag.no\/pax\/produkt\/voldtekt-som-vapen\/","url":"https:\/\/staging.forenteforlag.no\/pax\/produkt\/voldtekt-som-vapen\/","name":"Voldtekt som v\u00e5pen - Pax","isPartOf":{"@id":"https:\/\/staging.forenteforlag.no\/pax\/#website"},"primaryImageOfPage":{"@id":"https:\/\/staging.forenteforlag.no\/pax\/produkt\/voldtekt-som-vapen\/#primaryimage"},"image":{"@id":"https:\/\/staging.forenteforlag.no\/pax\/produkt\/voldtekt-som-vapen\/#primaryimage"},"thumbnailUrl":"https:\/\/staging.forenteforlag.no\/pax\/wp-content\/uploads\/sites\/5\/2025\/08\/jpg-8299.jpg","datePublished":"2020-09-15T00:00:00+00:00","dateModified":"2025-08-27T09:22:31+00:00","breadcrumb":{"@id":"https:\/\/staging.forenteforlag.no\/pax\/produkt\/voldtekt-som-vapen\/#breadcrumb"},"inLanguage":"nb-NO","potentialAction":[{"@type":"ReadAction","target":["https:\/\/staging.forenteforlag.no\/pax\/produkt\/voldtekt-som-vapen\/"]}]},{"@type":"ImageObject","inLanguage":"nb-NO","@id":"https:\/\/staging.forenteforlag.no\/pax\/produkt\/voldtekt-som-vapen\/#primaryimage","url":"https:\/\/staging.forenteforlag.no\/pax\/wp-content\/uploads\/sites\/5\/2025\/08\/jpg-8299.jpg","contentUrl":"https:\/\/staging.forenteforlag.no\/pax\/wp-content\/uploads\/sites\/5\/2025\/08\/jpg-8299.jpg","width":455,"height":667},{"@type":"BreadcrumbList","@id":"https:\/\/staging.forenteforlag.no\/pax\/produkt\/voldtekt-som-vapen\/#breadcrumb","itemListElement":[{"@type":"ListItem","position":1,"name":"Hjem","item":"https:\/\/staging.forenteforlag.no\/pax\/"},{"@type":"ListItem","position":2,"name":"Alle b\u00f8ker","item":"https:\/\/staging.forenteforlag.no\/pax\/butikk\/"},{"@type":"ListItem","position":3,"name":"Voldtekt som v\u00e5pen"}]},{"@type":"WebSite","@id":"https:\/\/staging.forenteforlag.no\/pax\/#website","url":"https:\/\/staging.forenteforlag.no\/pax\/","name":"Pax","description":"","potentialAction":[{"@type":"SearchAction","target":{"@type":"EntryPoint","urlTemplate":"https:\/\/staging.forenteforlag.no\/pax\/?s={search_term_string}"},"query-input":{"@type":"PropertyValueSpecification","valueRequired":true,"valueName":"search_term_string"}}],"inLanguage":"nb-NO"}]}},"_links":{"self":[{"href":"https:\/\/staging.forenteforlag.no\/pax\/wp-json\/wp\/v2\/product\/22714","targetHints":{"allow":["GET"]}}],"collection":[{"href":"https:\/\/staging.forenteforlag.no\/pax\/wp-json\/wp\/v2\/product"}],"about":[{"href":"https:\/\/staging.forenteforlag.no\/pax\/wp-json\/wp\/v2\/types\/product"}],"wp:featuredmedia":[{"embeddable":true,"href":"https:\/\/staging.forenteforlag.no\/pax\/wp-json\/wp\/v2\/media\/28895"}],"wp:attachment":[{"href":"https:\/\/staging.forenteforlag.no\/pax\/wp-json\/wp\/v2\/media?parent=22714"}],"wp:term":[{"taxonomy":"product_brand","embeddable":true,"href":"https:\/\/staging.forenteforlag.no\/pax\/wp-json\/wp\/v2\/product_brand?post=22714"},{"taxonomy":"product_cat","embeddable":true,"href":"https:\/\/staging.forenteforlag.no\/pax\/wp-json\/wp\/v2\/product_cat?post=22714"},{"taxonomy":"product_tag","embeddable":true,"href":"https:\/\/staging.forenteforlag.no\/pax\/wp-json\/wp\/v2\/product_tag?post=22714"}],"curies":[{"name":"wp","href":"https:\/\/api.w.org\/{rel}","templated":true}]}}

Voldtekt som våpen

<p>Den anerkjente britiske utenrikskorrespondenten Christina Lamb har jobbet i konfliktområder i over tredve år. I denne boken reiser hun verden rundt og snakker med ofre, og forteller historiene til kvinner som har blitt utsatt for systematisert krigsvold og voldtekt. Ved å snakke med overlevere forteller Lamb den globale historien om kvinnekroppen i krig, og avslører i hvilken grad voldtekt blir brukt som strategisk våpen i moderne krigføring. Reisen går fra Japan, hvor kvinner ble tatt til fange og brukt som «comfort women» under andre verdenskrig, til 1970-tallets Bangladesh hvor hundretusenvis ble voldtatt av pakistanske styrker for å øke Punjabi-befolkningen. Boken tar deg også med til Argentina hvor du møter overlevere etter militærjuntaen, 1990-tallets Bosnia, Rwanda etter borgerkrigen, de 219 Boko Haram-kidnappede jentene i Nigeria, jesidi-kvinnene i Irak som ble solgt som slaver til IS og rohingya-kvinnene i Burma. Selv om voldtekt ble erklært som en internasjonal krigsforbrytelse i 1919, har det kun vært én domfellelse på dette grunnlaget. Denne boken er et eneste stort kampskrift for kvinner i krig, for de som aldri får navnene sine på monumentene over de falne.</p>

<p>Den anerkjente britiske utenrikskorrespondenten Christina Lamb har jobbet i konfliktområder i over tredve år. I denne boken reiser hun verden rundt og snakker med ofre, og forteller historiene til kvinner som har blitt utsatt for systematisert krigsvold og voldtekt. Ved å snakke med overlevere forteller Lamb den globale historien om kvinnekroppen i krig, og avslører [&hellip;]</p>

<!-- This site is optimized with the Yoast SEO plugin v26.6 - https://yoast.com/wordpress/plugins/seo/ -->
<title>Voldtekt som våpen - Pax</title>
<meta name="robots" content="noindex, follow, max-snippet:-1, max-image-preview:large, max-video-preview:-1" />
<meta property="og:locale" content="nb_NO" />
<meta property="og:type" content="article" />
<meta property="og:title" content="Voldtekt som våpen - Pax" />
<meta property="og:description" content="Den anerkjente britiske utenrikskorrespondenten Christina Lamb har jobbet i konfliktområder i over tredve år. I denne boken reiser hun verden rundt og snakker med ofre, og forteller historiene til kvinner som har blitt utsatt for systematisert krigsvold og voldtekt. Ved å snakke med overlevere forteller Lamb den globale historien om kvinnekroppen i krig, og avslører [&hellip;]" />
<meta property="og:url" content="https://staging.forenteforlag.no/pax/produkt/voldtekt-som-vapen/" />
<meta property="og:site_name" content="Pax" />
<meta property="article:modified_time" content="2025-08-27T09:22:31+00:00" />
<meta property="og:image" content="https://staging.forenteforlag.no/pax/wp-content/uploads/sites/5/2025/08/jpg-8299.jpg" />
	<meta property="og:image:width" content="455" />
	<meta property="og:image:height" content="667" />
	<meta property="og:image:type" content="image/jpeg" />
<meta name="twitter:card" content="summary_large_image" />
<meta name="twitter:label1" content="Ansl. lesetid" />
	<meta name="twitter:data1" content="1 minutt" />
<script type="application/ld+json" class="yoast-schema-graph">{"@context":"https://schema.org","@graph":[{"@type":"WebPage","@id":"https://staging.forenteforlag.no/pax/produkt/voldtekt-som-vapen/","url":"https://staging.forenteforlag.no/pax/produkt/voldtekt-som-vapen/","name":"Voldtekt som våpen - Pax","isPartOf":{"@id":"https://staging.forenteforlag.no/pax/#website"},"primaryImageOfPage":{"@id":"https://staging.forenteforlag.no/pax/produkt/voldtekt-som-vapen/#primaryimage"},"image":{"@id":"https://staging.forenteforlag.no/pax/produkt/voldtekt-som-vapen/#primaryimage"},"thumbnailUrl":"https://staging.forenteforlag.no/pax/wp-content/uploads/sites/5/2025/08/jpg-8299.jpg","datePublished":"2020-09-15T00:00:00+00:00","dateModified":"2025-08-27T09:22:31+00:00","breadcrumb":{"@id":"https://staging.forenteforlag.no/pax/produkt/voldtekt-som-vapen/#breadcrumb"},"inLanguage":"nb-NO","potentialAction":[{"@type":"ReadAction","target":["https://staging.forenteforlag.no/pax/produkt/voldtekt-som-vapen/"]}]},{"@type":"ImageObject","inLanguage":"nb-NO","@id":"https://staging.forenteforlag.no/pax/produkt/voldtekt-som-vapen/#primaryimage","url":"https://staging.forenteforlag.no/pax/wp-content/uploads/sites/5/2025/08/jpg-8299.jpg","contentUrl":"https://staging.forenteforlag.no/pax/wp-content/uploads/sites/5/2025/08/jpg-8299.jpg","width":455,"height":667},{"@type":"BreadcrumbList","@id":"https://staging.forenteforlag.no/pax/produkt/voldtekt-som-vapen/#breadcrumb","itemListElement":[{"@type":"ListItem","position":1,"name":"Hjem","item":"https://staging.forenteforlag.no/pax/"},{"@type":"ListItem","position":2,"name":"Alle bøker","item":"https://staging.forenteforlag.no/pax/butikk/"},{"@type":"ListItem","position":3,"name":"Voldtekt som våpen"}]},{"@type":"WebSite","@id":"https://staging.forenteforlag.no/pax/#website","url":"https://staging.forenteforlag.no/pax/","name":"Pax","description":"","potentialAction":[{"@type":"SearchAction","target":{"@type":"EntryPoint","urlTemplate":"https://staging.forenteforlag.no/pax/?s={search_term_string}"},"query-input":{"@type":"PropertyValueSpecification","valueRequired":true,"valueName":"search_term_string"}}],"inLanguage":"nb-NO"}]}</script>
<!-- / Yoast SEO plugin. -->

Voldtekt som våpen - Pax

Den anerkjente britiske utenrikskorrespondenten Christina Lamb har jobbet i konfliktområder i over tredve år. I denne boken reiser hun verden rundt og snakker med ofre, og forteller historiene til kvinner som har blitt utsatt for systematisert krigsvold og voldtekt. Ved å snakke med overlevere forteller Lamb den globale historien om kvinnekroppen i krig, og avslører [&hellip;]

Alle bøker
