{"id":22704,"date":"2021-04-08T02:00:00","date_gmt":"2021-04-08T00:00:00","guid":{"rendered":"https:\/\/pax.forenteforlag.no\/produkt\/wehrmacht-i-norge\/"},"modified":"2025-08-27T07:37:37","modified_gmt":"2025-08-27T05:37:37","slug":"wehrmacht-i-norge","status":"publish","type":"product","link":"https:\/\/staging.forenteforlag.no\/pax\/produkt\/wehrmacht-i-norge\/","title":{"rendered":"Wehrmacht i Norge"},"content":{"rendered":"<p>Norge var det tyskokkuperte landet med flest soldater per innbygger under den andre verdenskrig. Bev\u00e6pnede, tyske soldater utgjorde til tider opp mot en femtedel av landets befolkning. De mer enn 350 000 soldatenes tilstedev\u00e6relse preget hverdagen til innbyggere i hele Norge, i by og land. Hvem var de? Og hvorfor har ingen skrevet deres historie?  <\/p>\n<p>De tyske Wehrmacht-soldatene satte utallige spor i nordmennenes liv &#8211; mange av dem traumatiske, andre tabubelagte, atter andre tause og ufortalte. I denne boken vil forfatter og historiker Torgeir E. S\u00e6veraas gi en utfyllende fortelling om de tyske soldatenes liv i Norge, og hvilke strategiske hensyn som krevde s\u00e5 mange soldater her i landet.  <\/p>\n<p>Adolf Hitler mente at Norge ville v\u00e6re \u00abkrigens skjebnesone\u00bb, hvor avgj\u00f8rende slag ville st\u00e5. Basert p\u00e5 offisielle dokumenter og brev som soldatene skrev hjem, og mengder av hittil ubenyttede kilder, beskriver S\u00e6veraas soldatenes egen oppfatning av krigen, av landet, av savnet av familien &#8211; og om deres ideologiske overbevisning om at Hitler-Tyskland ville seire. S\u00e6veraas&#8217; grundige dokumentasjon gir et unikt innblikk i livet i et okkupert Norge, og i hvilket avtrykk Wehrmacht-soldatene satte i landet &#8211; b\u00e5de i naturen, i befolkningen og i samfunnet.<\/p>\n","protected":false},"excerpt":{"rendered":"<p>Norge var det tyskokkuperte landet med flest soldater per innbygger under den andre verdenskrig. Bev\u00e6pnede, tyske soldater utgjorde til tider opp mot en femtedel av landets befolkning. De mer enn 350 000 soldatenes tilstedev\u00e6relse preget hverdagen til innbyggere i hele Norge, i by og land. Hvem var de? Og hvorfor har ingen skrevet deres historie? [&hellip;]<\/p>\n","protected":false},"featured_media":27858,"template":"","meta":{"_acf_changed":false,"inline_featured_image":false},"product_brand":[],"product_cat":[23],"product_tag":[407,405,362,439,401],"class_list":{"0":"post-22704","1":"product","2":"type-product","3":"status-publish","4":"has-post-thumbnail","6":"product_cat-historie","7":"product_tag-1939-1945","8":"product_tag-andre-verdenskrig","9":"product_tag-faglitteratur","10":"product_tag-nord-norge","11":"product_tag-soldater","12":"pa_format-innbundet","14":"first","15":"outofstock","16":"shipping-taxable","17":"purchasable","18":"product-type-simple"},"acf":{"anmeldelse":null},"yoast_head":"<!-- This site is optimized with the Yoast SEO plugin v26.6 - https:\/\/yoast.com\/wordpress\/plugins\/seo\/ -->\n<title>Wehrmacht i Norge - Pax<\/title>\n<meta name=\"robots\" content=\"noindex, follow, max-snippet:-1, max-image-preview:large, max-video-preview:-1\" \/>\n<meta property=\"og:locale\" content=\"nb_NO\" \/>\n<meta property=\"og:type\" content=\"article\" \/>\n<meta property=\"og:title\" content=\"Wehrmacht i Norge - Pax\" \/>\n<meta property=\"og:description\" content=\"Norge var det tyskokkuperte landet med flest soldater per innbygger under den andre verdenskrig. Bev\u00e6pnede, tyske soldater utgjorde til tider opp mot en femtedel av landets befolkning. De mer enn 350 000 soldatenes tilstedev\u00e6relse preget hverdagen til innbyggere i hele Norge, i by og land. Hvem var de? Og hvorfor har ingen skrevet deres historie? [&hellip;]\" \/>\n<meta property=\"og:url\" content=\"https:\/\/staging.forenteforlag.no\/pax\/produkt\/wehrmacht-i-norge\/\" \/>\n<meta property=\"og:site_name\" content=\"Pax\" \/>\n<meta property=\"article:modified_time\" content=\"2025-08-27T05:37:37+00:00\" \/>\n<meta property=\"og:image\" content=\"https:\/\/staging.forenteforlag.no\/pax\/wp-content\/uploads\/sites\/5\/2025\/08\/jpg-5264-scaled-1-scaled.jpg\" \/>\n\t<meta property=\"og:image:width\" content=\"1364\" \/>\n\t<meta property=\"og:image:height\" content=\"1920\" \/>\n\t<meta property=\"og:image:type\" content=\"image\/jpeg\" \/>\n<meta name=\"twitter:card\" content=\"summary_large_image\" \/>\n<meta name=\"twitter:label1\" content=\"Ansl. lesetid\" \/>\n\t<meta name=\"twitter:data1\" content=\"1 minutt\" \/>\n<script type=\"application\/ld+json\" class=\"yoast-schema-graph\">{\"@context\":\"https:\/\/schema.org\",\"@graph\":[{\"@type\":\"WebPage\",\"@id\":\"https:\/\/staging.forenteforlag.no\/pax\/produkt\/wehrmacht-i-norge\/\",\"url\":\"https:\/\/staging.forenteforlag.no\/pax\/produkt\/wehrmacht-i-norge\/\",\"name\":\"Wehrmacht i Norge - Pax\",\"isPartOf\":{\"@id\":\"https:\/\/staging.forenteforlag.no\/pax\/#website\"},\"primaryImageOfPage\":{\"@id\":\"https:\/\/staging.forenteforlag.no\/pax\/produkt\/wehrmacht-i-norge\/#primaryimage\"},\"image\":{\"@id\":\"https:\/\/staging.forenteforlag.no\/pax\/produkt\/wehrmacht-i-norge\/#primaryimage\"},\"thumbnailUrl\":\"https:\/\/staging.forenteforlag.no\/pax\/wp-content\/uploads\/sites\/5\/2025\/08\/jpg-5264-scaled-1-scaled.jpg\",\"datePublished\":\"2021-04-08T00:00:00+00:00\",\"dateModified\":\"2025-08-27T05:37:37+00:00\",\"breadcrumb\":{\"@id\":\"https:\/\/staging.forenteforlag.no\/pax\/produkt\/wehrmacht-i-norge\/#breadcrumb\"},\"inLanguage\":\"nb-NO\",\"potentialAction\":[{\"@type\":\"ReadAction\",\"target\":[\"https:\/\/staging.forenteforlag.no\/pax\/produkt\/wehrmacht-i-norge\/\"]}]},{\"@type\":\"ImageObject\",\"inLanguage\":\"nb-NO\",\"@id\":\"https:\/\/staging.forenteforlag.no\/pax\/produkt\/wehrmacht-i-norge\/#primaryimage\",\"url\":\"https:\/\/staging.forenteforlag.no\/pax\/wp-content\/uploads\/sites\/5\/2025\/08\/jpg-5264-scaled-1-scaled.jpg\",\"contentUrl\":\"https:\/\/staging.forenteforlag.no\/pax\/wp-content\/uploads\/sites\/5\/2025\/08\/jpg-5264-scaled-1-scaled.jpg\",\"width\":1364,\"height\":1920},{\"@type\":\"BreadcrumbList\",\"@id\":\"https:\/\/staging.forenteforlag.no\/pax\/produkt\/wehrmacht-i-norge\/#breadcrumb\",\"itemListElement\":[{\"@type\":\"ListItem\",\"position\":1,\"name\":\"Hjem\",\"item\":\"https:\/\/staging.forenteforlag.no\/pax\/\"},{\"@type\":\"ListItem\",\"position\":2,\"name\":\"Alle b\u00f8ker\",\"item\":\"https:\/\/staging.forenteforlag.no\/pax\/butikk\/\"},{\"@type\":\"ListItem\",\"position\":3,\"name\":\"Wehrmacht i Norge\"}]},{\"@type\":\"WebSite\",\"@id\":\"https:\/\/staging.forenteforlag.no\/pax\/#website\",\"url\":\"https:\/\/staging.forenteforlag.no\/pax\/\",\"name\":\"Pax\",\"description\":\"\",\"potentialAction\":[{\"@type\":\"SearchAction\",\"target\":{\"@type\":\"EntryPoint\",\"urlTemplate\":\"https:\/\/staging.forenteforlag.no\/pax\/?s={search_term_string}\"},\"query-input\":{\"@type\":\"PropertyValueSpecification\",\"valueRequired\":true,\"valueName\":\"search_term_string\"}}],\"inLanguage\":\"nb-NO\"}]}<\/script>\n<!-- \/ Yoast SEO plugin. -->","yoast_head_json":{"title":"Wehrmacht i Norge - Pax","robots":{"index":"noindex","follow":"follow","max-snippet":"max-snippet:-1","max-image-preview":"max-image-preview:large","max-video-preview":"max-video-preview:-1"},"og_locale":"nb_NO","og_type":"article","og_title":"Wehrmacht i Norge - Pax","og_description":"Norge var det tyskokkuperte landet med flest soldater per innbygger under den andre verdenskrig. Bev\u00e6pnede, tyske soldater utgjorde til tider opp mot en femtedel av landets befolkning. De mer enn 350 000 soldatenes tilstedev\u00e6relse preget hverdagen til innbyggere i hele Norge, i by og land. Hvem var de? Og hvorfor har ingen skrevet deres historie? [&hellip;]","og_url":"https:\/\/staging.forenteforlag.no\/pax\/produkt\/wehrmacht-i-norge\/","og_site_name":"Pax","article_modified_time":"2025-08-27T05:37:37+00:00","og_image":[{"width":1364,"height":1920,"url":"https:\/\/staging.forenteforlag.no\/pax\/wp-content\/uploads\/sites\/5\/2025\/08\/jpg-5264-scaled-1-scaled.jpg","type":"image\/jpeg"}],"twitter_card":"summary_large_image","twitter_misc":{"Ansl. lesetid":"1 minutt"},"schema":{"@context":"https:\/\/schema.org","@graph":[{"@type":"WebPage","@id":"https:\/\/staging.forenteforlag.no\/pax\/produkt\/wehrmacht-i-norge\/","url":"https:\/\/staging.forenteforlag.no\/pax\/produkt\/wehrmacht-i-norge\/","name":"Wehrmacht i Norge - Pax","isPartOf":{"@id":"https:\/\/staging.forenteforlag.no\/pax\/#website"},"primaryImageOfPage":{"@id":"https:\/\/staging.forenteforlag.no\/pax\/produkt\/wehrmacht-i-norge\/#primaryimage"},"image":{"@id":"https:\/\/staging.forenteforlag.no\/pax\/produkt\/wehrmacht-i-norge\/#primaryimage"},"thumbnailUrl":"https:\/\/staging.forenteforlag.no\/pax\/wp-content\/uploads\/sites\/5\/2025\/08\/jpg-5264-scaled-1-scaled.jpg","datePublished":"2021-04-08T00:00:00+00:00","dateModified":"2025-08-27T05:37:37+00:00","breadcrumb":{"@id":"https:\/\/staging.forenteforlag.no\/pax\/produkt\/wehrmacht-i-norge\/#breadcrumb"},"inLanguage":"nb-NO","potentialAction":[{"@type":"ReadAction","target":["https:\/\/staging.forenteforlag.no\/pax\/produkt\/wehrmacht-i-norge\/"]}]},{"@type":"ImageObject","inLanguage":"nb-NO","@id":"https:\/\/staging.forenteforlag.no\/pax\/produkt\/wehrmacht-i-norge\/#primaryimage","url":"https:\/\/staging.forenteforlag.no\/pax\/wp-content\/uploads\/sites\/5\/2025\/08\/jpg-5264-scaled-1-scaled.jpg","contentUrl":"https:\/\/staging.forenteforlag.no\/pax\/wp-content\/uploads\/sites\/5\/2025\/08\/jpg-5264-scaled-1-scaled.jpg","width":1364,"height":1920},{"@type":"BreadcrumbList","@id":"https:\/\/staging.forenteforlag.no\/pax\/produkt\/wehrmacht-i-norge\/#breadcrumb","itemListElement":[{"@type":"ListItem","position":1,"name":"Hjem","item":"https:\/\/staging.forenteforlag.no\/pax\/"},{"@type":"ListItem","position":2,"name":"Alle b\u00f8ker","item":"https:\/\/staging.forenteforlag.no\/pax\/butikk\/"},{"@type":"ListItem","position":3,"name":"Wehrmacht i Norge"}]},{"@type":"WebSite","@id":"https:\/\/staging.forenteforlag.no\/pax\/#website","url":"https:\/\/staging.forenteforlag.no\/pax\/","name":"Pax","description":"","potentialAction":[{"@type":"SearchAction","target":{"@type":"EntryPoint","urlTemplate":"https:\/\/staging.forenteforlag.no\/pax\/?s={search_term_string}"},"query-input":{"@type":"PropertyValueSpecification","valueRequired":true,"valueName":"search_term_string"}}],"inLanguage":"nb-NO"}]}},"_links":{"self":[{"href":"https:\/\/staging.forenteforlag.no\/pax\/wp-json\/wp\/v2\/product\/22704","targetHints":{"allow":["GET"]}}],"collection":[{"href":"https:\/\/staging.forenteforlag.no\/pax\/wp-json\/wp\/v2\/product"}],"about":[{"href":"https:\/\/staging.forenteforlag.no\/pax\/wp-json\/wp\/v2\/types\/product"}],"wp:featuredmedia":[{"embeddable":true,"href":"https:\/\/staging.forenteforlag.no\/pax\/wp-json\/wp\/v2\/media\/27858"}],"wp:attachment":[{"href":"https:\/\/staging.forenteforlag.no\/pax\/wp-json\/wp\/v2\/media?parent=22704"}],"wp:term":[{"taxonomy":"product_brand","embeddable":true,"href":"https:\/\/staging.forenteforlag.no\/pax\/wp-json\/wp\/v2\/product_brand?post=22704"},{"taxonomy":"product_cat","embeddable":true,"href":"https:\/\/staging.forenteforlag.no\/pax\/wp-json\/wp\/v2\/product_cat?post=22704"},{"taxonomy":"product_tag","embeddable":true,"href":"https:\/\/staging.forenteforlag.no\/pax\/wp-json\/wp\/v2\/product_tag?post=22704"}],"curies":[{"name":"wp","href":"https:\/\/api.w.org\/{rel}","templated":true}]}}

<p>Norge var det tyskokkuperte landet med flest soldater per innbygger under den andre verdenskrig. Bevæpnede, tyske soldater utgjorde til tider opp mot en femtedel av landets befolkning. De mer enn 350 000 soldatenes tilstedeværelse preget hverdagen til innbyggere i hele Norge, i by og land. Hvem var de? Og hvorfor har ingen skrevet deres historie?  </p>
<p>De tyske Wehrmacht-soldatene satte utallige spor i nordmennenes liv &#8211; mange av dem traumatiske, andre tabubelagte, atter andre tause og ufortalte. I denne boken vil forfatter og historiker Torgeir E. Sæveraas gi en utfyllende fortelling om de tyske soldatenes liv i Norge, og hvilke strategiske hensyn som krevde så mange soldater her i landet.  </p>
<p>Adolf Hitler mente at Norge ville være «krigens skjebnesone», hvor avgjørende slag ville stå. Basert på offisielle dokumenter og brev som soldatene skrev hjem, og mengder av hittil ubenyttede kilder, beskriver Sæveraas soldatenes egen oppfatning av krigen, av landet, av savnet av familien &#8211; og om deres ideologiske overbevisning om at Hitler-Tyskland ville seire. Sæveraas&#8217; grundige dokumentasjon gir et unikt innblikk i livet i et okkupert Norge, og i hvilket avtrykk Wehrmacht-soldatene satte i landet &#8211; både i naturen, i befolkningen og i samfunnet.</p>

<p>Norge var det tyskokkuperte landet med flest soldater per innbygger under den andre verdenskrig. Bevæpnede, tyske soldater utgjorde til tider opp mot en femtedel av landets befolkning. De mer enn 350 000 soldatenes tilstedeværelse preget hverdagen til innbyggere i hele Norge, i by og land. Hvem var de? Og hvorfor har ingen skrevet deres historie? [&hellip;]</p>

<!-- This site is optimized with the Yoast SEO plugin v26.6 - https://yoast.com/wordpress/plugins/seo/ -->
<title>Wehrmacht i Norge - Pax</title>
<meta name="robots" content="noindex, follow, max-snippet:-1, max-image-preview:large, max-video-preview:-1" />
<meta property="og:locale" content="nb_NO" />
<meta property="og:type" content="article" />
<meta property="og:title" content="Wehrmacht i Norge - Pax" />
<meta property="og:description" content="Norge var det tyskokkuperte landet med flest soldater per innbygger under den andre verdenskrig. Bevæpnede, tyske soldater utgjorde til tider opp mot en femtedel av landets befolkning. De mer enn 350 000 soldatenes tilstedeværelse preget hverdagen til innbyggere i hele Norge, i by og land. Hvem var de? Og hvorfor har ingen skrevet deres historie? [&hellip;]" />
<meta property="og:url" content="https://staging.forenteforlag.no/pax/produkt/wehrmacht-i-norge/" />
<meta property="og:site_name" content="Pax" />
<meta property="article:modified_time" content="2025-08-27T05:37:37+00:00" />
<meta property="og:image" content="https://staging.forenteforlag.no/pax/wp-content/uploads/sites/5/2025/08/jpg-5264-scaled-1-scaled.jpg" />
	<meta property="og:image:width" content="1364" />
	<meta property="og:image:height" content="1920" />
	<meta property="og:image:type" content="image/jpeg" />
<meta name="twitter:card" content="summary_large_image" />
<meta name="twitter:label1" content="Ansl. lesetid" />
	<meta name="twitter:data1" content="1 minutt" />
<script type="application/ld+json" class="yoast-schema-graph">{"@context":"https://schema.org","@graph":[{"@type":"WebPage","@id":"https://staging.forenteforlag.no/pax/produkt/wehrmacht-i-norge/","url":"https://staging.forenteforlag.no/pax/produkt/wehrmacht-i-norge/","name":"Wehrmacht i Norge - Pax","isPartOf":{"@id":"https://staging.forenteforlag.no/pax/#website"},"primaryImageOfPage":{"@id":"https://staging.forenteforlag.no/pax/produkt/wehrmacht-i-norge/#primaryimage"},"image":{"@id":"https://staging.forenteforlag.no/pax/produkt/wehrmacht-i-norge/#primaryimage"},"thumbnailUrl":"https://staging.forenteforlag.no/pax/wp-content/uploads/sites/5/2025/08/jpg-5264-scaled-1-scaled.jpg","datePublished":"2021-04-08T00:00:00+00:00","dateModified":"2025-08-27T05:37:37+00:00","breadcrumb":{"@id":"https://staging.forenteforlag.no/pax/produkt/wehrmacht-i-norge/#breadcrumb"},"inLanguage":"nb-NO","potentialAction":[{"@type":"ReadAction","target":["https://staging.forenteforlag.no/pax/produkt/wehrmacht-i-norge/"]}]},{"@type":"ImageObject","inLanguage":"nb-NO","@id":"https://staging.forenteforlag.no/pax/produkt/wehrmacht-i-norge/#primaryimage","url":"https://staging.forenteforlag.no/pax/wp-content/uploads/sites/5/2025/08/jpg-5264-scaled-1-scaled.jpg","contentUrl":"https://staging.forenteforlag.no/pax/wp-content/uploads/sites/5/2025/08/jpg-5264-scaled-1-scaled.jpg","width":1364,"height":1920},{"@type":"BreadcrumbList","@id":"https://staging.forenteforlag.no/pax/produkt/wehrmacht-i-norge/#breadcrumb","itemListElement":[{"@type":"ListItem","position":1,"name":"Hjem","item":"https://staging.forenteforlag.no/pax/"},{"@type":"ListItem","position":2,"name":"Alle bøker","item":"https://staging.forenteforlag.no/pax/butikk/"},{"@type":"ListItem","position":3,"name":"Wehrmacht i Norge"}]},{"@type":"WebSite","@id":"https://staging.forenteforlag.no/pax/#website","url":"https://staging.forenteforlag.no/pax/","name":"Pax","description":"","potentialAction":[{"@type":"SearchAction","target":{"@type":"EntryPoint","urlTemplate":"https://staging.forenteforlag.no/pax/?s={search_term_string}"},"query-input":{"@type":"PropertyValueSpecification","valueRequired":true,"valueName":"search_term_string"}}],"inLanguage":"nb-NO"}]}</script>
<!-- / Yoast SEO plugin. -->

Norge var det tyskokkuperte landet med flest soldater per innbygger under den andre verdenskrig. Bevæpnede, tyske soldater utgjorde til tider opp mot en femtedel av landets befolkning. De mer enn 350 000 soldatenes tilstedeværelse preget hverdagen til innbyggere i hele Norge, i by og land. Hvem var de? Og hvorfor har ingen skrevet deres historie? [&hellip;]

Alle bøker
