{"id":22695,"date":"2013-02-11T01:00:00","date_gmt":"2013-02-11T00:00:00","guid":{"rendered":"https:\/\/pax.forenteforlag.no\/produkt\/mississippi\/"},"modified":"2026-03-03T22:29:13","modified_gmt":"2026-03-03T21:29:13","slug":"mississippi","status":"publish","type":"product","link":"https:\/\/staging.forenteforlag.no\/pax\/produkt\/mississippi\/","title":{"rendered":"Mississippi"},"content":{"rendered":"<p>MISSISSIPPI, 1946. Byjenta Laura McAllan flytter med ektemannen Henry og de to sm\u00e5 d\u00f8trene deres til en avsides plantasje i Mississippi-deltaet. Henry elsker jorda, men Laura sliter med \u00e5 finne seg til rette p\u00e5 landet og med sin hatefulle svigerfar. Da Henrys bror Jamie og den svarte forpakters\u00f8nnen Ronsel vender hjem fra krigen, endrer livet seg. I Jamie finner Laura en som ser henne, en som forst\u00e5r. Ogs\u00e5 Ronsel finner en venn i Jamie. Men i et lokalsamfunn preget av dyp rasisme er det vanskelig \u00e5 v\u00e6re forsiktig nok. Snart tr\u00e5r Ku Klux Klan ut av skyggene.   Mississippi er en uhyre sterk og gripende roman om forbudt kj\u00e6rlighet, vennskap og hat i et S\u00f8rstatene forut for Barnepiken og Bienes hemmelige liv.   Hillary Jordan vokste opp i Texas og Oklahoma og jobbet som tekstforfatter inntil hun debuterte med Mississippi. Romanen har vunnet flere priserog er for tiden under utgivelse i \u00e5tte land.<\/p>\n","protected":false},"excerpt":{"rendered":"<p>MISSISSIPPI, 1946. Byjenta Laura McAllan flytter med ektemannen Henry og de to sm\u00e5 d\u00f8trene deres til en avsides plantasje i Mississippi-deltaet. Henry elsker jorda, men Laura sliter med \u00e5 finne seg til rette p\u00e5 landet og med sin hatefulle svigerfar. Da Henrys bror Jamie og den svarte forpakters\u00f8nnen Ronsel vender hjem fra krigen, endrer livet [&hellip;]<\/p>\n","protected":false},"featured_media":27821,"template":"","meta":{"_acf_changed":false,"inline_featured_image":false},"product_brand":[],"product_cat":[1782],"product_tag":[370],"class_list":{"0":"post-22695","1":"product","2":"type-product","3":"status-publish","4":"has-post-thumbnail","6":"product_cat-fripris","7":"product_tag-skjonnlitteratur","9":"first","10":"outofstock","11":"shipping-taxable","12":"purchasable","13":"product-type-simple"},"acf":{"anmeldelse":null},"yoast_head":"<!-- This site is optimized with the Yoast SEO plugin v26.6 - https:\/\/yoast.com\/wordpress\/plugins\/seo\/ -->\n<title>Mississippi - Pax<\/title>\n<meta name=\"robots\" content=\"noindex, follow, max-snippet:-1, max-image-preview:large, max-video-preview:-1\" \/>\n<meta property=\"og:locale\" content=\"nb_NO\" \/>\n<meta property=\"og:type\" content=\"article\" \/>\n<meta property=\"og:title\" content=\"Mississippi - Pax\" \/>\n<meta property=\"og:description\" content=\"MISSISSIPPI, 1946. Byjenta Laura McAllan flytter med ektemannen Henry og de to sm\u00e5 d\u00f8trene deres til en avsides plantasje i Mississippi-deltaet. Henry elsker jorda, men Laura sliter med \u00e5 finne seg til rette p\u00e5 landet og med sin hatefulle svigerfar. Da Henrys bror Jamie og den svarte forpakters\u00f8nnen Ronsel vender hjem fra krigen, endrer livet [&hellip;]\" \/>\n<meta property=\"og:url\" content=\"https:\/\/staging.forenteforlag.no\/pax\/produkt\/mississippi\/\" \/>\n<meta property=\"og:site_name\" content=\"Pax\" \/>\n<meta property=\"article:modified_time\" content=\"2026-03-03T21:29:13+00:00\" \/>\n<meta property=\"og:image\" content=\"https:\/\/staging.forenteforlag.no\/pax\/wp-content\/uploads\/sites\/5\/2025\/08\/jpg-5169.jpg\" \/>\n\t<meta property=\"og:image:width\" content=\"277\" \/>\n\t<meta property=\"og:image:height\" content=\"450\" \/>\n\t<meta property=\"og:image:type\" content=\"image\/jpeg\" \/>\n<meta name=\"twitter:card\" content=\"summary_large_image\" \/>\n<meta name=\"twitter:label1\" content=\"Ansl. lesetid\" \/>\n\t<meta name=\"twitter:data1\" content=\"1 minutt\" \/>\n<script type=\"application\/ld+json\" class=\"yoast-schema-graph\">{\"@context\":\"https:\/\/schema.org\",\"@graph\":[{\"@type\":\"WebPage\",\"@id\":\"https:\/\/staging.forenteforlag.no\/pax\/produkt\/mississippi\/\",\"url\":\"https:\/\/staging.forenteforlag.no\/pax\/produkt\/mississippi\/\",\"name\":\"Mississippi - Pax\",\"isPartOf\":{\"@id\":\"https:\/\/staging.forenteforlag.no\/pax\/#website\"},\"primaryImageOfPage\":{\"@id\":\"https:\/\/staging.forenteforlag.no\/pax\/produkt\/mississippi\/#primaryimage\"},\"image\":{\"@id\":\"https:\/\/staging.forenteforlag.no\/pax\/produkt\/mississippi\/#primaryimage\"},\"thumbnailUrl\":\"https:\/\/staging.forenteforlag.no\/pax\/wp-content\/uploads\/sites\/5\/2025\/08\/jpg-5169.jpg\",\"datePublished\":\"2013-02-11T00:00:00+00:00\",\"dateModified\":\"2026-03-03T21:29:13+00:00\",\"breadcrumb\":{\"@id\":\"https:\/\/staging.forenteforlag.no\/pax\/produkt\/mississippi\/#breadcrumb\"},\"inLanguage\":\"nb-NO\",\"potentialAction\":[{\"@type\":\"ReadAction\",\"target\":[\"https:\/\/staging.forenteforlag.no\/pax\/produkt\/mississippi\/\"]}]},{\"@type\":\"ImageObject\",\"inLanguage\":\"nb-NO\",\"@id\":\"https:\/\/staging.forenteforlag.no\/pax\/produkt\/mississippi\/#primaryimage\",\"url\":\"https:\/\/staging.forenteforlag.no\/pax\/wp-content\/uploads\/sites\/5\/2025\/08\/jpg-5169.jpg\",\"contentUrl\":\"https:\/\/staging.forenteforlag.no\/pax\/wp-content\/uploads\/sites\/5\/2025\/08\/jpg-5169.jpg\",\"width\":277,\"height\":450},{\"@type\":\"BreadcrumbList\",\"@id\":\"https:\/\/staging.forenteforlag.no\/pax\/produkt\/mississippi\/#breadcrumb\",\"itemListElement\":[{\"@type\":\"ListItem\",\"position\":1,\"name\":\"Hjem\",\"item\":\"https:\/\/staging.forenteforlag.no\/pax\/\"},{\"@type\":\"ListItem\",\"position\":2,\"name\":\"Alle b\u00f8ker\",\"item\":\"https:\/\/staging.forenteforlag.no\/pax\/butikk\/\"},{\"@type\":\"ListItem\",\"position\":3,\"name\":\"Mississippi\"}]},{\"@type\":\"WebSite\",\"@id\":\"https:\/\/staging.forenteforlag.no\/pax\/#website\",\"url\":\"https:\/\/staging.forenteforlag.no\/pax\/\",\"name\":\"Pax\",\"description\":\"\",\"potentialAction\":[{\"@type\":\"SearchAction\",\"target\":{\"@type\":\"EntryPoint\",\"urlTemplate\":\"https:\/\/staging.forenteforlag.no\/pax\/?s={search_term_string}\"},\"query-input\":{\"@type\":\"PropertyValueSpecification\",\"valueRequired\":true,\"valueName\":\"search_term_string\"}}],\"inLanguage\":\"nb-NO\"}]}<\/script>\n<!-- \/ Yoast SEO plugin. -->","yoast_head_json":{"title":"Mississippi - Pax","robots":{"index":"noindex","follow":"follow","max-snippet":"max-snippet:-1","max-image-preview":"max-image-preview:large","max-video-preview":"max-video-preview:-1"},"og_locale":"nb_NO","og_type":"article","og_title":"Mississippi - Pax","og_description":"MISSISSIPPI, 1946. Byjenta Laura McAllan flytter med ektemannen Henry og de to sm\u00e5 d\u00f8trene deres til en avsides plantasje i Mississippi-deltaet. Henry elsker jorda, men Laura sliter med \u00e5 finne seg til rette p\u00e5 landet og med sin hatefulle svigerfar. Da Henrys bror Jamie og den svarte forpakters\u00f8nnen Ronsel vender hjem fra krigen, endrer livet [&hellip;]","og_url":"https:\/\/staging.forenteforlag.no\/pax\/produkt\/mississippi\/","og_site_name":"Pax","article_modified_time":"2026-03-03T21:29:13+00:00","og_image":[{"width":277,"height":450,"url":"https:\/\/staging.forenteforlag.no\/pax\/wp-content\/uploads\/sites\/5\/2025\/08\/jpg-5169.jpg","type":"image\/jpeg"}],"twitter_card":"summary_large_image","twitter_misc":{"Ansl. lesetid":"1 minutt"},"schema":{"@context":"https:\/\/schema.org","@graph":[{"@type":"WebPage","@id":"https:\/\/staging.forenteforlag.no\/pax\/produkt\/mississippi\/","url":"https:\/\/staging.forenteforlag.no\/pax\/produkt\/mississippi\/","name":"Mississippi - Pax","isPartOf":{"@id":"https:\/\/staging.forenteforlag.no\/pax\/#website"},"primaryImageOfPage":{"@id":"https:\/\/staging.forenteforlag.no\/pax\/produkt\/mississippi\/#primaryimage"},"image":{"@id":"https:\/\/staging.forenteforlag.no\/pax\/produkt\/mississippi\/#primaryimage"},"thumbnailUrl":"https:\/\/staging.forenteforlag.no\/pax\/wp-content\/uploads\/sites\/5\/2025\/08\/jpg-5169.jpg","datePublished":"2013-02-11T00:00:00+00:00","dateModified":"2026-03-03T21:29:13+00:00","breadcrumb":{"@id":"https:\/\/staging.forenteforlag.no\/pax\/produkt\/mississippi\/#breadcrumb"},"inLanguage":"nb-NO","potentialAction":[{"@type":"ReadAction","target":["https:\/\/staging.forenteforlag.no\/pax\/produkt\/mississippi\/"]}]},{"@type":"ImageObject","inLanguage":"nb-NO","@id":"https:\/\/staging.forenteforlag.no\/pax\/produkt\/mississippi\/#primaryimage","url":"https:\/\/staging.forenteforlag.no\/pax\/wp-content\/uploads\/sites\/5\/2025\/08\/jpg-5169.jpg","contentUrl":"https:\/\/staging.forenteforlag.no\/pax\/wp-content\/uploads\/sites\/5\/2025\/08\/jpg-5169.jpg","width":277,"height":450},{"@type":"BreadcrumbList","@id":"https:\/\/staging.forenteforlag.no\/pax\/produkt\/mississippi\/#breadcrumb","itemListElement":[{"@type":"ListItem","position":1,"name":"Hjem","item":"https:\/\/staging.forenteforlag.no\/pax\/"},{"@type":"ListItem","position":2,"name":"Alle b\u00f8ker","item":"https:\/\/staging.forenteforlag.no\/pax\/butikk\/"},{"@type":"ListItem","position":3,"name":"Mississippi"}]},{"@type":"WebSite","@id":"https:\/\/staging.forenteforlag.no\/pax\/#website","url":"https:\/\/staging.forenteforlag.no\/pax\/","name":"Pax","description":"","potentialAction":[{"@type":"SearchAction","target":{"@type":"EntryPoint","urlTemplate":"https:\/\/staging.forenteforlag.no\/pax\/?s={search_term_string}"},"query-input":{"@type":"PropertyValueSpecification","valueRequired":true,"valueName":"search_term_string"}}],"inLanguage":"nb-NO"}]}},"_links":{"self":[{"href":"https:\/\/staging.forenteforlag.no\/pax\/wp-json\/wp\/v2\/product\/22695","targetHints":{"allow":["GET"]}}],"collection":[{"href":"https:\/\/staging.forenteforlag.no\/pax\/wp-json\/wp\/v2\/product"}],"about":[{"href":"https:\/\/staging.forenteforlag.no\/pax\/wp-json\/wp\/v2\/types\/product"}],"wp:featuredmedia":[{"embeddable":true,"href":"https:\/\/staging.forenteforlag.no\/pax\/wp-json\/wp\/v2\/media\/27821"}],"wp:attachment":[{"href":"https:\/\/staging.forenteforlag.no\/pax\/wp-json\/wp\/v2\/media?parent=22695"}],"wp:term":[{"taxonomy":"product_brand","embeddable":true,"href":"https:\/\/staging.forenteforlag.no\/pax\/wp-json\/wp\/v2\/product_brand?post=22695"},{"taxonomy":"product_cat","embeddable":true,"href":"https:\/\/staging.forenteforlag.no\/pax\/wp-json\/wp\/v2\/product_cat?post=22695"},{"taxonomy":"product_tag","embeddable":true,"href":"https:\/\/staging.forenteforlag.no\/pax\/wp-json\/wp\/v2\/product_tag?post=22695"}],"curies":[{"name":"wp","href":"https:\/\/api.w.org\/{rel}","templated":true}]}}