{"id":22683,"date":"2008-10-21T02:00:00","date_gmt":"2008-10-21T00:00:00","guid":{"rendered":"https:\/\/pax.forenteforlag.no\/produkt\/afghanistan-og-taliban\/"},"modified":"2025-08-27T07:40:58","modified_gmt":"2025-08-27T05:40:58","slug":"afghanistan-og-taliban","status":"publish","type":"product","link":"https:\/\/staging.forenteforlag.no\/pax\/produkt\/afghanistan-og-taliban\/","title":{"rendered":"Afghanistan og Taliban"},"content":{"rendered":"<p>Hvordan og hvorfor oppsto Taliban-bevelsen i Afhanistan? Hvorfor ble Al Qaida og Bin Ladens innflytelse s\u00e5 stor? For at Norge og det internasjonale samfunnet skal kunne hjelpe Afghanistan i deres kamp mot Taliban og Al Qaida, er det avgj\u00f8rende \u00e5 forst\u00e5 hva slags samfunn dette er. Ut fra sin inng\u00e5ende kjennskap til befolkningen i Afghanistan, tegner Fredrik Barth opp de siste ti\u00e5renes politiske utvikling, den afghanske befolkningens kultur og verdier, og deres bilde av seg selv og det internasjonale samfunnet. Valget st\u00e5r ikke mellom &laquo;flere soldater til Afghanistan&raquo; eller &laquo;hent troppene hjem&raquo;. Ut fra kunnskap om den befolkningen det faktisk gjelder, m\u00e5 vi utforme en ny strategi som kan bidra til sikkerhet, demokrati og \u00f8konomisk utvikling for den afghanske befolkningen, samtidig som den tjener internasjonale interesser for fred.<\/p>\n","protected":false},"excerpt":{"rendered":"<p>Hvordan og hvorfor oppsto Taliban-bevelsen i Afhanistan? Hvorfor ble Al Qaida og Bin Ladens innflytelse s\u00e5 stor? For at Norge og det internasjonale samfunnet skal kunne hjelpe Afghanistan i deres kamp mot Taliban og Al Qaida, er det avgj\u00f8rende \u00e5 forst\u00e5 hva slags samfunn dette er. Ut fra sin inng\u00e5ende kjennskap til befolkningen i Afghanistan, [&hellip;]<\/p>\n","protected":false},"featured_media":27876,"template":"","meta":{"_acf_changed":false,"inline_featured_image":false},"product_brand":[],"product_cat":[32],"product_tag":[592,836,362,889,549],"class_list":{"0":"post-22683","1":"product","2":"type-product","3":"status-publish","4":"has-post-thumbnail","6":"product_cat-samfunn-og-politikk","7":"product_tag-afghanistan","8":"product_tag-diktatur","9":"product_tag-faglitteratur","10":"product_tag-islam","11":"product_tag-terrorisme","12":"pa_format-innbundet","14":"first","15":"outofstock","16":"shipping-taxable","17":"purchasable","18":"product-type-simple"},"acf":{"anmeldelse":null},"yoast_head":"<!-- This site is optimized with the Yoast SEO plugin v26.6 - https:\/\/yoast.com\/wordpress\/plugins\/seo\/ -->\n<title>Afghanistan og Taliban - Pax<\/title>\n<meta name=\"robots\" content=\"noindex, follow, max-snippet:-1, max-image-preview:large, max-video-preview:-1\" \/>\n<meta property=\"og:locale\" content=\"nb_NO\" \/>\n<meta property=\"og:type\" content=\"article\" \/>\n<meta property=\"og:title\" content=\"Afghanistan og Taliban - Pax\" \/>\n<meta property=\"og:description\" content=\"Hvordan og hvorfor oppsto Taliban-bevelsen i Afhanistan? Hvorfor ble Al Qaida og Bin Ladens innflytelse s\u00e5 stor? For at Norge og det internasjonale samfunnet skal kunne hjelpe Afghanistan i deres kamp mot Taliban og Al Qaida, er det avgj\u00f8rende \u00e5 forst\u00e5 hva slags samfunn dette er. Ut fra sin inng\u00e5ende kjennskap til befolkningen i Afghanistan, [&hellip;]\" \/>\n<meta property=\"og:url\" content=\"https:\/\/staging.forenteforlag.no\/pax\/produkt\/afghanistan-og-taliban\/\" \/>\n<meta property=\"og:site_name\" content=\"Pax\" \/>\n<meta property=\"article:modified_time\" content=\"2025-08-27T05:40:58+00:00\" \/>\n<meta property=\"og:image\" content=\"https:\/\/staging.forenteforlag.no\/pax\/wp-content\/uploads\/sites\/5\/2025\/08\/jpg-5325.jpg\" \/>\n\t<meta property=\"og:image:width\" content=\"283\" \/>\n\t<meta property=\"og:image:height\" content=\"450\" \/>\n\t<meta property=\"og:image:type\" content=\"image\/jpeg\" \/>\n<meta name=\"twitter:card\" content=\"summary_large_image\" \/>\n<meta name=\"twitter:label1\" content=\"Ansl. lesetid\" \/>\n\t<meta name=\"twitter:data1\" content=\"1 minutt\" \/>\n<script type=\"application\/ld+json\" class=\"yoast-schema-graph\">{\"@context\":\"https:\/\/schema.org\",\"@graph\":[{\"@type\":\"WebPage\",\"@id\":\"https:\/\/staging.forenteforlag.no\/pax\/produkt\/afghanistan-og-taliban\/\",\"url\":\"https:\/\/staging.forenteforlag.no\/pax\/produkt\/afghanistan-og-taliban\/\",\"name\":\"Afghanistan og Taliban - Pax\",\"isPartOf\":{\"@id\":\"https:\/\/staging.forenteforlag.no\/pax\/#website\"},\"primaryImageOfPage\":{\"@id\":\"https:\/\/staging.forenteforlag.no\/pax\/produkt\/afghanistan-og-taliban\/#primaryimage\"},\"image\":{\"@id\":\"https:\/\/staging.forenteforlag.no\/pax\/produkt\/afghanistan-og-taliban\/#primaryimage\"},\"thumbnailUrl\":\"https:\/\/staging.forenteforlag.no\/pax\/wp-content\/uploads\/sites\/5\/2025\/08\/jpg-5325.jpg\",\"datePublished\":\"2008-10-21T00:00:00+00:00\",\"dateModified\":\"2025-08-27T05:40:58+00:00\",\"breadcrumb\":{\"@id\":\"https:\/\/staging.forenteforlag.no\/pax\/produkt\/afghanistan-og-taliban\/#breadcrumb\"},\"inLanguage\":\"nb-NO\",\"potentialAction\":[{\"@type\":\"ReadAction\",\"target\":[\"https:\/\/staging.forenteforlag.no\/pax\/produkt\/afghanistan-og-taliban\/\"]}]},{\"@type\":\"ImageObject\",\"inLanguage\":\"nb-NO\",\"@id\":\"https:\/\/staging.forenteforlag.no\/pax\/produkt\/afghanistan-og-taliban\/#primaryimage\",\"url\":\"https:\/\/staging.forenteforlag.no\/pax\/wp-content\/uploads\/sites\/5\/2025\/08\/jpg-5325.jpg\",\"contentUrl\":\"https:\/\/staging.forenteforlag.no\/pax\/wp-content\/uploads\/sites\/5\/2025\/08\/jpg-5325.jpg\",\"width\":283,\"height\":450},{\"@type\":\"BreadcrumbList\",\"@id\":\"https:\/\/staging.forenteforlag.no\/pax\/produkt\/afghanistan-og-taliban\/#breadcrumb\",\"itemListElement\":[{\"@type\":\"ListItem\",\"position\":1,\"name\":\"Hjem\",\"item\":\"https:\/\/staging.forenteforlag.no\/pax\/\"},{\"@type\":\"ListItem\",\"position\":2,\"name\":\"Alle b\u00f8ker\",\"item\":\"https:\/\/staging.forenteforlag.no\/pax\/butikk\/\"},{\"@type\":\"ListItem\",\"position\":3,\"name\":\"Afghanistan og Taliban\"}]},{\"@type\":\"WebSite\",\"@id\":\"https:\/\/staging.forenteforlag.no\/pax\/#website\",\"url\":\"https:\/\/staging.forenteforlag.no\/pax\/\",\"name\":\"Pax\",\"description\":\"\",\"potentialAction\":[{\"@type\":\"SearchAction\",\"target\":{\"@type\":\"EntryPoint\",\"urlTemplate\":\"https:\/\/staging.forenteforlag.no\/pax\/?s={search_term_string}\"},\"query-input\":{\"@type\":\"PropertyValueSpecification\",\"valueRequired\":true,\"valueName\":\"search_term_string\"}}],\"inLanguage\":\"nb-NO\"}]}<\/script>\n<!-- \/ Yoast SEO plugin. -->","yoast_head_json":{"title":"Afghanistan og Taliban - Pax","robots":{"index":"noindex","follow":"follow","max-snippet":"max-snippet:-1","max-image-preview":"max-image-preview:large","max-video-preview":"max-video-preview:-1"},"og_locale":"nb_NO","og_type":"article","og_title":"Afghanistan og Taliban - Pax","og_description":"Hvordan og hvorfor oppsto Taliban-bevelsen i Afhanistan? Hvorfor ble Al Qaida og Bin Ladens innflytelse s\u00e5 stor? For at Norge og det internasjonale samfunnet skal kunne hjelpe Afghanistan i deres kamp mot Taliban og Al Qaida, er det avgj\u00f8rende \u00e5 forst\u00e5 hva slags samfunn dette er. Ut fra sin inng\u00e5ende kjennskap til befolkningen i Afghanistan, [&hellip;]","og_url":"https:\/\/staging.forenteforlag.no\/pax\/produkt\/afghanistan-og-taliban\/","og_site_name":"Pax","article_modified_time":"2025-08-27T05:40:58+00:00","og_image":[{"width":283,"height":450,"url":"https:\/\/staging.forenteforlag.no\/pax\/wp-content\/uploads\/sites\/5\/2025\/08\/jpg-5325.jpg","type":"image\/jpeg"}],"twitter_card":"summary_large_image","twitter_misc":{"Ansl. lesetid":"1 minutt"},"schema":{"@context":"https:\/\/schema.org","@graph":[{"@type":"WebPage","@id":"https:\/\/staging.forenteforlag.no\/pax\/produkt\/afghanistan-og-taliban\/","url":"https:\/\/staging.forenteforlag.no\/pax\/produkt\/afghanistan-og-taliban\/","name":"Afghanistan og Taliban - Pax","isPartOf":{"@id":"https:\/\/staging.forenteforlag.no\/pax\/#website"},"primaryImageOfPage":{"@id":"https:\/\/staging.forenteforlag.no\/pax\/produkt\/afghanistan-og-taliban\/#primaryimage"},"image":{"@id":"https:\/\/staging.forenteforlag.no\/pax\/produkt\/afghanistan-og-taliban\/#primaryimage"},"thumbnailUrl":"https:\/\/staging.forenteforlag.no\/pax\/wp-content\/uploads\/sites\/5\/2025\/08\/jpg-5325.jpg","datePublished":"2008-10-21T00:00:00+00:00","dateModified":"2025-08-27T05:40:58+00:00","breadcrumb":{"@id":"https:\/\/staging.forenteforlag.no\/pax\/produkt\/afghanistan-og-taliban\/#breadcrumb"},"inLanguage":"nb-NO","potentialAction":[{"@type":"ReadAction","target":["https:\/\/staging.forenteforlag.no\/pax\/produkt\/afghanistan-og-taliban\/"]}]},{"@type":"ImageObject","inLanguage":"nb-NO","@id":"https:\/\/staging.forenteforlag.no\/pax\/produkt\/afghanistan-og-taliban\/#primaryimage","url":"https:\/\/staging.forenteforlag.no\/pax\/wp-content\/uploads\/sites\/5\/2025\/08\/jpg-5325.jpg","contentUrl":"https:\/\/staging.forenteforlag.no\/pax\/wp-content\/uploads\/sites\/5\/2025\/08\/jpg-5325.jpg","width":283,"height":450},{"@type":"BreadcrumbList","@id":"https:\/\/staging.forenteforlag.no\/pax\/produkt\/afghanistan-og-taliban\/#breadcrumb","itemListElement":[{"@type":"ListItem","position":1,"name":"Hjem","item":"https:\/\/staging.forenteforlag.no\/pax\/"},{"@type":"ListItem","position":2,"name":"Alle b\u00f8ker","item":"https:\/\/staging.forenteforlag.no\/pax\/butikk\/"},{"@type":"ListItem","position":3,"name":"Afghanistan og Taliban"}]},{"@type":"WebSite","@id":"https:\/\/staging.forenteforlag.no\/pax\/#website","url":"https:\/\/staging.forenteforlag.no\/pax\/","name":"Pax","description":"","potentialAction":[{"@type":"SearchAction","target":{"@type":"EntryPoint","urlTemplate":"https:\/\/staging.forenteforlag.no\/pax\/?s={search_term_string}"},"query-input":{"@type":"PropertyValueSpecification","valueRequired":true,"valueName":"search_term_string"}}],"inLanguage":"nb-NO"}]}},"_links":{"self":[{"href":"https:\/\/staging.forenteforlag.no\/pax\/wp-json\/wp\/v2\/product\/22683","targetHints":{"allow":["GET"]}}],"collection":[{"href":"https:\/\/staging.forenteforlag.no\/pax\/wp-json\/wp\/v2\/product"}],"about":[{"href":"https:\/\/staging.forenteforlag.no\/pax\/wp-json\/wp\/v2\/types\/product"}],"wp:featuredmedia":[{"embeddable":true,"href":"https:\/\/staging.forenteforlag.no\/pax\/wp-json\/wp\/v2\/media\/27876"}],"wp:attachment":[{"href":"https:\/\/staging.forenteforlag.no\/pax\/wp-json\/wp\/v2\/media?parent=22683"}],"wp:term":[{"taxonomy":"product_brand","embeddable":true,"href":"https:\/\/staging.forenteforlag.no\/pax\/wp-json\/wp\/v2\/product_brand?post=22683"},{"taxonomy":"product_cat","embeddable":true,"href":"https:\/\/staging.forenteforlag.no\/pax\/wp-json\/wp\/v2\/product_cat?post=22683"},{"taxonomy":"product_tag","embeddable":true,"href":"https:\/\/staging.forenteforlag.no\/pax\/wp-json\/wp\/v2\/product_tag?post=22683"}],"curies":[{"name":"wp","href":"https:\/\/api.w.org\/{rel}","templated":true}]}}

<p>Hvordan og hvorfor oppsto Taliban-bevelsen i Afhanistan? Hvorfor ble Al Qaida og Bin Ladens innflytelse så stor? For at Norge og det internasjonale samfunnet skal kunne hjelpe Afghanistan i deres kamp mot Taliban og Al Qaida, er det avgjørende å forstå hva slags samfunn dette er. Ut fra sin inngående kjennskap til befolkningen i Afghanistan, tegner Fredrik Barth opp de siste tiårenes politiske utvikling, den afghanske befolkningens kultur og verdier, og deres bilde av seg selv og det internasjonale samfunnet. Valget står ikke mellom &laquo;flere soldater til Afghanistan&raquo; eller &laquo;hent troppene hjem&raquo;. Ut fra kunnskap om den befolkningen det faktisk gjelder, må vi utforme en ny strategi som kan bidra til sikkerhet, demokrati og økonomisk utvikling for den afghanske befolkningen, samtidig som den tjener internasjonale interesser for fred.</p>

<p>Hvordan og hvorfor oppsto Taliban-bevelsen i Afhanistan? Hvorfor ble Al Qaida og Bin Ladens innflytelse så stor? For at Norge og det internasjonale samfunnet skal kunne hjelpe Afghanistan i deres kamp mot Taliban og Al Qaida, er det avgjørende å forstå hva slags samfunn dette er. Ut fra sin inngående kjennskap til befolkningen i Afghanistan, [&hellip;]</p>

<!-- This site is optimized with the Yoast SEO plugin v26.6 - https://yoast.com/wordpress/plugins/seo/ -->
<title>Afghanistan og Taliban - Pax</title>
<meta name="robots" content="noindex, follow, max-snippet:-1, max-image-preview:large, max-video-preview:-1" />
<meta property="og:locale" content="nb_NO" />
<meta property="og:type" content="article" />
<meta property="og:title" content="Afghanistan og Taliban - Pax" />
<meta property="og:description" content="Hvordan og hvorfor oppsto Taliban-bevelsen i Afhanistan? Hvorfor ble Al Qaida og Bin Ladens innflytelse så stor? For at Norge og det internasjonale samfunnet skal kunne hjelpe Afghanistan i deres kamp mot Taliban og Al Qaida, er det avgjørende å forstå hva slags samfunn dette er. Ut fra sin inngående kjennskap til befolkningen i Afghanistan, [&hellip;]" />
<meta property="og:url" content="https://staging.forenteforlag.no/pax/produkt/afghanistan-og-taliban/" />
<meta property="og:site_name" content="Pax" />
<meta property="article:modified_time" content="2025-08-27T05:40:58+00:00" />
<meta property="og:image" content="https://staging.forenteforlag.no/pax/wp-content/uploads/sites/5/2025/08/jpg-5325.jpg" />
	<meta property="og:image:width" content="283" />
	<meta property="og:image:height" content="450" />
	<meta property="og:image:type" content="image/jpeg" />
<meta name="twitter:card" content="summary_large_image" />
<meta name="twitter:label1" content="Ansl. lesetid" />
	<meta name="twitter:data1" content="1 minutt" />
<script type="application/ld+json" class="yoast-schema-graph">{"@context":"https://schema.org","@graph":[{"@type":"WebPage","@id":"https://staging.forenteforlag.no/pax/produkt/afghanistan-og-taliban/","url":"https://staging.forenteforlag.no/pax/produkt/afghanistan-og-taliban/","name":"Afghanistan og Taliban - Pax","isPartOf":{"@id":"https://staging.forenteforlag.no/pax/#website"},"primaryImageOfPage":{"@id":"https://staging.forenteforlag.no/pax/produkt/afghanistan-og-taliban/#primaryimage"},"image":{"@id":"https://staging.forenteforlag.no/pax/produkt/afghanistan-og-taliban/#primaryimage"},"thumbnailUrl":"https://staging.forenteforlag.no/pax/wp-content/uploads/sites/5/2025/08/jpg-5325.jpg","datePublished":"2008-10-21T00:00:00+00:00","dateModified":"2025-08-27T05:40:58+00:00","breadcrumb":{"@id":"https://staging.forenteforlag.no/pax/produkt/afghanistan-og-taliban/#breadcrumb"},"inLanguage":"nb-NO","potentialAction":[{"@type":"ReadAction","target":["https://staging.forenteforlag.no/pax/produkt/afghanistan-og-taliban/"]}]},{"@type":"ImageObject","inLanguage":"nb-NO","@id":"https://staging.forenteforlag.no/pax/produkt/afghanistan-og-taliban/#primaryimage","url":"https://staging.forenteforlag.no/pax/wp-content/uploads/sites/5/2025/08/jpg-5325.jpg","contentUrl":"https://staging.forenteforlag.no/pax/wp-content/uploads/sites/5/2025/08/jpg-5325.jpg","width":283,"height":450},{"@type":"BreadcrumbList","@id":"https://staging.forenteforlag.no/pax/produkt/afghanistan-og-taliban/#breadcrumb","itemListElement":[{"@type":"ListItem","position":1,"name":"Hjem","item":"https://staging.forenteforlag.no/pax/"},{"@type":"ListItem","position":2,"name":"Alle bøker","item":"https://staging.forenteforlag.no/pax/butikk/"},{"@type":"ListItem","position":3,"name":"Afghanistan og Taliban"}]},{"@type":"WebSite","@id":"https://staging.forenteforlag.no/pax/#website","url":"https://staging.forenteforlag.no/pax/","name":"Pax","description":"","potentialAction":[{"@type":"SearchAction","target":{"@type":"EntryPoint","urlTemplate":"https://staging.forenteforlag.no/pax/?s={search_term_string}"},"query-input":{"@type":"PropertyValueSpecification","valueRequired":true,"valueName":"search_term_string"}}],"inLanguage":"nb-NO"}]}</script>
<!-- / Yoast SEO plugin. -->

Hvordan og hvorfor oppsto Taliban-bevelsen i Afhanistan? Hvorfor ble Al Qaida og Bin Ladens innflytelse så stor? For at Norge og det internasjonale samfunnet skal kunne hjelpe Afghanistan i deres kamp mot Taliban og Al Qaida, er det avgjørende å forstå hva slags samfunn dette er. Ut fra sin inngående kjennskap til befolkningen i Afghanistan, [&hellip;]

Alle bøker
