{"id":22513,"date":"2024-12-10T22:16:01","date_gmt":"2024-12-10T21:16:01","guid":{"rendered":"https:\/\/pax.forenteforlag.no\/produkt\/eichmann-i-jerusalem\/"},"modified":"2026-03-04T19:40:41","modified_gmt":"2026-03-04T18:40:41","slug":"eichmann-i-jerusalem","status":"publish","type":"product","link":"https:\/\/staging.forenteforlag.no\/pax\/produkt\/eichmann-i-jerusalem\/","title":{"rendered":"Eichmann i Jerusalem"},"content":{"rendered":"<p>Adolf Eichmann, som administrerte Nazi-Tysklands deportering av j\u00f8der til utryddelsesleirene, sto i 1961 tiltalt for forbrytelser mot det j\u00f8diske folk og mot menneskeheten. Den amerikansk-j\u00f8diske forfatteren og filosofen Hannah Arendt var til stede i Jerusalem som reporter for The New Yorker. Hun dr\u00f8fter Eichmanns skyld, og han skildres som en ny forbrytertype, som er unnskyldt med at under spesielle omstendigheter er det umulig \u00e5 vite om han handler rett. I f\u00f8lge forfatteren kan virkelighetsflukt og mangel p\u00e5 personlig ansvar f\u00e5 uante konsekvenser. Med litteraturliste og register.<\/p>\n","protected":false},"excerpt":{"rendered":"<p>Adolf Eichmann, som administrerte Nazi-Tysklands deportering av j\u00f8der til utryddelsesleirene, sto i 1961 tiltalt for forbrytelser mot det j\u00f8diske folk og mot menneskeheten. Den amerikansk-j\u00f8diske forfatteren og filosofen Hannah Arendt var til stede i Jerusalem som reporter for The New Yorker. Hun dr\u00f8fter Eichmanns skyld, og han skildres som en ny forbrytertype, som er unnskyldt [&hellip;]<\/p>\n","protected":false},"featured_media":0,"template":"","meta":{"_acf_changed":false,"inline_featured_image":false},"product_brand":[],"product_cat":[1782],"product_tag":[407,405,388,362,456,504,481],"class_list":{"0":"post-22513","1":"product","2":"type-product","3":"status-publish","5":"product_cat-fripris","6":"product_tag-1939-1945","7":"product_tag-andre-verdenskrig","8":"product_tag-antisemittisme","9":"product_tag-faglitteratur","10":"product_tag-holocaust","11":"product_tag-krigens-rett","12":"product_tag-krigsforbrytelser","14":"first","15":"outofstock","16":"taxable","17":"shipping-taxable","18":"purchasable","19":"product-type-simple"},"acf":{"anmeldelse":null},"yoast_head":"<!-- This site is optimized with the Yoast SEO plugin v26.6 - https:\/\/yoast.com\/wordpress\/plugins\/seo\/ -->\n<title>Eichmann i Jerusalem - Pax<\/title>\n<meta name=\"robots\" content=\"noindex, follow, max-snippet:-1, max-image-preview:large, max-video-preview:-1\" \/>\n<meta property=\"og:locale\" content=\"nb_NO\" \/>\n<meta property=\"og:type\" content=\"article\" \/>\n<meta property=\"og:title\" content=\"Eichmann i Jerusalem - Pax\" \/>\n<meta property=\"og:description\" content=\"Adolf Eichmann, som administrerte Nazi-Tysklands deportering av j\u00f8der til utryddelsesleirene, sto i 1961 tiltalt for forbrytelser mot det j\u00f8diske folk og mot menneskeheten. Den amerikansk-j\u00f8diske forfatteren og filosofen Hannah Arendt var til stede i Jerusalem som reporter for The New Yorker. Hun dr\u00f8fter Eichmanns skyld, og han skildres som en ny forbrytertype, som er unnskyldt [&hellip;]\" \/>\n<meta property=\"og:url\" content=\"https:\/\/staging.forenteforlag.no\/pax\/produkt\/eichmann-i-jerusalem\/\" \/>\n<meta property=\"og:site_name\" content=\"Pax\" \/>\n<meta property=\"article:modified_time\" content=\"2026-03-04T18:40:41+00:00\" \/>\n<meta property=\"og:image\" content=\"https:\/\/staging.forenteforlag.no\/pax\/wp-content\/uploads\/sites\/5\/2025\/02\/pax-hvit.jpg\" \/>\n\t<meta property=\"og:image:width\" content=\"1200\" \/>\n\t<meta property=\"og:image:height\" content=\"800\" \/>\n\t<meta property=\"og:image:type\" content=\"image\/jpeg\" \/>\n<meta name=\"twitter:card\" content=\"summary_large_image\" \/>\n<script type=\"application\/ld+json\" class=\"yoast-schema-graph\">{\"@context\":\"https:\/\/schema.org\",\"@graph\":[{\"@type\":\"WebPage\",\"@id\":\"https:\/\/staging.forenteforlag.no\/pax\/produkt\/eichmann-i-jerusalem\/\",\"url\":\"https:\/\/staging.forenteforlag.no\/pax\/produkt\/eichmann-i-jerusalem\/\",\"name\":\"Eichmann i Jerusalem - Pax\",\"isPartOf\":{\"@id\":\"https:\/\/staging.forenteforlag.no\/pax\/#website\"},\"datePublished\":\"2024-12-10T21:16:01+00:00\",\"dateModified\":\"2026-03-04T18:40:41+00:00\",\"breadcrumb\":{\"@id\":\"https:\/\/staging.forenteforlag.no\/pax\/produkt\/eichmann-i-jerusalem\/#breadcrumb\"},\"inLanguage\":\"nb-NO\",\"potentialAction\":[{\"@type\":\"ReadAction\",\"target\":[\"https:\/\/staging.forenteforlag.no\/pax\/produkt\/eichmann-i-jerusalem\/\"]}]},{\"@type\":\"BreadcrumbList\",\"@id\":\"https:\/\/staging.forenteforlag.no\/pax\/produkt\/eichmann-i-jerusalem\/#breadcrumb\",\"itemListElement\":[{\"@type\":\"ListItem\",\"position\":1,\"name\":\"Hjem\",\"item\":\"https:\/\/staging.forenteforlag.no\/pax\/\"},{\"@type\":\"ListItem\",\"position\":2,\"name\":\"Alle b\u00f8ker\",\"item\":\"https:\/\/staging.forenteforlag.no\/pax\/butikk\/\"},{\"@type\":\"ListItem\",\"position\":3,\"name\":\"Eichmann i Jerusalem\"}]},{\"@type\":\"WebSite\",\"@id\":\"https:\/\/staging.forenteforlag.no\/pax\/#website\",\"url\":\"https:\/\/staging.forenteforlag.no\/pax\/\",\"name\":\"Pax\",\"description\":\"\",\"potentialAction\":[{\"@type\":\"SearchAction\",\"target\":{\"@type\":\"EntryPoint\",\"urlTemplate\":\"https:\/\/staging.forenteforlag.no\/pax\/?s={search_term_string}\"},\"query-input\":{\"@type\":\"PropertyValueSpecification\",\"valueRequired\":true,\"valueName\":\"search_term_string\"}}],\"inLanguage\":\"nb-NO\"}]}<\/script>\n<!-- \/ Yoast SEO plugin. -->","yoast_head_json":{"title":"Eichmann i Jerusalem - Pax","robots":{"index":"noindex","follow":"follow","max-snippet":"max-snippet:-1","max-image-preview":"max-image-preview:large","max-video-preview":"max-video-preview:-1"},"og_locale":"nb_NO","og_type":"article","og_title":"Eichmann i Jerusalem - Pax","og_description":"Adolf Eichmann, som administrerte Nazi-Tysklands deportering av j\u00f8der til utryddelsesleirene, sto i 1961 tiltalt for forbrytelser mot det j\u00f8diske folk og mot menneskeheten. Den amerikansk-j\u00f8diske forfatteren og filosofen Hannah Arendt var til stede i Jerusalem som reporter for The New Yorker. Hun dr\u00f8fter Eichmanns skyld, og han skildres som en ny forbrytertype, som er unnskyldt [&hellip;]","og_url":"https:\/\/staging.forenteforlag.no\/pax\/produkt\/eichmann-i-jerusalem\/","og_site_name":"Pax","article_modified_time":"2026-03-04T18:40:41+00:00","og_image":[{"width":1200,"height":800,"url":"https:\/\/staging.forenteforlag.no\/pax\/wp-content\/uploads\/sites\/5\/2025\/02\/pax-hvit.jpg","type":"image\/jpeg"}],"twitter_card":"summary_large_image","schema":{"@context":"https:\/\/schema.org","@graph":[{"@type":"WebPage","@id":"https:\/\/staging.forenteforlag.no\/pax\/produkt\/eichmann-i-jerusalem\/","url":"https:\/\/staging.forenteforlag.no\/pax\/produkt\/eichmann-i-jerusalem\/","name":"Eichmann i Jerusalem - Pax","isPartOf":{"@id":"https:\/\/staging.forenteforlag.no\/pax\/#website"},"datePublished":"2024-12-10T21:16:01+00:00","dateModified":"2026-03-04T18:40:41+00:00","breadcrumb":{"@id":"https:\/\/staging.forenteforlag.no\/pax\/produkt\/eichmann-i-jerusalem\/#breadcrumb"},"inLanguage":"nb-NO","potentialAction":[{"@type":"ReadAction","target":["https:\/\/staging.forenteforlag.no\/pax\/produkt\/eichmann-i-jerusalem\/"]}]},{"@type":"BreadcrumbList","@id":"https:\/\/staging.forenteforlag.no\/pax\/produkt\/eichmann-i-jerusalem\/#breadcrumb","itemListElement":[{"@type":"ListItem","position":1,"name":"Hjem","item":"https:\/\/staging.forenteforlag.no\/pax\/"},{"@type":"ListItem","position":2,"name":"Alle b\u00f8ker","item":"https:\/\/staging.forenteforlag.no\/pax\/butikk\/"},{"@type":"ListItem","position":3,"name":"Eichmann i Jerusalem"}]},{"@type":"WebSite","@id":"https:\/\/staging.forenteforlag.no\/pax\/#website","url":"https:\/\/staging.forenteforlag.no\/pax\/","name":"Pax","description":"","potentialAction":[{"@type":"SearchAction","target":{"@type":"EntryPoint","urlTemplate":"https:\/\/staging.forenteforlag.no\/pax\/?s={search_term_string}"},"query-input":{"@type":"PropertyValueSpecification","valueRequired":true,"valueName":"search_term_string"}}],"inLanguage":"nb-NO"}]}},"_links":{"self":[{"href":"https:\/\/staging.forenteforlag.no\/pax\/wp-json\/wp\/v2\/product\/22513","targetHints":{"allow":["GET"]}}],"collection":[{"href":"https:\/\/staging.forenteforlag.no\/pax\/wp-json\/wp\/v2\/product"}],"about":[{"href":"https:\/\/staging.forenteforlag.no\/pax\/wp-json\/wp\/v2\/types\/product"}],"wp:attachment":[{"href":"https:\/\/staging.forenteforlag.no\/pax\/wp-json\/wp\/v2\/media?parent=22513"}],"wp:term":[{"taxonomy":"product_brand","embeddable":true,"href":"https:\/\/staging.forenteforlag.no\/pax\/wp-json\/wp\/v2\/product_brand?post=22513"},{"taxonomy":"product_cat","embeddable":true,"href":"https:\/\/staging.forenteforlag.no\/pax\/wp-json\/wp\/v2\/product_cat?post=22513"},{"taxonomy":"product_tag","embeddable":true,"href":"https:\/\/staging.forenteforlag.no\/pax\/wp-json\/wp\/v2\/product_tag?post=22513"}],"curies":[{"name":"wp","href":"https:\/\/api.w.org\/{rel}","templated":true}]}}

<p>Adolf Eichmann, som administrerte Nazi-Tysklands deportering av jøder til utryddelsesleirene, sto i 1961 tiltalt for forbrytelser mot det jødiske folk og mot menneskeheten. Den amerikansk-jødiske forfatteren og filosofen Hannah Arendt var til stede i Jerusalem som reporter for The New Yorker. Hun drøfter Eichmanns skyld, og han skildres som en ny forbrytertype, som er unnskyldt med at under spesielle omstendigheter er det umulig å vite om han handler rett. I følge forfatteren kan virkelighetsflukt og mangel på personlig ansvar få uante konsekvenser. Med litteraturliste og register.</p>

<p>Adolf Eichmann, som administrerte Nazi-Tysklands deportering av jøder til utryddelsesleirene, sto i 1961 tiltalt for forbrytelser mot det jødiske folk og mot menneskeheten. Den amerikansk-jødiske forfatteren og filosofen Hannah Arendt var til stede i Jerusalem som reporter for The New Yorker. Hun drøfter Eichmanns skyld, og han skildres som en ny forbrytertype, som er unnskyldt [&hellip;]</p>

<!-- This site is optimized with the Yoast SEO plugin v26.6 - https://yoast.com/wordpress/plugins/seo/ -->
<title>Eichmann i Jerusalem - Pax</title>
<meta name="robots" content="noindex, follow, max-snippet:-1, max-image-preview:large, max-video-preview:-1" />
<meta property="og:locale" content="nb_NO" />
<meta property="og:type" content="article" />
<meta property="og:title" content="Eichmann i Jerusalem - Pax" />
<meta property="og:description" content="Adolf Eichmann, som administrerte Nazi-Tysklands deportering av jøder til utryddelsesleirene, sto i 1961 tiltalt for forbrytelser mot det jødiske folk og mot menneskeheten. Den amerikansk-jødiske forfatteren og filosofen Hannah Arendt var til stede i Jerusalem som reporter for The New Yorker. Hun drøfter Eichmanns skyld, og han skildres som en ny forbrytertype, som er unnskyldt [&hellip;]" />
<meta property="og:url" content="https://staging.forenteforlag.no/pax/produkt/eichmann-i-jerusalem/" />
<meta property="og:site_name" content="Pax" />
<meta property="article:modified_time" content="2026-03-04T18:40:41+00:00" />
<meta property="og:image" content="https://staging.forenteforlag.no/pax/wp-content/uploads/sites/5/2025/02/pax-hvit.jpg" />
	<meta property="og:image:width" content="1200" />
	<meta property="og:image:height" content="800" />
	<meta property="og:image:type" content="image/jpeg" />
<meta name="twitter:card" content="summary_large_image" />
<script type="application/ld+json" class="yoast-schema-graph">{"@context":"https://schema.org","@graph":[{"@type":"WebPage","@id":"https://staging.forenteforlag.no/pax/produkt/eichmann-i-jerusalem/","url":"https://staging.forenteforlag.no/pax/produkt/eichmann-i-jerusalem/","name":"Eichmann i Jerusalem - Pax","isPartOf":{"@id":"https://staging.forenteforlag.no/pax/#website"},"datePublished":"2024-12-10T21:16:01+00:00","dateModified":"2026-03-04T18:40:41+00:00","breadcrumb":{"@id":"https://staging.forenteforlag.no/pax/produkt/eichmann-i-jerusalem/#breadcrumb"},"inLanguage":"nb-NO","potentialAction":[{"@type":"ReadAction","target":["https://staging.forenteforlag.no/pax/produkt/eichmann-i-jerusalem/"]}]},{"@type":"BreadcrumbList","@id":"https://staging.forenteforlag.no/pax/produkt/eichmann-i-jerusalem/#breadcrumb","itemListElement":[{"@type":"ListItem","position":1,"name":"Hjem","item":"https://staging.forenteforlag.no/pax/"},{"@type":"ListItem","position":2,"name":"Alle bøker","item":"https://staging.forenteforlag.no/pax/butikk/"},{"@type":"ListItem","position":3,"name":"Eichmann i Jerusalem"}]},{"@type":"WebSite","@id":"https://staging.forenteforlag.no/pax/#website","url":"https://staging.forenteforlag.no/pax/","name":"Pax","description":"","potentialAction":[{"@type":"SearchAction","target":{"@type":"EntryPoint","urlTemplate":"https://staging.forenteforlag.no/pax/?s={search_term_string}"},"query-input":{"@type":"PropertyValueSpecification","valueRequired":true,"valueName":"search_term_string"}}],"inLanguage":"nb-NO"}]}</script>
<!-- / Yoast SEO plugin. -->

Adolf Eichmann, som administrerte Nazi-Tysklands deportering av jøder til utryddelsesleirene, sto i 1961 tiltalt for forbrytelser mot det jødiske folk og mot menneskeheten. Den amerikansk-jødiske forfatteren og filosofen Hannah Arendt var til stede i Jerusalem som reporter for The New Yorker. Hun drøfter Eichmanns skyld, og han skildres som en ny forbrytertype, som er unnskyldt [&hellip;]

Alle bøker
