{"id":22276,"date":"2010-05-12T02:00:00","date_gmt":"2010-05-12T00:00:00","guid":{"rendered":"https:\/\/pax.forenteforlag.no\/produkt\/fangevoktere-i-konsentrasjonsleire\/"},"modified":"2026-03-03T22:02:54","modified_gmt":"2026-03-03T21:02:54","slug":"fangevoktere-i-konsentrasjonsleire","status":"publish","type":"product","link":"https:\/\/staging.forenteforlag.no\/pax\/produkt\/fangevoktere-i-konsentrasjonsleire\/","title":{"rendered":"Fangevoktere i konsentrasjonsleire"},"content":{"rendered":"<p>De s\u00e5kalte serberleirene var konsentrasjonsleire i Norge under tysk okkupasjon. Fanger ble mishandlet og d\u00f8de. Lidelsen ble p\u00e5f\u00f8rt dem av vanlige nordmenn, ikke av tyskere, sinnslidende, psykopater eller andre kategorier som skaper distanse, men av vanlige nordmenn. Leirene l\u00e5 i Karasjok, Rognan, Korgen, og den st\u00f8rste l\u00e5 i Beisfjord utenfor Narvik. Samlet ble 2547 internert i de norske serberleirene, 1747 d\u00f8de. Det er en d\u00f8dsprosent p\u00e5 69. Nils Christie viser hvordan konsentrasjonsleiren som system er innrettet slik at fangenes vanlige atferd og identitet brytes ned, og hvordan vanlige mennesker kan drives til ekstreme handlinger dersom de settes i ekstreme situasjoner.  Denne boka utkom for f\u00f8rste gang i 1972, og er basert p\u00e5 Nils Christies magisteravhandling fra 1953. Nils Christies nyskapende og originale verk markerer sosiologi som et moderne fag i Norge, og er i Sosiolognytts k\u00e5ring av en norsk sosiologisk kanon valgt ut blant 25 tekster som antas \u00e5 v\u00e6re konstituerende for norsk sosiologi i dag.  Nils Christie (f\u00f8dt 1928) magister i sosiologi fra 1953, dr philos i 1960. Christie har v\u00e6rt professor i kriminologi ved Universitetet i Oslo siden 1966. Han har bak seg et omfattende forfatterskap som blant annet kretser rundt konflikter, kriminalitet, sosial kontroll og straff.<\/p>\n","protected":false},"excerpt":{"rendered":"<p>De s\u00e5kalte serberleirene var konsentrasjonsleire i Norge under tysk okkupasjon. Fanger ble mishandlet og d\u00f8de. Lidelsen ble p\u00e5f\u00f8rt dem av vanlige nordmenn, ikke av tyskere, sinnslidende, psykopater eller andre kategorier som skaper distanse, men av vanlige nordmenn. Leirene l\u00e5 i Karasjok, Rognan, Korgen, og den st\u00f8rste l\u00e5 i Beisfjord utenfor Narvik. Samlet ble 2547 internert [&hellip;]<\/p>\n","protected":false},"featured_media":28941,"template":"","meta":{"_acf_changed":false,"inline_featured_image":false},"product_brand":[],"product_cat":[1782],"product_tag":[407,405,362,477,1048,439],"class_list":{"0":"post-22276","1":"product","2":"type-product","3":"status-publish","4":"has-post-thumbnail","6":"product_cat-fripris","7":"product_tag-1939-1945","8":"product_tag-andre-verdenskrig","9":"product_tag-faglitteratur","10":"product_tag-konsentrasjonsleirer","11":"product_tag-kriminologi","12":"product_tag-nord-norge","14":"first","15":"instock","16":"shipping-taxable","17":"purchasable","18":"product-type-simple"},"acf":{"anmeldelse":null},"yoast_head":"<!-- This site is optimized with the Yoast SEO plugin v26.6 - https:\/\/yoast.com\/wordpress\/plugins\/seo\/ -->\n<title>Fangevoktere i konsentrasjonsleire - Pax<\/title>\n<meta name=\"robots\" content=\"noindex, follow, max-snippet:-1, max-image-preview:large, max-video-preview:-1\" \/>\n<meta property=\"og:locale\" content=\"nb_NO\" \/>\n<meta property=\"og:type\" content=\"article\" \/>\n<meta property=\"og:title\" content=\"Fangevoktere i konsentrasjonsleire - Pax\" \/>\n<meta property=\"og:description\" content=\"De s\u00e5kalte serberleirene var konsentrasjonsleire i Norge under tysk okkupasjon. Fanger ble mishandlet og d\u00f8de. Lidelsen ble p\u00e5f\u00f8rt dem av vanlige nordmenn, ikke av tyskere, sinnslidende, psykopater eller andre kategorier som skaper distanse, men av vanlige nordmenn. Leirene l\u00e5 i Karasjok, Rognan, Korgen, og den st\u00f8rste l\u00e5 i Beisfjord utenfor Narvik. Samlet ble 2547 internert [&hellip;]\" \/>\n<meta property=\"og:url\" content=\"https:\/\/staging.forenteforlag.no\/pax\/produkt\/fangevoktere-i-konsentrasjonsleire\/\" \/>\n<meta property=\"og:site_name\" content=\"Pax\" \/>\n<meta property=\"article:modified_time\" content=\"2026-03-03T21:02:54+00:00\" \/>\n<meta property=\"og:image\" content=\"https:\/\/staging.forenteforlag.no\/pax\/wp-content\/uploads\/sites\/5\/2025\/08\/jpg-8415.jpg\" \/>\n\t<meta property=\"og:image:width\" content=\"331\" \/>\n\t<meta property=\"og:image:height\" content=\"449\" \/>\n\t<meta property=\"og:image:type\" content=\"image\/jpeg\" \/>\n<meta name=\"twitter:card\" content=\"summary_large_image\" \/>\n<meta name=\"twitter:label1\" content=\"Ansl. lesetid\" \/>\n\t<meta name=\"twitter:data1\" content=\"1 minutt\" \/>\n<script type=\"application\/ld+json\" class=\"yoast-schema-graph\">{\"@context\":\"https:\/\/schema.org\",\"@graph\":[{\"@type\":\"WebPage\",\"@id\":\"https:\/\/staging.forenteforlag.no\/pax\/produkt\/fangevoktere-i-konsentrasjonsleire\/\",\"url\":\"https:\/\/staging.forenteforlag.no\/pax\/produkt\/fangevoktere-i-konsentrasjonsleire\/\",\"name\":\"Fangevoktere i konsentrasjonsleire - Pax\",\"isPartOf\":{\"@id\":\"https:\/\/staging.forenteforlag.no\/pax\/#website\"},\"primaryImageOfPage\":{\"@id\":\"https:\/\/staging.forenteforlag.no\/pax\/produkt\/fangevoktere-i-konsentrasjonsleire\/#primaryimage\"},\"image\":{\"@id\":\"https:\/\/staging.forenteforlag.no\/pax\/produkt\/fangevoktere-i-konsentrasjonsleire\/#primaryimage\"},\"thumbnailUrl\":\"https:\/\/staging.forenteforlag.no\/pax\/wp-content\/uploads\/sites\/5\/2025\/08\/jpg-8415.jpg\",\"datePublished\":\"2010-05-12T00:00:00+00:00\",\"dateModified\":\"2026-03-03T21:02:54+00:00\",\"breadcrumb\":{\"@id\":\"https:\/\/staging.forenteforlag.no\/pax\/produkt\/fangevoktere-i-konsentrasjonsleire\/#breadcrumb\"},\"inLanguage\":\"nb-NO\",\"potentialAction\":[{\"@type\":\"ReadAction\",\"target\":[\"https:\/\/staging.forenteforlag.no\/pax\/produkt\/fangevoktere-i-konsentrasjonsleire\/\"]}]},{\"@type\":\"ImageObject\",\"inLanguage\":\"nb-NO\",\"@id\":\"https:\/\/staging.forenteforlag.no\/pax\/produkt\/fangevoktere-i-konsentrasjonsleire\/#primaryimage\",\"url\":\"https:\/\/staging.forenteforlag.no\/pax\/wp-content\/uploads\/sites\/5\/2025\/08\/jpg-8415.jpg\",\"contentUrl\":\"https:\/\/staging.forenteforlag.no\/pax\/wp-content\/uploads\/sites\/5\/2025\/08\/jpg-8415.jpg\",\"width\":331,\"height\":449},{\"@type\":\"BreadcrumbList\",\"@id\":\"https:\/\/staging.forenteforlag.no\/pax\/produkt\/fangevoktere-i-konsentrasjonsleire\/#breadcrumb\",\"itemListElement\":[{\"@type\":\"ListItem\",\"position\":1,\"name\":\"Hjem\",\"item\":\"https:\/\/staging.forenteforlag.no\/pax\/\"},{\"@type\":\"ListItem\",\"position\":2,\"name\":\"Alle b\u00f8ker\",\"item\":\"https:\/\/staging.forenteforlag.no\/pax\/butikk\/\"},{\"@type\":\"ListItem\",\"position\":3,\"name\":\"Fangevoktere i konsentrasjonsleire\"}]},{\"@type\":\"WebSite\",\"@id\":\"https:\/\/staging.forenteforlag.no\/pax\/#website\",\"url\":\"https:\/\/staging.forenteforlag.no\/pax\/\",\"name\":\"Pax\",\"description\":\"\",\"potentialAction\":[{\"@type\":\"SearchAction\",\"target\":{\"@type\":\"EntryPoint\",\"urlTemplate\":\"https:\/\/staging.forenteforlag.no\/pax\/?s={search_term_string}\"},\"query-input\":{\"@type\":\"PropertyValueSpecification\",\"valueRequired\":true,\"valueName\":\"search_term_string\"}}],\"inLanguage\":\"nb-NO\"}]}<\/script>\n<!-- \/ Yoast SEO plugin. -->","yoast_head_json":{"title":"Fangevoktere i konsentrasjonsleire - Pax","robots":{"index":"noindex","follow":"follow","max-snippet":"max-snippet:-1","max-image-preview":"max-image-preview:large","max-video-preview":"max-video-preview:-1"},"og_locale":"nb_NO","og_type":"article","og_title":"Fangevoktere i konsentrasjonsleire - Pax","og_description":"De s\u00e5kalte serberleirene var konsentrasjonsleire i Norge under tysk okkupasjon. Fanger ble mishandlet og d\u00f8de. Lidelsen ble p\u00e5f\u00f8rt dem av vanlige nordmenn, ikke av tyskere, sinnslidende, psykopater eller andre kategorier som skaper distanse, men av vanlige nordmenn. Leirene l\u00e5 i Karasjok, Rognan, Korgen, og den st\u00f8rste l\u00e5 i Beisfjord utenfor Narvik. Samlet ble 2547 internert [&hellip;]","og_url":"https:\/\/staging.forenteforlag.no\/pax\/produkt\/fangevoktere-i-konsentrasjonsleire\/","og_site_name":"Pax","article_modified_time":"2026-03-03T21:02:54+00:00","og_image":[{"width":331,"height":449,"url":"https:\/\/staging.forenteforlag.no\/pax\/wp-content\/uploads\/sites\/5\/2025\/08\/jpg-8415.jpg","type":"image\/jpeg"}],"twitter_card":"summary_large_image","twitter_misc":{"Ansl. lesetid":"1 minutt"},"schema":{"@context":"https:\/\/schema.org","@graph":[{"@type":"WebPage","@id":"https:\/\/staging.forenteforlag.no\/pax\/produkt\/fangevoktere-i-konsentrasjonsleire\/","url":"https:\/\/staging.forenteforlag.no\/pax\/produkt\/fangevoktere-i-konsentrasjonsleire\/","name":"Fangevoktere i konsentrasjonsleire - Pax","isPartOf":{"@id":"https:\/\/staging.forenteforlag.no\/pax\/#website"},"primaryImageOfPage":{"@id":"https:\/\/staging.forenteforlag.no\/pax\/produkt\/fangevoktere-i-konsentrasjonsleire\/#primaryimage"},"image":{"@id":"https:\/\/staging.forenteforlag.no\/pax\/produkt\/fangevoktere-i-konsentrasjonsleire\/#primaryimage"},"thumbnailUrl":"https:\/\/staging.forenteforlag.no\/pax\/wp-content\/uploads\/sites\/5\/2025\/08\/jpg-8415.jpg","datePublished":"2010-05-12T00:00:00+00:00","dateModified":"2026-03-03T21:02:54+00:00","breadcrumb":{"@id":"https:\/\/staging.forenteforlag.no\/pax\/produkt\/fangevoktere-i-konsentrasjonsleire\/#breadcrumb"},"inLanguage":"nb-NO","potentialAction":[{"@type":"ReadAction","target":["https:\/\/staging.forenteforlag.no\/pax\/produkt\/fangevoktere-i-konsentrasjonsleire\/"]}]},{"@type":"ImageObject","inLanguage":"nb-NO","@id":"https:\/\/staging.forenteforlag.no\/pax\/produkt\/fangevoktere-i-konsentrasjonsleire\/#primaryimage","url":"https:\/\/staging.forenteforlag.no\/pax\/wp-content\/uploads\/sites\/5\/2025\/08\/jpg-8415.jpg","contentUrl":"https:\/\/staging.forenteforlag.no\/pax\/wp-content\/uploads\/sites\/5\/2025\/08\/jpg-8415.jpg","width":331,"height":449},{"@type":"BreadcrumbList","@id":"https:\/\/staging.forenteforlag.no\/pax\/produkt\/fangevoktere-i-konsentrasjonsleire\/#breadcrumb","itemListElement":[{"@type":"ListItem","position":1,"name":"Hjem","item":"https:\/\/staging.forenteforlag.no\/pax\/"},{"@type":"ListItem","position":2,"name":"Alle b\u00f8ker","item":"https:\/\/staging.forenteforlag.no\/pax\/butikk\/"},{"@type":"ListItem","position":3,"name":"Fangevoktere i konsentrasjonsleire"}]},{"@type":"WebSite","@id":"https:\/\/staging.forenteforlag.no\/pax\/#website","url":"https:\/\/staging.forenteforlag.no\/pax\/","name":"Pax","description":"","potentialAction":[{"@type":"SearchAction","target":{"@type":"EntryPoint","urlTemplate":"https:\/\/staging.forenteforlag.no\/pax\/?s={search_term_string}"},"query-input":{"@type":"PropertyValueSpecification","valueRequired":true,"valueName":"search_term_string"}}],"inLanguage":"nb-NO"}]}},"_links":{"self":[{"href":"https:\/\/staging.forenteforlag.no\/pax\/wp-json\/wp\/v2\/product\/22276","targetHints":{"allow":["GET"]}}],"collection":[{"href":"https:\/\/staging.forenteforlag.no\/pax\/wp-json\/wp\/v2\/product"}],"about":[{"href":"https:\/\/staging.forenteforlag.no\/pax\/wp-json\/wp\/v2\/types\/product"}],"wp:featuredmedia":[{"embeddable":true,"href":"https:\/\/staging.forenteforlag.no\/pax\/wp-json\/wp\/v2\/media\/28941"}],"wp:attachment":[{"href":"https:\/\/staging.forenteforlag.no\/pax\/wp-json\/wp\/v2\/media?parent=22276"}],"wp:term":[{"taxonomy":"product_brand","embeddable":true,"href":"https:\/\/staging.forenteforlag.no\/pax\/wp-json\/wp\/v2\/product_brand?post=22276"},{"taxonomy":"product_cat","embeddable":true,"href":"https:\/\/staging.forenteforlag.no\/pax\/wp-json\/wp\/v2\/product_cat?post=22276"},{"taxonomy":"product_tag","embeddable":true,"href":"https:\/\/staging.forenteforlag.no\/pax\/wp-json\/wp\/v2\/product_tag?post=22276"}],"curies":[{"name":"wp","href":"https:\/\/api.w.org\/{rel}","templated":true}]}}