{"id":22275,"date":"2010-11-03T01:00:00","date_gmt":"2010-11-03T00:00:00","guid":{"rendered":"https:\/\/pax.forenteforlag.no\/produkt\/mine-fire-besteforeldre\/"},"modified":"2025-08-27T07:34:21","modified_gmt":"2025-08-27T05:34:21","slug":"mine-fire-besteforeldre","status":"publish","type":"product","link":"https:\/\/staging.forenteforlag.no\/pax\/produkt\/mine-fire-besteforeldre\/","title":{"rendered":"Mine fire besteforeldre"},"content":{"rendered":"<p>Historikeren Knut Kjeldstadli har f\u00e5tt tilgang til et rikt familiearkiv. Med utgangspunkt i dette, forteller han om sine egne besteforeldres ulike livsl\u00f8p. Det er blitt en fortettet fortelling om oppbrudd fra bondesamfunnet, og fra den gamle middelstanden. Om framveksten av industriarbeiderklassen og den nye middelklassen. Om knapphet og kniplinger, rallare og  oppkomlinger. Og om nerver, sprit og &laquo;socialisme&raquo;. Hvor stor frihet hadde de fire besteforeldrene? Hva slags valg tok de? Hvordan ble livsl\u00f8pene deres formet og hvordan knyttes de sammen? Hva fortelles i kildene? Og hvor p\u00e5litelige er forfatterens egne minner? Beretningen utgj\u00f8r en mangfoldig vev, med mange l\u00f8se tr\u00e5der som det er vanskelig \u00e5 n\u00f8ste opp. Men gjennom tekst og fotografier blir vi godt kjent med de fire: Lars Kjeldstadli, Beate (f. Lotsberg), Daniel Grini og Elisabeth (f. Mathiesen).<\/p>\n","protected":false},"excerpt":{"rendered":"<p>Historikeren Knut Kjeldstadli har f\u00e5tt tilgang til et rikt familiearkiv. Med utgangspunkt i dette, forteller han om sine egne besteforeldres ulike livsl\u00f8p. Det er blitt en fortettet fortelling om oppbrudd fra bondesamfunnet, og fra den gamle middelstanden. Om framveksten av industriarbeiderklassen og den nye middelklassen. Om knapphet og kniplinger, rallare og oppkomlinger. Og om nerver, [&hellip;]<\/p>\n","protected":false},"featured_media":27830,"template":"","meta":{"_acf_changed":false,"inline_featured_image":false},"product_brand":[],"product_cat":[20],"product_tag":[394,441,1140,446,362,361,1210,439],"class_list":{"0":"post-22275","1":"product","2":"type-product","3":"status-publish","4":"has-post-thumbnail","6":"product_cat-biografier-og-memoarer","7":"product_tag-1800-tallet","8":"product_tag-1900-tallet","9":"product_tag-arbeiderklassen","10":"product_tag-besteforeldre","11":"product_tag-faglitteratur","12":"product_tag-kulturhistorie","13":"product_tag-middelklassen","14":"product_tag-nord-norge","15":"pa_format-innbundet","17":"first","18":"outofstock","19":"shipping-taxable","20":"purchasable","21":"product-type-simple"},"acf":{"anmeldelse":null},"yoast_head":"<!-- This site is optimized with the Yoast SEO plugin v26.6 - https:\/\/yoast.com\/wordpress\/plugins\/seo\/ -->\n<title>Mine fire besteforeldre - Pax<\/title>\n<meta name=\"robots\" content=\"noindex, follow, max-snippet:-1, max-image-preview:large, max-video-preview:-1\" \/>\n<meta property=\"og:locale\" content=\"nb_NO\" \/>\n<meta property=\"og:type\" content=\"article\" \/>\n<meta property=\"og:title\" content=\"Mine fire besteforeldre - Pax\" \/>\n<meta property=\"og:description\" content=\"Historikeren Knut Kjeldstadli har f\u00e5tt tilgang til et rikt familiearkiv. Med utgangspunkt i dette, forteller han om sine egne besteforeldres ulike livsl\u00f8p. Det er blitt en fortettet fortelling om oppbrudd fra bondesamfunnet, og fra den gamle middelstanden. Om framveksten av industriarbeiderklassen og den nye middelklassen. Om knapphet og kniplinger, rallare og oppkomlinger. Og om nerver, [&hellip;]\" \/>\n<meta property=\"og:url\" content=\"https:\/\/staging.forenteforlag.no\/pax\/produkt\/mine-fire-besteforeldre\/\" \/>\n<meta property=\"og:site_name\" content=\"Pax\" \/>\n<meta property=\"article:modified_time\" content=\"2025-08-27T05:34:21+00:00\" \/>\n<meta property=\"og:image\" content=\"https:\/\/staging.forenteforlag.no\/pax\/wp-content\/uploads\/sites\/5\/2025\/08\/jpg-5204.jpg\" \/>\n\t<meta property=\"og:image:width\" content=\"285\" \/>\n\t<meta property=\"og:image:height\" content=\"449\" \/>\n\t<meta property=\"og:image:type\" content=\"image\/jpeg\" \/>\n<meta name=\"twitter:card\" content=\"summary_large_image\" \/>\n<meta name=\"twitter:label1\" content=\"Ansl. lesetid\" \/>\n\t<meta name=\"twitter:data1\" content=\"1 minutt\" \/>\n<script type=\"application\/ld+json\" class=\"yoast-schema-graph\">{\"@context\":\"https:\/\/schema.org\",\"@graph\":[{\"@type\":\"WebPage\",\"@id\":\"https:\/\/staging.forenteforlag.no\/pax\/produkt\/mine-fire-besteforeldre\/\",\"url\":\"https:\/\/staging.forenteforlag.no\/pax\/produkt\/mine-fire-besteforeldre\/\",\"name\":\"Mine fire besteforeldre - Pax\",\"isPartOf\":{\"@id\":\"https:\/\/staging.forenteforlag.no\/pax\/#website\"},\"primaryImageOfPage\":{\"@id\":\"https:\/\/staging.forenteforlag.no\/pax\/produkt\/mine-fire-besteforeldre\/#primaryimage\"},\"image\":{\"@id\":\"https:\/\/staging.forenteforlag.no\/pax\/produkt\/mine-fire-besteforeldre\/#primaryimage\"},\"thumbnailUrl\":\"https:\/\/staging.forenteforlag.no\/pax\/wp-content\/uploads\/sites\/5\/2025\/08\/jpg-5204.jpg\",\"datePublished\":\"2010-11-03T00:00:00+00:00\",\"dateModified\":\"2025-08-27T05:34:21+00:00\",\"breadcrumb\":{\"@id\":\"https:\/\/staging.forenteforlag.no\/pax\/produkt\/mine-fire-besteforeldre\/#breadcrumb\"},\"inLanguage\":\"nb-NO\",\"potentialAction\":[{\"@type\":\"ReadAction\",\"target\":[\"https:\/\/staging.forenteforlag.no\/pax\/produkt\/mine-fire-besteforeldre\/\"]}]},{\"@type\":\"ImageObject\",\"inLanguage\":\"nb-NO\",\"@id\":\"https:\/\/staging.forenteforlag.no\/pax\/produkt\/mine-fire-besteforeldre\/#primaryimage\",\"url\":\"https:\/\/staging.forenteforlag.no\/pax\/wp-content\/uploads\/sites\/5\/2025\/08\/jpg-5204.jpg\",\"contentUrl\":\"https:\/\/staging.forenteforlag.no\/pax\/wp-content\/uploads\/sites\/5\/2025\/08\/jpg-5204.jpg\",\"width\":285,\"height\":449},{\"@type\":\"BreadcrumbList\",\"@id\":\"https:\/\/staging.forenteforlag.no\/pax\/produkt\/mine-fire-besteforeldre\/#breadcrumb\",\"itemListElement\":[{\"@type\":\"ListItem\",\"position\":1,\"name\":\"Hjem\",\"item\":\"https:\/\/staging.forenteforlag.no\/pax\/\"},{\"@type\":\"ListItem\",\"position\":2,\"name\":\"Alle b\u00f8ker\",\"item\":\"https:\/\/staging.forenteforlag.no\/pax\/butikk\/\"},{\"@type\":\"ListItem\",\"position\":3,\"name\":\"Mine fire besteforeldre\"}]},{\"@type\":\"WebSite\",\"@id\":\"https:\/\/staging.forenteforlag.no\/pax\/#website\",\"url\":\"https:\/\/staging.forenteforlag.no\/pax\/\",\"name\":\"Pax\",\"description\":\"\",\"potentialAction\":[{\"@type\":\"SearchAction\",\"target\":{\"@type\":\"EntryPoint\",\"urlTemplate\":\"https:\/\/staging.forenteforlag.no\/pax\/?s={search_term_string}\"},\"query-input\":{\"@type\":\"PropertyValueSpecification\",\"valueRequired\":true,\"valueName\":\"search_term_string\"}}],\"inLanguage\":\"nb-NO\"}]}<\/script>\n<!-- \/ Yoast SEO plugin. -->","yoast_head_json":{"title":"Mine fire besteforeldre - Pax","robots":{"index":"noindex","follow":"follow","max-snippet":"max-snippet:-1","max-image-preview":"max-image-preview:large","max-video-preview":"max-video-preview:-1"},"og_locale":"nb_NO","og_type":"article","og_title":"Mine fire besteforeldre - Pax","og_description":"Historikeren Knut Kjeldstadli har f\u00e5tt tilgang til et rikt familiearkiv. Med utgangspunkt i dette, forteller han om sine egne besteforeldres ulike livsl\u00f8p. Det er blitt en fortettet fortelling om oppbrudd fra bondesamfunnet, og fra den gamle middelstanden. Om framveksten av industriarbeiderklassen og den nye middelklassen. Om knapphet og kniplinger, rallare og oppkomlinger. Og om nerver, [&hellip;]","og_url":"https:\/\/staging.forenteforlag.no\/pax\/produkt\/mine-fire-besteforeldre\/","og_site_name":"Pax","article_modified_time":"2025-08-27T05:34:21+00:00","og_image":[{"width":285,"height":449,"url":"https:\/\/staging.forenteforlag.no\/pax\/wp-content\/uploads\/sites\/5\/2025\/08\/jpg-5204.jpg","type":"image\/jpeg"}],"twitter_card":"summary_large_image","twitter_misc":{"Ansl. lesetid":"1 minutt"},"schema":{"@context":"https:\/\/schema.org","@graph":[{"@type":"WebPage","@id":"https:\/\/staging.forenteforlag.no\/pax\/produkt\/mine-fire-besteforeldre\/","url":"https:\/\/staging.forenteforlag.no\/pax\/produkt\/mine-fire-besteforeldre\/","name":"Mine fire besteforeldre - Pax","isPartOf":{"@id":"https:\/\/staging.forenteforlag.no\/pax\/#website"},"primaryImageOfPage":{"@id":"https:\/\/staging.forenteforlag.no\/pax\/produkt\/mine-fire-besteforeldre\/#primaryimage"},"image":{"@id":"https:\/\/staging.forenteforlag.no\/pax\/produkt\/mine-fire-besteforeldre\/#primaryimage"},"thumbnailUrl":"https:\/\/staging.forenteforlag.no\/pax\/wp-content\/uploads\/sites\/5\/2025\/08\/jpg-5204.jpg","datePublished":"2010-11-03T00:00:00+00:00","dateModified":"2025-08-27T05:34:21+00:00","breadcrumb":{"@id":"https:\/\/staging.forenteforlag.no\/pax\/produkt\/mine-fire-besteforeldre\/#breadcrumb"},"inLanguage":"nb-NO","potentialAction":[{"@type":"ReadAction","target":["https:\/\/staging.forenteforlag.no\/pax\/produkt\/mine-fire-besteforeldre\/"]}]},{"@type":"ImageObject","inLanguage":"nb-NO","@id":"https:\/\/staging.forenteforlag.no\/pax\/produkt\/mine-fire-besteforeldre\/#primaryimage","url":"https:\/\/staging.forenteforlag.no\/pax\/wp-content\/uploads\/sites\/5\/2025\/08\/jpg-5204.jpg","contentUrl":"https:\/\/staging.forenteforlag.no\/pax\/wp-content\/uploads\/sites\/5\/2025\/08\/jpg-5204.jpg","width":285,"height":449},{"@type":"BreadcrumbList","@id":"https:\/\/staging.forenteforlag.no\/pax\/produkt\/mine-fire-besteforeldre\/#breadcrumb","itemListElement":[{"@type":"ListItem","position":1,"name":"Hjem","item":"https:\/\/staging.forenteforlag.no\/pax\/"},{"@type":"ListItem","position":2,"name":"Alle b\u00f8ker","item":"https:\/\/staging.forenteforlag.no\/pax\/butikk\/"},{"@type":"ListItem","position":3,"name":"Mine fire besteforeldre"}]},{"@type":"WebSite","@id":"https:\/\/staging.forenteforlag.no\/pax\/#website","url":"https:\/\/staging.forenteforlag.no\/pax\/","name":"Pax","description":"","potentialAction":[{"@type":"SearchAction","target":{"@type":"EntryPoint","urlTemplate":"https:\/\/staging.forenteforlag.no\/pax\/?s={search_term_string}"},"query-input":{"@type":"PropertyValueSpecification","valueRequired":true,"valueName":"search_term_string"}}],"inLanguage":"nb-NO"}]}},"_links":{"self":[{"href":"https:\/\/staging.forenteforlag.no\/pax\/wp-json\/wp\/v2\/product\/22275","targetHints":{"allow":["GET"]}}],"collection":[{"href":"https:\/\/staging.forenteforlag.no\/pax\/wp-json\/wp\/v2\/product"}],"about":[{"href":"https:\/\/staging.forenteforlag.no\/pax\/wp-json\/wp\/v2\/types\/product"}],"wp:featuredmedia":[{"embeddable":true,"href":"https:\/\/staging.forenteforlag.no\/pax\/wp-json\/wp\/v2\/media\/27830"}],"wp:attachment":[{"href":"https:\/\/staging.forenteforlag.no\/pax\/wp-json\/wp\/v2\/media?parent=22275"}],"wp:term":[{"taxonomy":"product_brand","embeddable":true,"href":"https:\/\/staging.forenteforlag.no\/pax\/wp-json\/wp\/v2\/product_brand?post=22275"},{"taxonomy":"product_cat","embeddable":true,"href":"https:\/\/staging.forenteforlag.no\/pax\/wp-json\/wp\/v2\/product_cat?post=22275"},{"taxonomy":"product_tag","embeddable":true,"href":"https:\/\/staging.forenteforlag.no\/pax\/wp-json\/wp\/v2\/product_tag?post=22275"}],"curies":[{"name":"wp","href":"https:\/\/api.w.org\/{rel}","templated":true}]}}