{"id":22203,"date":"2024-12-10T22:08:15","date_gmt":"2024-12-10T21:08:15","guid":{"rendered":"https:\/\/pax.forenteforlag.no\/produkt\/kjaerlighetens-flyktninger\/"},"modified":"2026-03-04T20:19:46","modified_gmt":"2026-03-04T19:19:46","slug":"kjaerlighetens-flyktninger","status":"publish","type":"product","link":"https:\/\/staging.forenteforlag.no\/pax\/produkt\/kjaerlighetens-flyktninger\/","title":{"rendered":"Kj\u00e6rlighetens flyktninger"},"content":{"rendered":"<p>Kj\u00e6rlighetens flyktninger er en blasfemisk bok om kj\u00e6rlighet. Den er et eksistensielt raserianfall og en befriende latter.<br \/>\nForfatteren, som er journalist, f\u00e5r sommeren 1999 vite at hun har hiv. Skal hun gr\u00e5te i stillhet og skamme seg? Skal hun g\u00e5 inn i . de hiv . positives. tause rekker og skjule sin diagnose som best hun kan? Ingen vil tro at hun har viruset, for hiv er noe de andre har. Hun setter i gang med \u00e5 unders\u00f8ke, og etter hvert sp\u00f8r hun: Hvordan forvaltes v\u00e5r seksualitet? Under hvilke regimer lever v\u00e5re f\u00f8lelser?<br \/>\nI boken f\u00f8rer forfatteren en dialog med seg selv, sin s\u00f8nn og sin slekt. Hun blir ogs\u00e5 kjent med andre som er rammet av viruset, og hun stiller sp\u00f8rsm\u00e5let til oss alle : Hvorfor m\u00e5 alt ber\u00f8re meg for at det skal ber\u00f8re meg?<\/p>\n<p>Kj\u00e6rlighetens flyktninger bes\u00f8ker skjulte, seksuelle arenaer i v\u00e5rt samfunn. Den s\u00f8ker intimiteten i tango danset fra Nord . Nores kyst til barene i Buenos Aires. Den kj\u00f8per ogs\u00e5 en \u00e6rbar bluse og lukker \u00f8ynene.<br \/>\nBoken er fri for sentimentalitet og skrevet med et skarpt blikk for maktens strukturer. Den inneholder ogs\u00e5 en kakeskrift som er lett \u00e5 f\u00f8lge . for alle kj\u00f8nn.<\/p>\n","protected":false},"excerpt":{"rendered":"<p>Kj\u00e6rlighetens flyktninger er en blasfemisk bok om kj\u00e6rlighet. Den er et eksistensielt raserianfall og en befriende latter. Forfatteren, som er journalist, f\u00e5r sommeren 1999 vite at hun har hiv. Skal hun gr\u00e5te i stillhet og skamme seg? Skal hun g\u00e5 inn i . de hiv . positives. tause rekker og skjule sin diagnose som best [&hellip;]<\/p>\n","protected":false},"featured_media":28931,"template":"","meta":{"_acf_changed":false,"inline_featured_image":false},"product_brand":[],"product_cat":[1782],"product_tag":[362,677,1740,510,383],"class_list":{"0":"post-22203","1":"product","2":"type-product","3":"status-publish","4":"has-post-thumbnail","6":"product_cat-fripris","7":"product_tag-faglitteratur","8":"product_tag-hiv","9":"product_tag-hverdagsbetraktninger","10":"product_tag-kjaerlighet","11":"product_tag-personlige-beretninger","13":"first","14":"outofstock","15":"taxable","16":"shipping-taxable","17":"purchasable","18":"product-type-simple"},"acf":{"anmeldelse":null},"yoast_head":"<!-- This site is optimized with the Yoast SEO plugin v26.6 - https:\/\/yoast.com\/wordpress\/plugins\/seo\/ -->\n<title>Kj\u00e6rlighetens flyktninger - Pax<\/title>\n<meta name=\"robots\" content=\"noindex, follow, max-snippet:-1, max-image-preview:large, max-video-preview:-1\" \/>\n<meta property=\"og:locale\" content=\"nb_NO\" \/>\n<meta property=\"og:type\" content=\"article\" \/>\n<meta property=\"og:title\" content=\"Kj\u00e6rlighetens flyktninger - Pax\" \/>\n<meta property=\"og:description\" content=\"Kj\u00e6rlighetens flyktninger er en blasfemisk bok om kj\u00e6rlighet. Den er et eksistensielt raserianfall og en befriende latter. Forfatteren, som er journalist, f\u00e5r sommeren 1999 vite at hun har hiv. Skal hun gr\u00e5te i stillhet og skamme seg? Skal hun g\u00e5 inn i . de hiv . positives. tause rekker og skjule sin diagnose som best [&hellip;]\" \/>\n<meta property=\"og:url\" content=\"https:\/\/staging.forenteforlag.no\/pax\/produkt\/kjaerlighetens-flyktninger\/\" \/>\n<meta property=\"og:site_name\" content=\"Pax\" \/>\n<meta property=\"article:modified_time\" content=\"2026-03-04T19:19:46+00:00\" \/>\n<meta property=\"og:image\" content=\"https:\/\/staging.forenteforlag.no\/pax\/wp-content\/uploads\/sites\/5\/2025\/08\/jpg-8390.jpg\" \/>\n\t<meta property=\"og:image:width\" content=\"282\" \/>\n\t<meta property=\"og:image:height\" content=\"450\" \/>\n\t<meta property=\"og:image:type\" content=\"image\/jpeg\" \/>\n<meta name=\"twitter:card\" content=\"summary_large_image\" \/>\n<meta name=\"twitter:label1\" content=\"Ansl. lesetid\" \/>\n\t<meta name=\"twitter:data1\" content=\"1 minutt\" \/>\n<script type=\"application\/ld+json\" class=\"yoast-schema-graph\">{\"@context\":\"https:\/\/schema.org\",\"@graph\":[{\"@type\":\"WebPage\",\"@id\":\"https:\/\/staging.forenteforlag.no\/pax\/produkt\/kjaerlighetens-flyktninger\/\",\"url\":\"https:\/\/staging.forenteforlag.no\/pax\/produkt\/kjaerlighetens-flyktninger\/\",\"name\":\"Kj\u00e6rlighetens flyktninger - Pax\",\"isPartOf\":{\"@id\":\"https:\/\/staging.forenteforlag.no\/pax\/#website\"},\"primaryImageOfPage\":{\"@id\":\"https:\/\/staging.forenteforlag.no\/pax\/produkt\/kjaerlighetens-flyktninger\/#primaryimage\"},\"image\":{\"@id\":\"https:\/\/staging.forenteforlag.no\/pax\/produkt\/kjaerlighetens-flyktninger\/#primaryimage\"},\"thumbnailUrl\":\"https:\/\/staging.forenteforlag.no\/pax\/wp-content\/uploads\/sites\/5\/2025\/08\/jpg-8390.jpg\",\"datePublished\":\"2024-12-10T21:08:15+00:00\",\"dateModified\":\"2026-03-04T19:19:46+00:00\",\"breadcrumb\":{\"@id\":\"https:\/\/staging.forenteforlag.no\/pax\/produkt\/kjaerlighetens-flyktninger\/#breadcrumb\"},\"inLanguage\":\"nb-NO\",\"potentialAction\":[{\"@type\":\"ReadAction\",\"target\":[\"https:\/\/staging.forenteforlag.no\/pax\/produkt\/kjaerlighetens-flyktninger\/\"]}]},{\"@type\":\"ImageObject\",\"inLanguage\":\"nb-NO\",\"@id\":\"https:\/\/staging.forenteforlag.no\/pax\/produkt\/kjaerlighetens-flyktninger\/#primaryimage\",\"url\":\"https:\/\/staging.forenteforlag.no\/pax\/wp-content\/uploads\/sites\/5\/2025\/08\/jpg-8390.jpg\",\"contentUrl\":\"https:\/\/staging.forenteforlag.no\/pax\/wp-content\/uploads\/sites\/5\/2025\/08\/jpg-8390.jpg\",\"width\":282,\"height\":450},{\"@type\":\"BreadcrumbList\",\"@id\":\"https:\/\/staging.forenteforlag.no\/pax\/produkt\/kjaerlighetens-flyktninger\/#breadcrumb\",\"itemListElement\":[{\"@type\":\"ListItem\",\"position\":1,\"name\":\"Hjem\",\"item\":\"https:\/\/staging.forenteforlag.no\/pax\/\"},{\"@type\":\"ListItem\",\"position\":2,\"name\":\"Alle b\u00f8ker\",\"item\":\"https:\/\/staging.forenteforlag.no\/pax\/butikk\/\"},{\"@type\":\"ListItem\",\"position\":3,\"name\":\"Kj\u00e6rlighetens flyktninger\"}]},{\"@type\":\"WebSite\",\"@id\":\"https:\/\/staging.forenteforlag.no\/pax\/#website\",\"url\":\"https:\/\/staging.forenteforlag.no\/pax\/\",\"name\":\"Pax\",\"description\":\"\",\"potentialAction\":[{\"@type\":\"SearchAction\",\"target\":{\"@type\":\"EntryPoint\",\"urlTemplate\":\"https:\/\/staging.forenteforlag.no\/pax\/?s={search_term_string}\"},\"query-input\":{\"@type\":\"PropertyValueSpecification\",\"valueRequired\":true,\"valueName\":\"search_term_string\"}}],\"inLanguage\":\"nb-NO\"}]}<\/script>\n<!-- \/ Yoast SEO plugin. -->","yoast_head_json":{"title":"Kj\u00e6rlighetens flyktninger - Pax","robots":{"index":"noindex","follow":"follow","max-snippet":"max-snippet:-1","max-image-preview":"max-image-preview:large","max-video-preview":"max-video-preview:-1"},"og_locale":"nb_NO","og_type":"article","og_title":"Kj\u00e6rlighetens flyktninger - Pax","og_description":"Kj\u00e6rlighetens flyktninger er en blasfemisk bok om kj\u00e6rlighet. Den er et eksistensielt raserianfall og en befriende latter. Forfatteren, som er journalist, f\u00e5r sommeren 1999 vite at hun har hiv. Skal hun gr\u00e5te i stillhet og skamme seg? Skal hun g\u00e5 inn i . de hiv . positives. tause rekker og skjule sin diagnose som best [&hellip;]","og_url":"https:\/\/staging.forenteforlag.no\/pax\/produkt\/kjaerlighetens-flyktninger\/","og_site_name":"Pax","article_modified_time":"2026-03-04T19:19:46+00:00","og_image":[{"width":282,"height":450,"url":"https:\/\/staging.forenteforlag.no\/pax\/wp-content\/uploads\/sites\/5\/2025\/08\/jpg-8390.jpg","type":"image\/jpeg"}],"twitter_card":"summary_large_image","twitter_misc":{"Ansl. lesetid":"1 minutt"},"schema":{"@context":"https:\/\/schema.org","@graph":[{"@type":"WebPage","@id":"https:\/\/staging.forenteforlag.no\/pax\/produkt\/kjaerlighetens-flyktninger\/","url":"https:\/\/staging.forenteforlag.no\/pax\/produkt\/kjaerlighetens-flyktninger\/","name":"Kj\u00e6rlighetens flyktninger - Pax","isPartOf":{"@id":"https:\/\/staging.forenteforlag.no\/pax\/#website"},"primaryImageOfPage":{"@id":"https:\/\/staging.forenteforlag.no\/pax\/produkt\/kjaerlighetens-flyktninger\/#primaryimage"},"image":{"@id":"https:\/\/staging.forenteforlag.no\/pax\/produkt\/kjaerlighetens-flyktninger\/#primaryimage"},"thumbnailUrl":"https:\/\/staging.forenteforlag.no\/pax\/wp-content\/uploads\/sites\/5\/2025\/08\/jpg-8390.jpg","datePublished":"2024-12-10T21:08:15+00:00","dateModified":"2026-03-04T19:19:46+00:00","breadcrumb":{"@id":"https:\/\/staging.forenteforlag.no\/pax\/produkt\/kjaerlighetens-flyktninger\/#breadcrumb"},"inLanguage":"nb-NO","potentialAction":[{"@type":"ReadAction","target":["https:\/\/staging.forenteforlag.no\/pax\/produkt\/kjaerlighetens-flyktninger\/"]}]},{"@type":"ImageObject","inLanguage":"nb-NO","@id":"https:\/\/staging.forenteforlag.no\/pax\/produkt\/kjaerlighetens-flyktninger\/#primaryimage","url":"https:\/\/staging.forenteforlag.no\/pax\/wp-content\/uploads\/sites\/5\/2025\/08\/jpg-8390.jpg","contentUrl":"https:\/\/staging.forenteforlag.no\/pax\/wp-content\/uploads\/sites\/5\/2025\/08\/jpg-8390.jpg","width":282,"height":450},{"@type":"BreadcrumbList","@id":"https:\/\/staging.forenteforlag.no\/pax\/produkt\/kjaerlighetens-flyktninger\/#breadcrumb","itemListElement":[{"@type":"ListItem","position":1,"name":"Hjem","item":"https:\/\/staging.forenteforlag.no\/pax\/"},{"@type":"ListItem","position":2,"name":"Alle b\u00f8ker","item":"https:\/\/staging.forenteforlag.no\/pax\/butikk\/"},{"@type":"ListItem","position":3,"name":"Kj\u00e6rlighetens flyktninger"}]},{"@type":"WebSite","@id":"https:\/\/staging.forenteforlag.no\/pax\/#website","url":"https:\/\/staging.forenteforlag.no\/pax\/","name":"Pax","description":"","potentialAction":[{"@type":"SearchAction","target":{"@type":"EntryPoint","urlTemplate":"https:\/\/staging.forenteforlag.no\/pax\/?s={search_term_string}"},"query-input":{"@type":"PropertyValueSpecification","valueRequired":true,"valueName":"search_term_string"}}],"inLanguage":"nb-NO"}]}},"_links":{"self":[{"href":"https:\/\/staging.forenteforlag.no\/pax\/wp-json\/wp\/v2\/product\/22203","targetHints":{"allow":["GET"]}}],"collection":[{"href":"https:\/\/staging.forenteforlag.no\/pax\/wp-json\/wp\/v2\/product"}],"about":[{"href":"https:\/\/staging.forenteforlag.no\/pax\/wp-json\/wp\/v2\/types\/product"}],"wp:featuredmedia":[{"embeddable":true,"href":"https:\/\/staging.forenteforlag.no\/pax\/wp-json\/wp\/v2\/media\/28931"}],"wp:attachment":[{"href":"https:\/\/staging.forenteforlag.no\/pax\/wp-json\/wp\/v2\/media?parent=22203"}],"wp:term":[{"taxonomy":"product_brand","embeddable":true,"href":"https:\/\/staging.forenteforlag.no\/pax\/wp-json\/wp\/v2\/product_brand?post=22203"},{"taxonomy":"product_cat","embeddable":true,"href":"https:\/\/staging.forenteforlag.no\/pax\/wp-json\/wp\/v2\/product_cat?post=22203"},{"taxonomy":"product_tag","embeddable":true,"href":"https:\/\/staging.forenteforlag.no\/pax\/wp-json\/wp\/v2\/product_tag?post=22203"}],"curies":[{"name":"wp","href":"https:\/\/api.w.org\/{rel}","templated":true}]}}