{"id":22097,"date":"2019-05-27T02:00:00","date_gmt":"2019-05-27T00:00:00","guid":{"rendered":"https:\/\/pax.forenteforlag.no\/produkt\/politikk-i-dystre-tider\/"},"modified":"2026-03-03T22:49:59","modified_gmt":"2026-03-03T21:49:59","slug":"politikk-i-dystre-tider","status":"publish","type":"product","link":"https:\/\/staging.forenteforlag.no\/pax\/produkt\/politikk-i-dystre-tider\/","title":{"rendered":"Politikk i dystre tider"},"content":{"rendered":"<p>Rune Slagstad har satt sammen utvalget av artikler i Politikk i dystre tider, og han har valgt sentrale tekster som belyser Hannah Arendts filsofi og politiske tenkning. Arendt var en kompromissl\u00f8s filosof, skribent og debatt\u00f8r. Hennes mest kjente arbeider handler om \u00e5 forst\u00e5 opprinnelsen til totalitarisme. Arendt hadde selv j\u00f8disk bakgrunn, og mange av hennes arbeider ber\u00f8rer j\u00f8diske sp\u00f8rsm\u00e5l, blant annet hennes omstridte bok Eichmann i Jerusalem. Noe av det farligste, mente hun, var n\u00e5r mennesker i sin iver etter \u00e5 v\u00e6re til nytte, handler med automatikk. Hennes tenkning er en hyllest til refleksjonen og den sunne fornuft som setter mennesket i stand til \u00e5 tre et skritt tilbake fra verdens vrimmel og selv velge hva det vil. <\/p>\n<p>\u00c5pningskapittelet \u00abVi flyktninger\u00bb ble opprinnelig skrevet tidlig under andre verdenskrig, men har sl\u00e5ende aktualitet i dagens situasjon. Et annet av bokens kapitler, \u00abSannhet og politikk\u00bb, er som om det skulle v\u00e6re skrevet som en filosofisk kommentar til dagens debatt om \u00abfakenews\u00bb. I tillegg bringer boken inng\u00e5ende kapitler om politiske n\u00f8kkeltema som frihet, autoritet og revolusjon, utformet i en essayistisk tilgjengelig form. Boken avrundes med to portretter: det ene, om den marxistiske forfatteren Bertolt Brecht, med kritisk distanse, det andre, om den frihetlige sosialisten Rosa Luxemburg, med varm sympati. <\/p>\n<p>HANNAH ARENDT (1906-1975) var en av forrige \u00e5rhundres mest betydningsfulle politiske tenkere. Hun studerte filosofi, gresk og teologi. I 1933 m\u00e5tte hun flykte og endte opp i Paris. I 1940 emigrerte hun til USA. Hun underviste ved en rekke amerikanske universiteter, og i 1959 ble hun den f\u00f8rste kvinne utnevnt til et fullt professorat ved Princeton-universitetet.<\/p>\n","protected":false},"excerpt":{"rendered":"<p>Rune Slagstad har satt sammen utvalget av artikler i Politikk i dystre tider, og han har valgt sentrale tekster som belyser Hannah Arendts filsofi og politiske tenkning. Arendt var en kompromissl\u00f8s filosof, skribent og debatt\u00f8r. Hennes mest kjente arbeider handler om \u00e5 forst\u00e5 opprinnelsen til totalitarisme. Arendt hadde selv j\u00f8disk bakgrunn, og mange av hennes [&hellip;]<\/p>\n","protected":false},"featured_media":29336,"template":"","meta":{"_acf_changed":false,"inline_featured_image":false},"product_brand":[],"product_cat":[1782],"product_tag":[362,962],"class_list":{"0":"post-22097","1":"product","2":"type-product","3":"status-publish","4":"has-post-thumbnail","6":"product_cat-fripris","7":"product_tag-faglitteratur","8":"product_tag-politisk-teori","10":"first","11":"instock","12":"shipping-taxable","13":"purchasable","14":"product-type-simple"},"acf":{"anmeldelse":null},"yoast_head":"<!-- This site is optimized with the Yoast SEO plugin v26.6 - https:\/\/yoast.com\/wordpress\/plugins\/seo\/ -->\n<title>Politikk i dystre tider - Pax<\/title>\n<meta name=\"robots\" content=\"noindex, follow, max-snippet:-1, max-image-preview:large, max-video-preview:-1\" \/>\n<meta property=\"og:locale\" content=\"nb_NO\" \/>\n<meta property=\"og:type\" content=\"article\" \/>\n<meta property=\"og:title\" content=\"Politikk i dystre tider - Pax\" \/>\n<meta property=\"og:description\" content=\"Rune Slagstad har satt sammen utvalget av artikler i Politikk i dystre tider, og han har valgt sentrale tekster som belyser Hannah Arendts filsofi og politiske tenkning. Arendt var en kompromissl\u00f8s filosof, skribent og debatt\u00f8r. Hennes mest kjente arbeider handler om \u00e5 forst\u00e5 opprinnelsen til totalitarisme. Arendt hadde selv j\u00f8disk bakgrunn, og mange av hennes [&hellip;]\" \/>\n<meta property=\"og:url\" content=\"https:\/\/staging.forenteforlag.no\/pax\/produkt\/politikk-i-dystre-tider\/\" \/>\n<meta property=\"og:site_name\" content=\"Pax\" \/>\n<meta property=\"article:modified_time\" content=\"2026-03-03T21:49:59+00:00\" \/>\n<meta property=\"og:image\" content=\"https:\/\/staging.forenteforlag.no\/pax\/wp-content\/uploads\/sites\/5\/2025\/08\/jpg-9638.jpg\" \/>\n\t<meta property=\"og:image:width\" content=\"805\" \/>\n\t<meta property=\"og:image:height\" content=\"1280\" \/>\n\t<meta property=\"og:image:type\" content=\"image\/jpeg\" \/>\n<meta name=\"twitter:card\" content=\"summary_large_image\" \/>\n<meta name=\"twitter:label1\" content=\"Ansl. lesetid\" \/>\n\t<meta name=\"twitter:data1\" content=\"1 minutt\" \/>\n<script type=\"application\/ld+json\" class=\"yoast-schema-graph\">{\"@context\":\"https:\/\/schema.org\",\"@graph\":[{\"@type\":\"WebPage\",\"@id\":\"https:\/\/staging.forenteforlag.no\/pax\/produkt\/politikk-i-dystre-tider\/\",\"url\":\"https:\/\/staging.forenteforlag.no\/pax\/produkt\/politikk-i-dystre-tider\/\",\"name\":\"Politikk i dystre tider - Pax\",\"isPartOf\":{\"@id\":\"https:\/\/staging.forenteforlag.no\/pax\/#website\"},\"primaryImageOfPage\":{\"@id\":\"https:\/\/staging.forenteforlag.no\/pax\/produkt\/politikk-i-dystre-tider\/#primaryimage\"},\"image\":{\"@id\":\"https:\/\/staging.forenteforlag.no\/pax\/produkt\/politikk-i-dystre-tider\/#primaryimage\"},\"thumbnailUrl\":\"https:\/\/staging.forenteforlag.no\/pax\/wp-content\/uploads\/sites\/5\/2025\/08\/jpg-9638.jpg\",\"datePublished\":\"2019-05-27T00:00:00+00:00\",\"dateModified\":\"2026-03-03T21:49:59+00:00\",\"breadcrumb\":{\"@id\":\"https:\/\/staging.forenteforlag.no\/pax\/produkt\/politikk-i-dystre-tider\/#breadcrumb\"},\"inLanguage\":\"nb-NO\",\"potentialAction\":[{\"@type\":\"ReadAction\",\"target\":[\"https:\/\/staging.forenteforlag.no\/pax\/produkt\/politikk-i-dystre-tider\/\"]}]},{\"@type\":\"ImageObject\",\"inLanguage\":\"nb-NO\",\"@id\":\"https:\/\/staging.forenteforlag.no\/pax\/produkt\/politikk-i-dystre-tider\/#primaryimage\",\"url\":\"https:\/\/staging.forenteforlag.no\/pax\/wp-content\/uploads\/sites\/5\/2025\/08\/jpg-9638.jpg\",\"contentUrl\":\"https:\/\/staging.forenteforlag.no\/pax\/wp-content\/uploads\/sites\/5\/2025\/08\/jpg-9638.jpg\",\"width\":805,\"height\":1280},{\"@type\":\"BreadcrumbList\",\"@id\":\"https:\/\/staging.forenteforlag.no\/pax\/produkt\/politikk-i-dystre-tider\/#breadcrumb\",\"itemListElement\":[{\"@type\":\"ListItem\",\"position\":1,\"name\":\"Hjem\",\"item\":\"https:\/\/staging.forenteforlag.no\/pax\/\"},{\"@type\":\"ListItem\",\"position\":2,\"name\":\"Alle b\u00f8ker\",\"item\":\"https:\/\/staging.forenteforlag.no\/pax\/butikk\/\"},{\"@type\":\"ListItem\",\"position\":3,\"name\":\"Politikk i dystre tider\"}]},{\"@type\":\"WebSite\",\"@id\":\"https:\/\/staging.forenteforlag.no\/pax\/#website\",\"url\":\"https:\/\/staging.forenteforlag.no\/pax\/\",\"name\":\"Pax\",\"description\":\"\",\"potentialAction\":[{\"@type\":\"SearchAction\",\"target\":{\"@type\":\"EntryPoint\",\"urlTemplate\":\"https:\/\/staging.forenteforlag.no\/pax\/?s={search_term_string}\"},\"query-input\":{\"@type\":\"PropertyValueSpecification\",\"valueRequired\":true,\"valueName\":\"search_term_string\"}}],\"inLanguage\":\"nb-NO\"}]}<\/script>\n<!-- \/ Yoast SEO plugin. -->","yoast_head_json":{"title":"Politikk i dystre tider - Pax","robots":{"index":"noindex","follow":"follow","max-snippet":"max-snippet:-1","max-image-preview":"max-image-preview:large","max-video-preview":"max-video-preview:-1"},"og_locale":"nb_NO","og_type":"article","og_title":"Politikk i dystre tider - Pax","og_description":"Rune Slagstad har satt sammen utvalget av artikler i Politikk i dystre tider, og han har valgt sentrale tekster som belyser Hannah Arendts filsofi og politiske tenkning. Arendt var en kompromissl\u00f8s filosof, skribent og debatt\u00f8r. Hennes mest kjente arbeider handler om \u00e5 forst\u00e5 opprinnelsen til totalitarisme. Arendt hadde selv j\u00f8disk bakgrunn, og mange av hennes [&hellip;]","og_url":"https:\/\/staging.forenteforlag.no\/pax\/produkt\/politikk-i-dystre-tider\/","og_site_name":"Pax","article_modified_time":"2026-03-03T21:49:59+00:00","og_image":[{"width":805,"height":1280,"url":"https:\/\/staging.forenteforlag.no\/pax\/wp-content\/uploads\/sites\/5\/2025\/08\/jpg-9638.jpg","type":"image\/jpeg"}],"twitter_card":"summary_large_image","twitter_misc":{"Ansl. lesetid":"1 minutt"},"schema":{"@context":"https:\/\/schema.org","@graph":[{"@type":"WebPage","@id":"https:\/\/staging.forenteforlag.no\/pax\/produkt\/politikk-i-dystre-tider\/","url":"https:\/\/staging.forenteforlag.no\/pax\/produkt\/politikk-i-dystre-tider\/","name":"Politikk i dystre tider - Pax","isPartOf":{"@id":"https:\/\/staging.forenteforlag.no\/pax\/#website"},"primaryImageOfPage":{"@id":"https:\/\/staging.forenteforlag.no\/pax\/produkt\/politikk-i-dystre-tider\/#primaryimage"},"image":{"@id":"https:\/\/staging.forenteforlag.no\/pax\/produkt\/politikk-i-dystre-tider\/#primaryimage"},"thumbnailUrl":"https:\/\/staging.forenteforlag.no\/pax\/wp-content\/uploads\/sites\/5\/2025\/08\/jpg-9638.jpg","datePublished":"2019-05-27T00:00:00+00:00","dateModified":"2026-03-03T21:49:59+00:00","breadcrumb":{"@id":"https:\/\/staging.forenteforlag.no\/pax\/produkt\/politikk-i-dystre-tider\/#breadcrumb"},"inLanguage":"nb-NO","potentialAction":[{"@type":"ReadAction","target":["https:\/\/staging.forenteforlag.no\/pax\/produkt\/politikk-i-dystre-tider\/"]}]},{"@type":"ImageObject","inLanguage":"nb-NO","@id":"https:\/\/staging.forenteforlag.no\/pax\/produkt\/politikk-i-dystre-tider\/#primaryimage","url":"https:\/\/staging.forenteforlag.no\/pax\/wp-content\/uploads\/sites\/5\/2025\/08\/jpg-9638.jpg","contentUrl":"https:\/\/staging.forenteforlag.no\/pax\/wp-content\/uploads\/sites\/5\/2025\/08\/jpg-9638.jpg","width":805,"height":1280},{"@type":"BreadcrumbList","@id":"https:\/\/staging.forenteforlag.no\/pax\/produkt\/politikk-i-dystre-tider\/#breadcrumb","itemListElement":[{"@type":"ListItem","position":1,"name":"Hjem","item":"https:\/\/staging.forenteforlag.no\/pax\/"},{"@type":"ListItem","position":2,"name":"Alle b\u00f8ker","item":"https:\/\/staging.forenteforlag.no\/pax\/butikk\/"},{"@type":"ListItem","position":3,"name":"Politikk i dystre tider"}]},{"@type":"WebSite","@id":"https:\/\/staging.forenteforlag.no\/pax\/#website","url":"https:\/\/staging.forenteforlag.no\/pax\/","name":"Pax","description":"","potentialAction":[{"@type":"SearchAction","target":{"@type":"EntryPoint","urlTemplate":"https:\/\/staging.forenteforlag.no\/pax\/?s={search_term_string}"},"query-input":{"@type":"PropertyValueSpecification","valueRequired":true,"valueName":"search_term_string"}}],"inLanguage":"nb-NO"}]}},"_links":{"self":[{"href":"https:\/\/staging.forenteforlag.no\/pax\/wp-json\/wp\/v2\/product\/22097","targetHints":{"allow":["GET"]}}],"collection":[{"href":"https:\/\/staging.forenteforlag.no\/pax\/wp-json\/wp\/v2\/product"}],"about":[{"href":"https:\/\/staging.forenteforlag.no\/pax\/wp-json\/wp\/v2\/types\/product"}],"wp:featuredmedia":[{"embeddable":true,"href":"https:\/\/staging.forenteforlag.no\/pax\/wp-json\/wp\/v2\/media\/29336"}],"wp:attachment":[{"href":"https:\/\/staging.forenteforlag.no\/pax\/wp-json\/wp\/v2\/media?parent=22097"}],"wp:term":[{"taxonomy":"product_brand","embeddable":true,"href":"https:\/\/staging.forenteforlag.no\/pax\/wp-json\/wp\/v2\/product_brand?post=22097"},{"taxonomy":"product_cat","embeddable":true,"href":"https:\/\/staging.forenteforlag.no\/pax\/wp-json\/wp\/v2\/product_cat?post=22097"},{"taxonomy":"product_tag","embeddable":true,"href":"https:\/\/staging.forenteforlag.no\/pax\/wp-json\/wp\/v2\/product_tag?post=22097"}],"curies":[{"name":"wp","href":"https:\/\/api.w.org\/{rel}","templated":true}]}}

<p>Rune Slagstad har satt sammen utvalget av artikler i Politikk i dystre tider, og han har valgt sentrale tekster som belyser Hannah Arendts filsofi og politiske tenkning. Arendt var en kompromissløs filosof, skribent og debattør. Hennes mest kjente arbeider handler om å forstå opprinnelsen til totalitarisme. Arendt hadde selv jødisk bakgrunn, og mange av hennes arbeider berører jødiske spørsmål, blant annet hennes omstridte bok Eichmann i Jerusalem. Noe av det farligste, mente hun, var når mennesker i sin iver etter å være til nytte, handler med automatikk. Hennes tenkning er en hyllest til refleksjonen og den sunne fornuft som setter mennesket i stand til å tre et skritt tilbake fra verdens vrimmel og selv velge hva det vil. </p>
<p>Åpningskapittelet «Vi flyktninger» ble opprinnelig skrevet tidlig under andre verdenskrig, men har slående aktualitet i dagens situasjon. Et annet av bokens kapitler, «Sannhet og politikk», er som om det skulle være skrevet som en filosofisk kommentar til dagens debatt om «fakenews». I tillegg bringer boken inngående kapitler om politiske nøkkeltema som frihet, autoritet og revolusjon, utformet i en essayistisk tilgjengelig form. Boken avrundes med to portretter: det ene, om den marxistiske forfatteren Bertolt Brecht, med kritisk distanse, det andre, om den frihetlige sosialisten Rosa Luxemburg, med varm sympati. </p>
<p>HANNAH ARENDT (1906-1975) var en av forrige århundres mest betydningsfulle politiske tenkere. Hun studerte filosofi, gresk og teologi. I 1933 måtte hun flykte og endte opp i Paris. I 1940 emigrerte hun til USA. Hun underviste ved en rekke amerikanske universiteter, og i 1959 ble hun den første kvinne utnevnt til et fullt professorat ved Princeton-universitetet.</p>

<p>Rune Slagstad har satt sammen utvalget av artikler i Politikk i dystre tider, og han har valgt sentrale tekster som belyser Hannah Arendts filsofi og politiske tenkning. Arendt var en kompromissløs filosof, skribent og debattør. Hennes mest kjente arbeider handler om å forstå opprinnelsen til totalitarisme. Arendt hadde selv jødisk bakgrunn, og mange av hennes [&hellip;]</p>

<!-- This site is optimized with the Yoast SEO plugin v26.6 - https://yoast.com/wordpress/plugins/seo/ -->
<title>Politikk i dystre tider - Pax</title>
<meta name="robots" content="noindex, follow, max-snippet:-1, max-image-preview:large, max-video-preview:-1" />
<meta property="og:locale" content="nb_NO" />
<meta property="og:type" content="article" />
<meta property="og:title" content="Politikk i dystre tider - Pax" />
<meta property="og:description" content="Rune Slagstad har satt sammen utvalget av artikler i Politikk i dystre tider, og han har valgt sentrale tekster som belyser Hannah Arendts filsofi og politiske tenkning. Arendt var en kompromissløs filosof, skribent og debattør. Hennes mest kjente arbeider handler om å forstå opprinnelsen til totalitarisme. Arendt hadde selv jødisk bakgrunn, og mange av hennes [&hellip;]" />
<meta property="og:url" content="https://staging.forenteforlag.no/pax/produkt/politikk-i-dystre-tider/" />
<meta property="og:site_name" content="Pax" />
<meta property="article:modified_time" content="2026-03-03T21:49:59+00:00" />
<meta property="og:image" content="https://staging.forenteforlag.no/pax/wp-content/uploads/sites/5/2025/08/jpg-9638.jpg" />
	<meta property="og:image:width" content="805" />
	<meta property="og:image:height" content="1280" />
	<meta property="og:image:type" content="image/jpeg" />
<meta name="twitter:card" content="summary_large_image" />
<meta name="twitter:label1" content="Ansl. lesetid" />
	<meta name="twitter:data1" content="1 minutt" />
<script type="application/ld+json" class="yoast-schema-graph">{"@context":"https://schema.org","@graph":[{"@type":"WebPage","@id":"https://staging.forenteforlag.no/pax/produkt/politikk-i-dystre-tider/","url":"https://staging.forenteforlag.no/pax/produkt/politikk-i-dystre-tider/","name":"Politikk i dystre tider - Pax","isPartOf":{"@id":"https://staging.forenteforlag.no/pax/#website"},"primaryImageOfPage":{"@id":"https://staging.forenteforlag.no/pax/produkt/politikk-i-dystre-tider/#primaryimage"},"image":{"@id":"https://staging.forenteforlag.no/pax/produkt/politikk-i-dystre-tider/#primaryimage"},"thumbnailUrl":"https://staging.forenteforlag.no/pax/wp-content/uploads/sites/5/2025/08/jpg-9638.jpg","datePublished":"2019-05-27T00:00:00+00:00","dateModified":"2026-03-03T21:49:59+00:00","breadcrumb":{"@id":"https://staging.forenteforlag.no/pax/produkt/politikk-i-dystre-tider/#breadcrumb"},"inLanguage":"nb-NO","potentialAction":[{"@type":"ReadAction","target":["https://staging.forenteforlag.no/pax/produkt/politikk-i-dystre-tider/"]}]},{"@type":"ImageObject","inLanguage":"nb-NO","@id":"https://staging.forenteforlag.no/pax/produkt/politikk-i-dystre-tider/#primaryimage","url":"https://staging.forenteforlag.no/pax/wp-content/uploads/sites/5/2025/08/jpg-9638.jpg","contentUrl":"https://staging.forenteforlag.no/pax/wp-content/uploads/sites/5/2025/08/jpg-9638.jpg","width":805,"height":1280},{"@type":"BreadcrumbList","@id":"https://staging.forenteforlag.no/pax/produkt/politikk-i-dystre-tider/#breadcrumb","itemListElement":[{"@type":"ListItem","position":1,"name":"Hjem","item":"https://staging.forenteforlag.no/pax/"},{"@type":"ListItem","position":2,"name":"Alle bøker","item":"https://staging.forenteforlag.no/pax/butikk/"},{"@type":"ListItem","position":3,"name":"Politikk i dystre tider"}]},{"@type":"WebSite","@id":"https://staging.forenteforlag.no/pax/#website","url":"https://staging.forenteforlag.no/pax/","name":"Pax","description":"","potentialAction":[{"@type":"SearchAction","target":{"@type":"EntryPoint","urlTemplate":"https://staging.forenteforlag.no/pax/?s={search_term_string}"},"query-input":{"@type":"PropertyValueSpecification","valueRequired":true,"valueName":"search_term_string"}}],"inLanguage":"nb-NO"}]}</script>
<!-- / Yoast SEO plugin. -->

Rune Slagstad har satt sammen utvalget av artikler i Politikk i dystre tider, og han har valgt sentrale tekster som belyser Hannah Arendts filsofi og politiske tenkning. Arendt var en kompromissløs filosof, skribent og debattør. Hennes mest kjente arbeider handler om å forstå opprinnelsen til totalitarisme. Arendt hadde selv jødisk bakgrunn, og mange av hennes [&hellip;]

Alle bøker
