{"id":22075,"date":"2024-12-10T22:05:13","date_gmt":"2024-12-10T21:05:13","guid":{"rendered":"https:\/\/pax.forenteforlag.no\/produkt\/angstens-utganger\/"},"modified":"2026-03-04T18:42:37","modified_gmt":"2026-03-04T17:42:37","slug":"angstens-utganger","status":"publish","type":"product","link":"https:\/\/staging.forenteforlag.no\/pax\/produkt\/angstens-utganger\/","title":{"rendered":"Angstens utganger"},"content":{"rendered":"<p>I denne boken formidler forfatteren sine erfaringer fra ni \u00e5rs arbeid med selvhjelpsgruppen &laquo;Bare Angst&raquo; i Bergen. Det handler om mennesker som fors\u00f8ker \u00e5 finne veien ut av angsten. Boken setter ord p\u00e5 uklare f\u00f8lelser og viser angstrammede og p\u00e5r\u00f8rende hvor l\u00f8sninger kan finnes. Her forteller kvinner og menn om hvordan de har blitt bedre og\/eller friske. Forfatteren forteller ogs\u00e5 om instanser som kan gi r\u00e5d om hvor det er hjelp \u00e5 f\u00e5.<\/p>\n","protected":false},"excerpt":{"rendered":"<p>I denne boken formidler forfatteren sine erfaringer fra ni \u00e5rs arbeid med selvhjelpsgruppen &laquo;Bare Angst&raquo; i Bergen. Det handler om mennesker som fors\u00f8ker \u00e5 finne veien ut av angsten. Boken setter ord p\u00e5 uklare f\u00f8lelser og viser angstrammede og p\u00e5r\u00f8rende hvor l\u00f8sninger kan finnes. Her forteller kvinner og menn om hvordan de har blitt bedre [&hellip;]<\/p>\n","protected":false},"featured_media":0,"template":"","meta":{"_acf_changed":false,"inline_featured_image":false},"product_brand":[],"product_cat":[1782],"product_tag":[362,1181,465],"class_list":{"0":"post-22075","1":"product","2":"type-product","3":"status-publish","5":"product_cat-fripris","6":"product_tag-faglitteratur","7":"product_tag-gruppeterapi","8":"product_tag-hvalfangst","10":"first","11":"outofstock","12":"taxable","13":"shipping-taxable","14":"purchasable","15":"product-type-simple"},"acf":{"anmeldelse":null},"yoast_head":"<!-- This site is optimized with the Yoast SEO plugin v26.6 - https:\/\/yoast.com\/wordpress\/plugins\/seo\/ -->\n<title>Angstens utganger - Pax<\/title>\n<meta name=\"robots\" content=\"noindex, follow, max-snippet:-1, max-image-preview:large, max-video-preview:-1\" \/>\n<meta property=\"og:locale\" content=\"nb_NO\" \/>\n<meta property=\"og:type\" content=\"article\" \/>\n<meta property=\"og:title\" content=\"Angstens utganger - Pax\" \/>\n<meta property=\"og:description\" content=\"I denne boken formidler forfatteren sine erfaringer fra ni \u00e5rs arbeid med selvhjelpsgruppen &laquo;Bare Angst&raquo; i Bergen. Det handler om mennesker som fors\u00f8ker \u00e5 finne veien ut av angsten. Boken setter ord p\u00e5 uklare f\u00f8lelser og viser angstrammede og p\u00e5r\u00f8rende hvor l\u00f8sninger kan finnes. Her forteller kvinner og menn om hvordan de har blitt bedre [&hellip;]\" \/>\n<meta property=\"og:url\" content=\"https:\/\/staging.forenteforlag.no\/pax\/produkt\/angstens-utganger\/\" \/>\n<meta property=\"og:site_name\" content=\"Pax\" \/>\n<meta property=\"article:modified_time\" content=\"2026-03-04T17:42:37+00:00\" \/>\n<meta property=\"og:image\" content=\"https:\/\/staging.forenteforlag.no\/pax\/wp-content\/uploads\/sites\/5\/2025\/02\/pax-hvit.jpg\" \/>\n\t<meta property=\"og:image:width\" content=\"1200\" \/>\n\t<meta property=\"og:image:height\" content=\"800\" \/>\n\t<meta property=\"og:image:type\" content=\"image\/jpeg\" \/>\n<meta name=\"twitter:card\" content=\"summary_large_image\" \/>\n<script type=\"application\/ld+json\" class=\"yoast-schema-graph\">{\"@context\":\"https:\/\/schema.org\",\"@graph\":[{\"@type\":\"WebPage\",\"@id\":\"https:\/\/staging.forenteforlag.no\/pax\/produkt\/angstens-utganger\/\",\"url\":\"https:\/\/staging.forenteforlag.no\/pax\/produkt\/angstens-utganger\/\",\"name\":\"Angstens utganger - Pax\",\"isPartOf\":{\"@id\":\"https:\/\/staging.forenteforlag.no\/pax\/#website\"},\"datePublished\":\"2024-12-10T21:05:13+00:00\",\"dateModified\":\"2026-03-04T17:42:37+00:00\",\"breadcrumb\":{\"@id\":\"https:\/\/staging.forenteforlag.no\/pax\/produkt\/angstens-utganger\/#breadcrumb\"},\"inLanguage\":\"nb-NO\",\"potentialAction\":[{\"@type\":\"ReadAction\",\"target\":[\"https:\/\/staging.forenteforlag.no\/pax\/produkt\/angstens-utganger\/\"]}]},{\"@type\":\"BreadcrumbList\",\"@id\":\"https:\/\/staging.forenteforlag.no\/pax\/produkt\/angstens-utganger\/#breadcrumb\",\"itemListElement\":[{\"@type\":\"ListItem\",\"position\":1,\"name\":\"Hjem\",\"item\":\"https:\/\/staging.forenteforlag.no\/pax\/\"},{\"@type\":\"ListItem\",\"position\":2,\"name\":\"Alle b\u00f8ker\",\"item\":\"https:\/\/staging.forenteforlag.no\/pax\/butikk\/\"},{\"@type\":\"ListItem\",\"position\":3,\"name\":\"Angstens utganger\"}]},{\"@type\":\"WebSite\",\"@id\":\"https:\/\/staging.forenteforlag.no\/pax\/#website\",\"url\":\"https:\/\/staging.forenteforlag.no\/pax\/\",\"name\":\"Pax\",\"description\":\"\",\"potentialAction\":[{\"@type\":\"SearchAction\",\"target\":{\"@type\":\"EntryPoint\",\"urlTemplate\":\"https:\/\/staging.forenteforlag.no\/pax\/?s={search_term_string}\"},\"query-input\":{\"@type\":\"PropertyValueSpecification\",\"valueRequired\":true,\"valueName\":\"search_term_string\"}}],\"inLanguage\":\"nb-NO\"}]}<\/script>\n<!-- \/ Yoast SEO plugin. -->","yoast_head_json":{"title":"Angstens utganger - Pax","robots":{"index":"noindex","follow":"follow","max-snippet":"max-snippet:-1","max-image-preview":"max-image-preview:large","max-video-preview":"max-video-preview:-1"},"og_locale":"nb_NO","og_type":"article","og_title":"Angstens utganger - Pax","og_description":"I denne boken formidler forfatteren sine erfaringer fra ni \u00e5rs arbeid med selvhjelpsgruppen &laquo;Bare Angst&raquo; i Bergen. Det handler om mennesker som fors\u00f8ker \u00e5 finne veien ut av angsten. Boken setter ord p\u00e5 uklare f\u00f8lelser og viser angstrammede og p\u00e5r\u00f8rende hvor l\u00f8sninger kan finnes. Her forteller kvinner og menn om hvordan de har blitt bedre [&hellip;]","og_url":"https:\/\/staging.forenteforlag.no\/pax\/produkt\/angstens-utganger\/","og_site_name":"Pax","article_modified_time":"2026-03-04T17:42:37+00:00","og_image":[{"width":1200,"height":800,"url":"https:\/\/staging.forenteforlag.no\/pax\/wp-content\/uploads\/sites\/5\/2025\/02\/pax-hvit.jpg","type":"image\/jpeg"}],"twitter_card":"summary_large_image","schema":{"@context":"https:\/\/schema.org","@graph":[{"@type":"WebPage","@id":"https:\/\/staging.forenteforlag.no\/pax\/produkt\/angstens-utganger\/","url":"https:\/\/staging.forenteforlag.no\/pax\/produkt\/angstens-utganger\/","name":"Angstens utganger - Pax","isPartOf":{"@id":"https:\/\/staging.forenteforlag.no\/pax\/#website"},"datePublished":"2024-12-10T21:05:13+00:00","dateModified":"2026-03-04T17:42:37+00:00","breadcrumb":{"@id":"https:\/\/staging.forenteforlag.no\/pax\/produkt\/angstens-utganger\/#breadcrumb"},"inLanguage":"nb-NO","potentialAction":[{"@type":"ReadAction","target":["https:\/\/staging.forenteforlag.no\/pax\/produkt\/angstens-utganger\/"]}]},{"@type":"BreadcrumbList","@id":"https:\/\/staging.forenteforlag.no\/pax\/produkt\/angstens-utganger\/#breadcrumb","itemListElement":[{"@type":"ListItem","position":1,"name":"Hjem","item":"https:\/\/staging.forenteforlag.no\/pax\/"},{"@type":"ListItem","position":2,"name":"Alle b\u00f8ker","item":"https:\/\/staging.forenteforlag.no\/pax\/butikk\/"},{"@type":"ListItem","position":3,"name":"Angstens utganger"}]},{"@type":"WebSite","@id":"https:\/\/staging.forenteforlag.no\/pax\/#website","url":"https:\/\/staging.forenteforlag.no\/pax\/","name":"Pax","description":"","potentialAction":[{"@type":"SearchAction","target":{"@type":"EntryPoint","urlTemplate":"https:\/\/staging.forenteforlag.no\/pax\/?s={search_term_string}"},"query-input":{"@type":"PropertyValueSpecification","valueRequired":true,"valueName":"search_term_string"}}],"inLanguage":"nb-NO"}]}},"_links":{"self":[{"href":"https:\/\/staging.forenteforlag.no\/pax\/wp-json\/wp\/v2\/product\/22075","targetHints":{"allow":["GET"]}}],"collection":[{"href":"https:\/\/staging.forenteforlag.no\/pax\/wp-json\/wp\/v2\/product"}],"about":[{"href":"https:\/\/staging.forenteforlag.no\/pax\/wp-json\/wp\/v2\/types\/product"}],"wp:attachment":[{"href":"https:\/\/staging.forenteforlag.no\/pax\/wp-json\/wp\/v2\/media?parent=22075"}],"wp:term":[{"taxonomy":"product_brand","embeddable":true,"href":"https:\/\/staging.forenteforlag.no\/pax\/wp-json\/wp\/v2\/product_brand?post=22075"},{"taxonomy":"product_cat","embeddable":true,"href":"https:\/\/staging.forenteforlag.no\/pax\/wp-json\/wp\/v2\/product_cat?post=22075"},{"taxonomy":"product_tag","embeddable":true,"href":"https:\/\/staging.forenteforlag.no\/pax\/wp-json\/wp\/v2\/product_tag?post=22075"}],"curies":[{"name":"wp","href":"https:\/\/api.w.org\/{rel}","templated":true}]}}