{"id":22000,"date":"2024-12-10T22:02:53","date_gmt":"2024-12-10T21:02:53","guid":{"rendered":"https:\/\/pax.forenteforlag.no\/produkt\/paringslek\/"},"modified":"2026-03-03T17:42:30","modified_gmt":"2026-03-03T16:42:30","slug":"paringslek","status":"publish","type":"product","link":"https:\/\/staging.forenteforlag.no\/pax\/produkt\/paringslek\/","title":{"rendered":"Paringslek"},"content":{"rendered":"<p>Botswana, S\u00f8r-Afrika, i 1980-\u00e5rene. Her m\u00f8tes mennesker med dr\u00f8mmer om et nytt Afrika, og her m\u00f8tes hun og han. Hun er en 30 \u00e5r gammel amerikansk antropolog, og stemmen i romanen. Han er n\u00e6r 50, amerikaner, og et verdensnavn innen samfunnsforskningen. I flere \u00e5r har han v\u00e6rt bosatt i et samfunn som han selv har etablert og organisert. Et utopisk kvinnesamfunn i Kalahari\u00f8rkenen. Hun faller for ham, og uten at han vet det, f\u00f8lger hun etter ham til dette kvinnesamfunnet. Der blir alt etterhvert annerledes. Boka vant National Book Award da den kom ut i USA.<\/p>\n","protected":false},"excerpt":{"rendered":"<p>Botswana, S\u00f8r-Afrika, i 1980-\u00e5rene. Her m\u00f8tes mennesker med dr\u00f8mmer om et nytt Afrika, og her m\u00f8tes hun og han. Hun er en 30 \u00e5r gammel amerikansk antropolog, og stemmen i romanen. Han er n\u00e6r 50, amerikaner, og et verdensnavn innen samfunnsforskningen. I flere \u00e5r har han v\u00e6rt bosatt i et samfunn som han selv har [&hellip;]<\/p>\n","protected":false},"featured_media":0,"template":"","meta":{"_acf_changed":false,"inline_featured_image":false},"product_brand":[],"product_cat":[1782],"product_tag":[370],"class_list":{"0":"post-22000","1":"product","2":"type-product","3":"status-publish","5":"product_cat-fripris","6":"product_tag-skjonnlitteratur","8":"first","9":"outofstock","10":"taxable","11":"shipping-taxable","12":"purchasable","13":"product-type-simple"},"acf":{"anmeldelse":null},"yoast_head":"<!-- This site is optimized with the Yoast SEO plugin v26.6 - https:\/\/yoast.com\/wordpress\/plugins\/seo\/ -->\n<title>Paringslek - Pax<\/title>\n<meta name=\"robots\" content=\"noindex, follow, max-snippet:-1, max-image-preview:large, max-video-preview:-1\" \/>\n<meta property=\"og:locale\" content=\"nb_NO\" \/>\n<meta property=\"og:type\" content=\"article\" \/>\n<meta property=\"og:title\" content=\"Paringslek - Pax\" \/>\n<meta property=\"og:description\" content=\"Botswana, S\u00f8r-Afrika, i 1980-\u00e5rene. Her m\u00f8tes mennesker med dr\u00f8mmer om et nytt Afrika, og her m\u00f8tes hun og han. Hun er en 30 \u00e5r gammel amerikansk antropolog, og stemmen i romanen. Han er n\u00e6r 50, amerikaner, og et verdensnavn innen samfunnsforskningen. I flere \u00e5r har han v\u00e6rt bosatt i et samfunn som han selv har [&hellip;]\" \/>\n<meta property=\"og:url\" content=\"https:\/\/staging.forenteforlag.no\/pax\/produkt\/paringslek\/\" \/>\n<meta property=\"og:site_name\" content=\"Pax\" \/>\n<meta property=\"article:modified_time\" content=\"2026-03-03T16:42:30+00:00\" \/>\n<meta property=\"og:image\" content=\"https:\/\/staging.forenteforlag.no\/pax\/wp-content\/uploads\/sites\/5\/2025\/02\/pax-hvit.jpg\" \/>\n\t<meta property=\"og:image:width\" content=\"1200\" \/>\n\t<meta property=\"og:image:height\" content=\"800\" \/>\n\t<meta property=\"og:image:type\" content=\"image\/jpeg\" \/>\n<meta name=\"twitter:card\" content=\"summary_large_image\" \/>\n<meta name=\"twitter:label1\" content=\"Ansl. lesetid\" \/>\n\t<meta name=\"twitter:data1\" content=\"1 minutt\" \/>\n<script type=\"application\/ld+json\" class=\"yoast-schema-graph\">{\"@context\":\"https:\/\/schema.org\",\"@graph\":[{\"@type\":\"WebPage\",\"@id\":\"https:\/\/staging.forenteforlag.no\/pax\/produkt\/paringslek\/\",\"url\":\"https:\/\/staging.forenteforlag.no\/pax\/produkt\/paringslek\/\",\"name\":\"Paringslek - Pax\",\"isPartOf\":{\"@id\":\"https:\/\/staging.forenteforlag.no\/pax\/#website\"},\"datePublished\":\"2024-12-10T21:02:53+00:00\",\"dateModified\":\"2026-03-03T16:42:30+00:00\",\"breadcrumb\":{\"@id\":\"https:\/\/staging.forenteforlag.no\/pax\/produkt\/paringslek\/#breadcrumb\"},\"inLanguage\":\"nb-NO\",\"potentialAction\":[{\"@type\":\"ReadAction\",\"target\":[\"https:\/\/staging.forenteforlag.no\/pax\/produkt\/paringslek\/\"]}]},{\"@type\":\"BreadcrumbList\",\"@id\":\"https:\/\/staging.forenteforlag.no\/pax\/produkt\/paringslek\/#breadcrumb\",\"itemListElement\":[{\"@type\":\"ListItem\",\"position\":1,\"name\":\"Hjem\",\"item\":\"https:\/\/staging.forenteforlag.no\/pax\/\"},{\"@type\":\"ListItem\",\"position\":2,\"name\":\"Alle b\u00f8ker\",\"item\":\"https:\/\/staging.forenteforlag.no\/pax\/butikk\/\"},{\"@type\":\"ListItem\",\"position\":3,\"name\":\"Paringslek\"}]},{\"@type\":\"WebSite\",\"@id\":\"https:\/\/staging.forenteforlag.no\/pax\/#website\",\"url\":\"https:\/\/staging.forenteforlag.no\/pax\/\",\"name\":\"Pax\",\"description\":\"\",\"potentialAction\":[{\"@type\":\"SearchAction\",\"target\":{\"@type\":\"EntryPoint\",\"urlTemplate\":\"https:\/\/staging.forenteforlag.no\/pax\/?s={search_term_string}\"},\"query-input\":{\"@type\":\"PropertyValueSpecification\",\"valueRequired\":true,\"valueName\":\"search_term_string\"}}],\"inLanguage\":\"nb-NO\"}]}<\/script>\n<!-- \/ Yoast SEO plugin. -->","yoast_head_json":{"title":"Paringslek - Pax","robots":{"index":"noindex","follow":"follow","max-snippet":"max-snippet:-1","max-image-preview":"max-image-preview:large","max-video-preview":"max-video-preview:-1"},"og_locale":"nb_NO","og_type":"article","og_title":"Paringslek - Pax","og_description":"Botswana, S\u00f8r-Afrika, i 1980-\u00e5rene. Her m\u00f8tes mennesker med dr\u00f8mmer om et nytt Afrika, og her m\u00f8tes hun og han. Hun er en 30 \u00e5r gammel amerikansk antropolog, og stemmen i romanen. Han er n\u00e6r 50, amerikaner, og et verdensnavn innen samfunnsforskningen. I flere \u00e5r har han v\u00e6rt bosatt i et samfunn som han selv har [&hellip;]","og_url":"https:\/\/staging.forenteforlag.no\/pax\/produkt\/paringslek\/","og_site_name":"Pax","article_modified_time":"2026-03-03T16:42:30+00:00","og_image":[{"width":1200,"height":800,"url":"https:\/\/staging.forenteforlag.no\/pax\/wp-content\/uploads\/sites\/5\/2025\/02\/pax-hvit.jpg","type":"image\/jpeg"}],"twitter_card":"summary_large_image","twitter_misc":{"Ansl. lesetid":"1 minutt"},"schema":{"@context":"https:\/\/schema.org","@graph":[{"@type":"WebPage","@id":"https:\/\/staging.forenteforlag.no\/pax\/produkt\/paringslek\/","url":"https:\/\/staging.forenteforlag.no\/pax\/produkt\/paringslek\/","name":"Paringslek - Pax","isPartOf":{"@id":"https:\/\/staging.forenteforlag.no\/pax\/#website"},"datePublished":"2024-12-10T21:02:53+00:00","dateModified":"2026-03-03T16:42:30+00:00","breadcrumb":{"@id":"https:\/\/staging.forenteforlag.no\/pax\/produkt\/paringslek\/#breadcrumb"},"inLanguage":"nb-NO","potentialAction":[{"@type":"ReadAction","target":["https:\/\/staging.forenteforlag.no\/pax\/produkt\/paringslek\/"]}]},{"@type":"BreadcrumbList","@id":"https:\/\/staging.forenteforlag.no\/pax\/produkt\/paringslek\/#breadcrumb","itemListElement":[{"@type":"ListItem","position":1,"name":"Hjem","item":"https:\/\/staging.forenteforlag.no\/pax\/"},{"@type":"ListItem","position":2,"name":"Alle b\u00f8ker","item":"https:\/\/staging.forenteforlag.no\/pax\/butikk\/"},{"@type":"ListItem","position":3,"name":"Paringslek"}]},{"@type":"WebSite","@id":"https:\/\/staging.forenteforlag.no\/pax\/#website","url":"https:\/\/staging.forenteforlag.no\/pax\/","name":"Pax","description":"","potentialAction":[{"@type":"SearchAction","target":{"@type":"EntryPoint","urlTemplate":"https:\/\/staging.forenteforlag.no\/pax\/?s={search_term_string}"},"query-input":{"@type":"PropertyValueSpecification","valueRequired":true,"valueName":"search_term_string"}}],"inLanguage":"nb-NO"}]}},"_links":{"self":[{"href":"https:\/\/staging.forenteforlag.no\/pax\/wp-json\/wp\/v2\/product\/22000","targetHints":{"allow":["GET"]}}],"collection":[{"href":"https:\/\/staging.forenteforlag.no\/pax\/wp-json\/wp\/v2\/product"}],"about":[{"href":"https:\/\/staging.forenteforlag.no\/pax\/wp-json\/wp\/v2\/types\/product"}],"wp:attachment":[{"href":"https:\/\/staging.forenteforlag.no\/pax\/wp-json\/wp\/v2\/media?parent=22000"}],"wp:term":[{"taxonomy":"product_brand","embeddable":true,"href":"https:\/\/staging.forenteforlag.no\/pax\/wp-json\/wp\/v2\/product_brand?post=22000"},{"taxonomy":"product_cat","embeddable":true,"href":"https:\/\/staging.forenteforlag.no\/pax\/wp-json\/wp\/v2\/product_cat?post=22000"},{"taxonomy":"product_tag","embeddable":true,"href":"https:\/\/staging.forenteforlag.no\/pax\/wp-json\/wp\/v2\/product_tag?post=22000"}],"curies":[{"name":"wp","href":"https:\/\/api.w.org\/{rel}","templated":true}]}}