{"id":21973,"date":"2024-12-10T22:01:45","date_gmt":"2024-12-10T21:01:45","guid":{"rendered":"https:\/\/pax.forenteforlag.no\/produkt\/fugler-uten-vinger\/"},"modified":"2026-03-04T21:34:35","modified_gmt":"2026-03-04T20:34:35","slug":"fugler-uten-vinger","status":"publish","type":"product","link":"https:\/\/staging.forenteforlag.no\/pax\/produkt\/fugler-uten-vinger\/","title":{"rendered":"Fugler uten vinger"},"content":{"rendered":"<p>For ti \u00e5r siden ble Kaptein Corellis mandolin av Louis de Berni\u00e8res en voldsom internasjonal bestselger som solgte i millionklassen. N\u00e5 er han tilbake med et nytt stort epos. Fugler uten vinger tar leseren med til tiden etter forrige \u00e5rhundreskifte, da det store ottomanske riket som rommet s\u00e5 mange ulike folkeslag br\u00f8t sammen og den tyrkiske nasjonen ble etablert. Fortellingen har sitt feste i en liten by ved kysten av Anatolia. Her bor muslimer og kristne som naboer og venner og kj\u00e6rester. De kristne har gresk bakgrunn, men snakker utelukkende tyrkisk. Spr\u00e5ket har de felles, selv om de har hver sin religion. Gradvis vokser byens liv fram gjennom rike og poengterte fortellinger om vennskap og uvennskap, arbeid, kj\u00e6rlighet og religi\u00f8s praksis. Livet i denne byen blir etter hvert kraftig ber\u00f8rt av tidens politiske uro: Unge gutter drar i krig. Byens f\u00e5 armenere blir deportert. I sluttfasen av krigene blir byens kristne deportert til Hellas, og blir delvis erstattet av greske muslimer (som ikke kan et ord tyrkisk!). Fugler uten vinger er veldig bevegende og psykologisk innsiktsfull, deilig detaljert, storslagent ambisi\u00f8s og politisk skarp.<\/p>\n","protected":false},"excerpt":{"rendered":"<p>For ti \u00e5r siden ble Kaptein Corellis mandolin av Louis de Berni\u00e8res en voldsom internasjonal bestselger som solgte i millionklassen. N\u00e5 er han tilbake med et nytt stort epos. Fugler uten vinger tar leseren med til tiden etter forrige \u00e5rhundreskifte, da det store ottomanske riket som rommet s\u00e5 mange ulike folkeslag br\u00f8t sammen og den [&hellip;]<\/p>\n","protected":false},"featured_media":28809,"template":"","meta":{"_acf_changed":false,"inline_featured_image":false},"product_brand":[],"product_cat":[1782],"product_tag":[405,568,1095,687,370],"class_list":{"0":"post-21973","1":"product","2":"type-product","3":"status-publish","4":"has-post-thumbnail","6":"product_cat-fripris","7":"product_tag-andre-verdenskrig","8":"product_tag-bonusfamilie","9":"product_tag-grafiske-romaner","10":"product_tag-militaere","11":"product_tag-skjonnlitteratur","13":"first","14":"outofstock","15":"taxable","16":"shipping-taxable","17":"purchasable","18":"product-type-simple"},"acf":{"anmeldelse":null},"yoast_head":"<!-- This site is optimized with the Yoast SEO plugin v26.6 - https:\/\/yoast.com\/wordpress\/plugins\/seo\/ -->\n<title>Fugler uten vinger - Pax<\/title>\n<meta name=\"robots\" content=\"noindex, follow, max-snippet:-1, max-image-preview:large, max-video-preview:-1\" \/>\n<meta property=\"og:locale\" content=\"nb_NO\" \/>\n<meta property=\"og:type\" content=\"article\" \/>\n<meta property=\"og:title\" content=\"Fugler uten vinger - Pax\" \/>\n<meta property=\"og:description\" content=\"For ti \u00e5r siden ble Kaptein Corellis mandolin av Louis de Berni\u00e8res en voldsom internasjonal bestselger som solgte i millionklassen. N\u00e5 er han tilbake med et nytt stort epos. Fugler uten vinger tar leseren med til tiden etter forrige \u00e5rhundreskifte, da det store ottomanske riket som rommet s\u00e5 mange ulike folkeslag br\u00f8t sammen og den [&hellip;]\" \/>\n<meta property=\"og:url\" content=\"https:\/\/staging.forenteforlag.no\/pax\/produkt\/fugler-uten-vinger\/\" \/>\n<meta property=\"og:site_name\" content=\"Pax\" \/>\n<meta property=\"article:modified_time\" content=\"2026-03-04T20:34:35+00:00\" \/>\n<meta property=\"og:image\" content=\"https:\/\/staging.forenteforlag.no\/pax\/wp-content\/uploads\/sites\/5\/2025\/08\/jpg-8039.jpg\" \/>\n\t<meta property=\"og:image:width\" content=\"288\" \/>\n\t<meta property=\"og:image:height\" content=\"449\" \/>\n\t<meta property=\"og:image:type\" content=\"image\/jpeg\" \/>\n<meta name=\"twitter:card\" content=\"summary_large_image\" \/>\n<meta name=\"twitter:label1\" content=\"Ansl. lesetid\" \/>\n\t<meta name=\"twitter:data1\" content=\"1 minutt\" \/>\n<script type=\"application\/ld+json\" class=\"yoast-schema-graph\">{\"@context\":\"https:\/\/schema.org\",\"@graph\":[{\"@type\":\"WebPage\",\"@id\":\"https:\/\/staging.forenteforlag.no\/pax\/produkt\/fugler-uten-vinger\/\",\"url\":\"https:\/\/staging.forenteforlag.no\/pax\/produkt\/fugler-uten-vinger\/\",\"name\":\"Fugler uten vinger - Pax\",\"isPartOf\":{\"@id\":\"https:\/\/staging.forenteforlag.no\/pax\/#website\"},\"primaryImageOfPage\":{\"@id\":\"https:\/\/staging.forenteforlag.no\/pax\/produkt\/fugler-uten-vinger\/#primaryimage\"},\"image\":{\"@id\":\"https:\/\/staging.forenteforlag.no\/pax\/produkt\/fugler-uten-vinger\/#primaryimage\"},\"thumbnailUrl\":\"https:\/\/staging.forenteforlag.no\/pax\/wp-content\/uploads\/sites\/5\/2025\/08\/jpg-8039.jpg\",\"datePublished\":\"2024-12-10T21:01:45+00:00\",\"dateModified\":\"2026-03-04T20:34:35+00:00\",\"breadcrumb\":{\"@id\":\"https:\/\/staging.forenteforlag.no\/pax\/produkt\/fugler-uten-vinger\/#breadcrumb\"},\"inLanguage\":\"nb-NO\",\"potentialAction\":[{\"@type\":\"ReadAction\",\"target\":[\"https:\/\/staging.forenteforlag.no\/pax\/produkt\/fugler-uten-vinger\/\"]}]},{\"@type\":\"ImageObject\",\"inLanguage\":\"nb-NO\",\"@id\":\"https:\/\/staging.forenteforlag.no\/pax\/produkt\/fugler-uten-vinger\/#primaryimage\",\"url\":\"https:\/\/staging.forenteforlag.no\/pax\/wp-content\/uploads\/sites\/5\/2025\/08\/jpg-8039.jpg\",\"contentUrl\":\"https:\/\/staging.forenteforlag.no\/pax\/wp-content\/uploads\/sites\/5\/2025\/08\/jpg-8039.jpg\",\"width\":288,\"height\":449},{\"@type\":\"BreadcrumbList\",\"@id\":\"https:\/\/staging.forenteforlag.no\/pax\/produkt\/fugler-uten-vinger\/#breadcrumb\",\"itemListElement\":[{\"@type\":\"ListItem\",\"position\":1,\"name\":\"Hjem\",\"item\":\"https:\/\/staging.forenteforlag.no\/pax\/\"},{\"@type\":\"ListItem\",\"position\":2,\"name\":\"Alle b\u00f8ker\",\"item\":\"https:\/\/staging.forenteforlag.no\/pax\/butikk\/\"},{\"@type\":\"ListItem\",\"position\":3,\"name\":\"Fugler uten vinger\"}]},{\"@type\":\"WebSite\",\"@id\":\"https:\/\/staging.forenteforlag.no\/pax\/#website\",\"url\":\"https:\/\/staging.forenteforlag.no\/pax\/\",\"name\":\"Pax\",\"description\":\"\",\"potentialAction\":[{\"@type\":\"SearchAction\",\"target\":{\"@type\":\"EntryPoint\",\"urlTemplate\":\"https:\/\/staging.forenteforlag.no\/pax\/?s={search_term_string}\"},\"query-input\":{\"@type\":\"PropertyValueSpecification\",\"valueRequired\":true,\"valueName\":\"search_term_string\"}}],\"inLanguage\":\"nb-NO\"}]}<\/script>\n<!-- \/ Yoast SEO plugin. -->","yoast_head_json":{"title":"Fugler uten vinger - Pax","robots":{"index":"noindex","follow":"follow","max-snippet":"max-snippet:-1","max-image-preview":"max-image-preview:large","max-video-preview":"max-video-preview:-1"},"og_locale":"nb_NO","og_type":"article","og_title":"Fugler uten vinger - Pax","og_description":"For ti \u00e5r siden ble Kaptein Corellis mandolin av Louis de Berni\u00e8res en voldsom internasjonal bestselger som solgte i millionklassen. N\u00e5 er han tilbake med et nytt stort epos. Fugler uten vinger tar leseren med til tiden etter forrige \u00e5rhundreskifte, da det store ottomanske riket som rommet s\u00e5 mange ulike folkeslag br\u00f8t sammen og den [&hellip;]","og_url":"https:\/\/staging.forenteforlag.no\/pax\/produkt\/fugler-uten-vinger\/","og_site_name":"Pax","article_modified_time":"2026-03-04T20:34:35+00:00","og_image":[{"width":288,"height":449,"url":"https:\/\/staging.forenteforlag.no\/pax\/wp-content\/uploads\/sites\/5\/2025\/08\/jpg-8039.jpg","type":"image\/jpeg"}],"twitter_card":"summary_large_image","twitter_misc":{"Ansl. lesetid":"1 minutt"},"schema":{"@context":"https:\/\/schema.org","@graph":[{"@type":"WebPage","@id":"https:\/\/staging.forenteforlag.no\/pax\/produkt\/fugler-uten-vinger\/","url":"https:\/\/staging.forenteforlag.no\/pax\/produkt\/fugler-uten-vinger\/","name":"Fugler uten vinger - Pax","isPartOf":{"@id":"https:\/\/staging.forenteforlag.no\/pax\/#website"},"primaryImageOfPage":{"@id":"https:\/\/staging.forenteforlag.no\/pax\/produkt\/fugler-uten-vinger\/#primaryimage"},"image":{"@id":"https:\/\/staging.forenteforlag.no\/pax\/produkt\/fugler-uten-vinger\/#primaryimage"},"thumbnailUrl":"https:\/\/staging.forenteforlag.no\/pax\/wp-content\/uploads\/sites\/5\/2025\/08\/jpg-8039.jpg","datePublished":"2024-12-10T21:01:45+00:00","dateModified":"2026-03-04T20:34:35+00:00","breadcrumb":{"@id":"https:\/\/staging.forenteforlag.no\/pax\/produkt\/fugler-uten-vinger\/#breadcrumb"},"inLanguage":"nb-NO","potentialAction":[{"@type":"ReadAction","target":["https:\/\/staging.forenteforlag.no\/pax\/produkt\/fugler-uten-vinger\/"]}]},{"@type":"ImageObject","inLanguage":"nb-NO","@id":"https:\/\/staging.forenteforlag.no\/pax\/produkt\/fugler-uten-vinger\/#primaryimage","url":"https:\/\/staging.forenteforlag.no\/pax\/wp-content\/uploads\/sites\/5\/2025\/08\/jpg-8039.jpg","contentUrl":"https:\/\/staging.forenteforlag.no\/pax\/wp-content\/uploads\/sites\/5\/2025\/08\/jpg-8039.jpg","width":288,"height":449},{"@type":"BreadcrumbList","@id":"https:\/\/staging.forenteforlag.no\/pax\/produkt\/fugler-uten-vinger\/#breadcrumb","itemListElement":[{"@type":"ListItem","position":1,"name":"Hjem","item":"https:\/\/staging.forenteforlag.no\/pax\/"},{"@type":"ListItem","position":2,"name":"Alle b\u00f8ker","item":"https:\/\/staging.forenteforlag.no\/pax\/butikk\/"},{"@type":"ListItem","position":3,"name":"Fugler uten vinger"}]},{"@type":"WebSite","@id":"https:\/\/staging.forenteforlag.no\/pax\/#website","url":"https:\/\/staging.forenteforlag.no\/pax\/","name":"Pax","description":"","potentialAction":[{"@type":"SearchAction","target":{"@type":"EntryPoint","urlTemplate":"https:\/\/staging.forenteforlag.no\/pax\/?s={search_term_string}"},"query-input":{"@type":"PropertyValueSpecification","valueRequired":true,"valueName":"search_term_string"}}],"inLanguage":"nb-NO"}]}},"_links":{"self":[{"href":"https:\/\/staging.forenteforlag.no\/pax\/wp-json\/wp\/v2\/product\/21973","targetHints":{"allow":["GET"]}}],"collection":[{"href":"https:\/\/staging.forenteforlag.no\/pax\/wp-json\/wp\/v2\/product"}],"about":[{"href":"https:\/\/staging.forenteforlag.no\/pax\/wp-json\/wp\/v2\/types\/product"}],"wp:featuredmedia":[{"embeddable":true,"href":"https:\/\/staging.forenteforlag.no\/pax\/wp-json\/wp\/v2\/media\/28809"}],"wp:attachment":[{"href":"https:\/\/staging.forenteforlag.no\/pax\/wp-json\/wp\/v2\/media?parent=21973"}],"wp:term":[{"taxonomy":"product_brand","embeddable":true,"href":"https:\/\/staging.forenteforlag.no\/pax\/wp-json\/wp\/v2\/product_brand?post=21973"},{"taxonomy":"product_cat","embeddable":true,"href":"https:\/\/staging.forenteforlag.no\/pax\/wp-json\/wp\/v2\/product_cat?post=21973"},{"taxonomy":"product_tag","embeddable":true,"href":"https:\/\/staging.forenteforlag.no\/pax\/wp-json\/wp\/v2\/product_tag?post=21973"}],"curies":[{"name":"wp","href":"https:\/\/api.w.org\/{rel}","templated":true}]}}