{"id":21878,"date":"2011-11-03T01:00:00","date_gmt":"2011-11-03T00:00:00","guid":{"rendered":"https:\/\/pax.forenteforlag.no\/produkt\/jens-stoltenberg\/"},"modified":"2025-08-27T08:48:41","modified_gmt":"2025-08-27T06:48:41","slug":"jens-stoltenberg","status":"publish","type":"product","link":"https:\/\/staging.forenteforlag.no\/pax\/produkt\/jens-stoltenberg\/","title":{"rendered":"Jens Stoltenberg"},"content":{"rendered":"<p>Mennesket. Politikeren. Statsmannen.  Angrepene 22. juli 2011 mot Regjeringskvartalet og mot AUF var langt p\u00e5 vei ogs\u00e5 rettet mot Jens Stoltenberg og mot det han representerer, som statsminister og som leder av Arbeiderpartiet. Samtidig var det Stoltenberg vi vendte oss til, det var han som m\u00e5tte lede landet gjennom krisen &#8211; og han sto frem med en styrke og varme som samlet Norge, p\u00e5 tvers av politiske og kulturelle skillelinjer. Han gikk fra \u00e5 v\u00e6re en statsminister fra Arbeiderpartiet til \u00e5 v\u00e6re en statsmann for hele nasjonen. Hvordan har han h\u00e5ndtert den ekstreme situasjonen, politisk og personlig? Og hvorfor har han l\u00f8st oppgaven s\u00e5 godt?   Denne boken lar oss f\u00f8lge Jens Stoltenbergs liv, helt frem til valget 12. september 2011. Thor Viksveen har kikket Stoltenberg i kortene, og unders\u00f8kt hans hverdager og feststunder, hans seire og nederlag, hans ideologiske utvikling og politiske karriere. Vi f\u00e5r fortellingen om Jens Stoltenberg bak fasaden, n\u00e5r TV-kameraene er sl\u00e5tt av. Viksveen har unik tilgang til ulike kilder i det norske politiske milj\u00f8et, helt opp til statsministeren selv. Her presenterer han en frisk, journalistisk fortelling om en stor politisk spiller og hva som driver ham \u00e5r etter \u00e5r.<\/p>\n","protected":false},"excerpt":{"rendered":"<p>Mennesket. Politikeren. Statsmannen. Angrepene 22. juli 2011 mot Regjeringskvartalet og mot AUF var langt p\u00e5 vei ogs\u00e5 rettet mot Jens Stoltenberg og mot det han representerer, som statsminister og som leder av Arbeiderpartiet. Samtidig var det Stoltenberg vi vendte oss til, det var han som m\u00e5tte lede landet gjennom krisen &#8211; og han sto frem [&hellip;]<\/p>\n","protected":false},"featured_media":28290,"template":"","meta":{"_acf_changed":false,"inline_featured_image":false},"product_brand":[],"product_cat":[20],"product_tag":[964,362,439,515,417],"class_list":{"0":"post-21878","1":"product","2":"type-product","3":"status-publish","4":"has-post-thumbnail","6":"product_cat-biografier-og-memoarer","7":"product_tag-arbeiderpartiet","8":"product_tag-faglitteratur","9":"product_tag-nord-norge","10":"product_tag-politikere","11":"product_tag-selvbiografier","12":"pa_format-innbundet","14":"first","15":"outofstock","16":"shipping-taxable","17":"purchasable","18":"product-type-simple"},"acf":{"anmeldelse":null},"yoast_head":"<!-- This site is optimized with the Yoast SEO plugin v26.6 - https:\/\/yoast.com\/wordpress\/plugins\/seo\/ -->\n<title>Jens Stoltenberg - Pax<\/title>\n<meta name=\"robots\" content=\"noindex, follow, max-snippet:-1, max-image-preview:large, max-video-preview:-1\" \/>\n<meta property=\"og:locale\" content=\"nb_NO\" \/>\n<meta property=\"og:type\" content=\"article\" \/>\n<meta property=\"og:title\" content=\"Jens Stoltenberg - Pax\" \/>\n<meta property=\"og:description\" content=\"Mennesket. Politikeren. Statsmannen. Angrepene 22. juli 2011 mot Regjeringskvartalet og mot AUF var langt p\u00e5 vei ogs\u00e5 rettet mot Jens Stoltenberg og mot det han representerer, som statsminister og som leder av Arbeiderpartiet. Samtidig var det Stoltenberg vi vendte oss til, det var han som m\u00e5tte lede landet gjennom krisen &#8211; og han sto frem [&hellip;]\" \/>\n<meta property=\"og:url\" content=\"https:\/\/staging.forenteforlag.no\/pax\/produkt\/jens-stoltenberg\/\" \/>\n<meta property=\"og:site_name\" content=\"Pax\" \/>\n<meta property=\"article:modified_time\" content=\"2025-08-27T06:48:41+00:00\" \/>\n<meta property=\"og:image\" content=\"https:\/\/staging.forenteforlag.no\/pax\/wp-content\/uploads\/sites\/5\/2025\/08\/jpg-6502.jpg\" \/>\n\t<meta property=\"og:image:width\" content=\"312\" \/>\n\t<meta property=\"og:image:height\" content=\"450\" \/>\n\t<meta property=\"og:image:type\" content=\"image\/jpeg\" \/>\n<meta name=\"twitter:card\" content=\"summary_large_image\" \/>\n<meta name=\"twitter:label1\" content=\"Ansl. lesetid\" \/>\n\t<meta name=\"twitter:data1\" content=\"1 minutt\" \/>\n<script type=\"application\/ld+json\" class=\"yoast-schema-graph\">{\"@context\":\"https:\/\/schema.org\",\"@graph\":[{\"@type\":\"WebPage\",\"@id\":\"https:\/\/staging.forenteforlag.no\/pax\/produkt\/jens-stoltenberg\/\",\"url\":\"https:\/\/staging.forenteforlag.no\/pax\/produkt\/jens-stoltenberg\/\",\"name\":\"Jens Stoltenberg - Pax\",\"isPartOf\":{\"@id\":\"https:\/\/staging.forenteforlag.no\/pax\/#website\"},\"primaryImageOfPage\":{\"@id\":\"https:\/\/staging.forenteforlag.no\/pax\/produkt\/jens-stoltenberg\/#primaryimage\"},\"image\":{\"@id\":\"https:\/\/staging.forenteforlag.no\/pax\/produkt\/jens-stoltenberg\/#primaryimage\"},\"thumbnailUrl\":\"https:\/\/staging.forenteforlag.no\/pax\/wp-content\/uploads\/sites\/5\/2025\/08\/jpg-6502.jpg\",\"datePublished\":\"2011-11-03T00:00:00+00:00\",\"dateModified\":\"2025-08-27T06:48:41+00:00\",\"breadcrumb\":{\"@id\":\"https:\/\/staging.forenteforlag.no\/pax\/produkt\/jens-stoltenberg\/#breadcrumb\"},\"inLanguage\":\"nb-NO\",\"potentialAction\":[{\"@type\":\"ReadAction\",\"target\":[\"https:\/\/staging.forenteforlag.no\/pax\/produkt\/jens-stoltenberg\/\"]}]},{\"@type\":\"ImageObject\",\"inLanguage\":\"nb-NO\",\"@id\":\"https:\/\/staging.forenteforlag.no\/pax\/produkt\/jens-stoltenberg\/#primaryimage\",\"url\":\"https:\/\/staging.forenteforlag.no\/pax\/wp-content\/uploads\/sites\/5\/2025\/08\/jpg-6502.jpg\",\"contentUrl\":\"https:\/\/staging.forenteforlag.no\/pax\/wp-content\/uploads\/sites\/5\/2025\/08\/jpg-6502.jpg\",\"width\":312,\"height\":450},{\"@type\":\"BreadcrumbList\",\"@id\":\"https:\/\/staging.forenteforlag.no\/pax\/produkt\/jens-stoltenberg\/#breadcrumb\",\"itemListElement\":[{\"@type\":\"ListItem\",\"position\":1,\"name\":\"Hjem\",\"item\":\"https:\/\/staging.forenteforlag.no\/pax\/\"},{\"@type\":\"ListItem\",\"position\":2,\"name\":\"Alle b\u00f8ker\",\"item\":\"https:\/\/staging.forenteforlag.no\/pax\/butikk\/\"},{\"@type\":\"ListItem\",\"position\":3,\"name\":\"Jens Stoltenberg\"}]},{\"@type\":\"WebSite\",\"@id\":\"https:\/\/staging.forenteforlag.no\/pax\/#website\",\"url\":\"https:\/\/staging.forenteforlag.no\/pax\/\",\"name\":\"Pax\",\"description\":\"\",\"potentialAction\":[{\"@type\":\"SearchAction\",\"target\":{\"@type\":\"EntryPoint\",\"urlTemplate\":\"https:\/\/staging.forenteforlag.no\/pax\/?s={search_term_string}\"},\"query-input\":{\"@type\":\"PropertyValueSpecification\",\"valueRequired\":true,\"valueName\":\"search_term_string\"}}],\"inLanguage\":\"nb-NO\"}]}<\/script>\n<!-- \/ Yoast SEO plugin. -->","yoast_head_json":{"title":"Jens Stoltenberg - Pax","robots":{"index":"noindex","follow":"follow","max-snippet":"max-snippet:-1","max-image-preview":"max-image-preview:large","max-video-preview":"max-video-preview:-1"},"og_locale":"nb_NO","og_type":"article","og_title":"Jens Stoltenberg - Pax","og_description":"Mennesket. Politikeren. Statsmannen. Angrepene 22. juli 2011 mot Regjeringskvartalet og mot AUF var langt p\u00e5 vei ogs\u00e5 rettet mot Jens Stoltenberg og mot det han representerer, som statsminister og som leder av Arbeiderpartiet. Samtidig var det Stoltenberg vi vendte oss til, det var han som m\u00e5tte lede landet gjennom krisen &#8211; og han sto frem [&hellip;]","og_url":"https:\/\/staging.forenteforlag.no\/pax\/produkt\/jens-stoltenberg\/","og_site_name":"Pax","article_modified_time":"2025-08-27T06:48:41+00:00","og_image":[{"width":312,"height":450,"url":"https:\/\/staging.forenteforlag.no\/pax\/wp-content\/uploads\/sites\/5\/2025\/08\/jpg-6502.jpg","type":"image\/jpeg"}],"twitter_card":"summary_large_image","twitter_misc":{"Ansl. lesetid":"1 minutt"},"schema":{"@context":"https:\/\/schema.org","@graph":[{"@type":"WebPage","@id":"https:\/\/staging.forenteforlag.no\/pax\/produkt\/jens-stoltenberg\/","url":"https:\/\/staging.forenteforlag.no\/pax\/produkt\/jens-stoltenberg\/","name":"Jens Stoltenberg - Pax","isPartOf":{"@id":"https:\/\/staging.forenteforlag.no\/pax\/#website"},"primaryImageOfPage":{"@id":"https:\/\/staging.forenteforlag.no\/pax\/produkt\/jens-stoltenberg\/#primaryimage"},"image":{"@id":"https:\/\/staging.forenteforlag.no\/pax\/produkt\/jens-stoltenberg\/#primaryimage"},"thumbnailUrl":"https:\/\/staging.forenteforlag.no\/pax\/wp-content\/uploads\/sites\/5\/2025\/08\/jpg-6502.jpg","datePublished":"2011-11-03T00:00:00+00:00","dateModified":"2025-08-27T06:48:41+00:00","breadcrumb":{"@id":"https:\/\/staging.forenteforlag.no\/pax\/produkt\/jens-stoltenberg\/#breadcrumb"},"inLanguage":"nb-NO","potentialAction":[{"@type":"ReadAction","target":["https:\/\/staging.forenteforlag.no\/pax\/produkt\/jens-stoltenberg\/"]}]},{"@type":"ImageObject","inLanguage":"nb-NO","@id":"https:\/\/staging.forenteforlag.no\/pax\/produkt\/jens-stoltenberg\/#primaryimage","url":"https:\/\/staging.forenteforlag.no\/pax\/wp-content\/uploads\/sites\/5\/2025\/08\/jpg-6502.jpg","contentUrl":"https:\/\/staging.forenteforlag.no\/pax\/wp-content\/uploads\/sites\/5\/2025\/08\/jpg-6502.jpg","width":312,"height":450},{"@type":"BreadcrumbList","@id":"https:\/\/staging.forenteforlag.no\/pax\/produkt\/jens-stoltenberg\/#breadcrumb","itemListElement":[{"@type":"ListItem","position":1,"name":"Hjem","item":"https:\/\/staging.forenteforlag.no\/pax\/"},{"@type":"ListItem","position":2,"name":"Alle b\u00f8ker","item":"https:\/\/staging.forenteforlag.no\/pax\/butikk\/"},{"@type":"ListItem","position":3,"name":"Jens Stoltenberg"}]},{"@type":"WebSite","@id":"https:\/\/staging.forenteforlag.no\/pax\/#website","url":"https:\/\/staging.forenteforlag.no\/pax\/","name":"Pax","description":"","potentialAction":[{"@type":"SearchAction","target":{"@type":"EntryPoint","urlTemplate":"https:\/\/staging.forenteforlag.no\/pax\/?s={search_term_string}"},"query-input":{"@type":"PropertyValueSpecification","valueRequired":true,"valueName":"search_term_string"}}],"inLanguage":"nb-NO"}]}},"_links":{"self":[{"href":"https:\/\/staging.forenteforlag.no\/pax\/wp-json\/wp\/v2\/product\/21878","targetHints":{"allow":["GET"]}}],"collection":[{"href":"https:\/\/staging.forenteforlag.no\/pax\/wp-json\/wp\/v2\/product"}],"about":[{"href":"https:\/\/staging.forenteforlag.no\/pax\/wp-json\/wp\/v2\/types\/product"}],"wp:featuredmedia":[{"embeddable":true,"href":"https:\/\/staging.forenteforlag.no\/pax\/wp-json\/wp\/v2\/media\/28290"}],"wp:attachment":[{"href":"https:\/\/staging.forenteforlag.no\/pax\/wp-json\/wp\/v2\/media?parent=21878"}],"wp:term":[{"taxonomy":"product_brand","embeddable":true,"href":"https:\/\/staging.forenteforlag.no\/pax\/wp-json\/wp\/v2\/product_brand?post=21878"},{"taxonomy":"product_cat","embeddable":true,"href":"https:\/\/staging.forenteforlag.no\/pax\/wp-json\/wp\/v2\/product_cat?post=21878"},{"taxonomy":"product_tag","embeddable":true,"href":"https:\/\/staging.forenteforlag.no\/pax\/wp-json\/wp\/v2\/product_tag?post=21878"}],"curies":[{"name":"wp","href":"https:\/\/api.w.org\/{rel}","templated":true}]}}

<p>Mennesket. Politikeren. Statsmannen.  Angrepene 22. juli 2011 mot Regjeringskvartalet og mot AUF var langt på vei også rettet mot Jens Stoltenberg og mot det han representerer, som statsminister og som leder av Arbeiderpartiet. Samtidig var det Stoltenberg vi vendte oss til, det var han som måtte lede landet gjennom krisen &#8211; og han sto frem med en styrke og varme som samlet Norge, på tvers av politiske og kulturelle skillelinjer. Han gikk fra å være en statsminister fra Arbeiderpartiet til å være en statsmann for hele nasjonen. Hvordan har han håndtert den ekstreme situasjonen, politisk og personlig? Og hvorfor har han løst oppgaven så godt?   Denne boken lar oss følge Jens Stoltenbergs liv, helt frem til valget 12. september 2011. Thor Viksveen har kikket Stoltenberg i kortene, og undersøkt hans hverdager og feststunder, hans seire og nederlag, hans ideologiske utvikling og politiske karriere. Vi får fortellingen om Jens Stoltenberg bak fasaden, når TV-kameraene er slått av. Viksveen har unik tilgang til ulike kilder i det norske politiske miljøet, helt opp til statsministeren selv. Her presenterer han en frisk, journalistisk fortelling om en stor politisk spiller og hva som driver ham år etter år.</p>

<p>Mennesket. Politikeren. Statsmannen. Angrepene 22. juli 2011 mot Regjeringskvartalet og mot AUF var langt på vei også rettet mot Jens Stoltenberg og mot det han representerer, som statsminister og som leder av Arbeiderpartiet. Samtidig var det Stoltenberg vi vendte oss til, det var han som måtte lede landet gjennom krisen &#8211; og han sto frem [&hellip;]</p>

<!-- This site is optimized with the Yoast SEO plugin v26.6 - https://yoast.com/wordpress/plugins/seo/ -->
<title>Jens Stoltenberg - Pax</title>
<meta name="robots" content="noindex, follow, max-snippet:-1, max-image-preview:large, max-video-preview:-1" />
<meta property="og:locale" content="nb_NO" />
<meta property="og:type" content="article" />
<meta property="og:title" content="Jens Stoltenberg - Pax" />
<meta property="og:description" content="Mennesket. Politikeren. Statsmannen. Angrepene 22. juli 2011 mot Regjeringskvartalet og mot AUF var langt på vei også rettet mot Jens Stoltenberg og mot det han representerer, som statsminister og som leder av Arbeiderpartiet. Samtidig var det Stoltenberg vi vendte oss til, det var han som måtte lede landet gjennom krisen &#8211; og han sto frem [&hellip;]" />
<meta property="og:url" content="https://staging.forenteforlag.no/pax/produkt/jens-stoltenberg/" />
<meta property="og:site_name" content="Pax" />
<meta property="article:modified_time" content="2025-08-27T06:48:41+00:00" />
<meta property="og:image" content="https://staging.forenteforlag.no/pax/wp-content/uploads/sites/5/2025/08/jpg-6502.jpg" />
	<meta property="og:image:width" content="312" />
	<meta property="og:image:height" content="450" />
	<meta property="og:image:type" content="image/jpeg" />
<meta name="twitter:card" content="summary_large_image" />
<meta name="twitter:label1" content="Ansl. lesetid" />
	<meta name="twitter:data1" content="1 minutt" />
<script type="application/ld+json" class="yoast-schema-graph">{"@context":"https://schema.org","@graph":[{"@type":"WebPage","@id":"https://staging.forenteforlag.no/pax/produkt/jens-stoltenberg/","url":"https://staging.forenteforlag.no/pax/produkt/jens-stoltenberg/","name":"Jens Stoltenberg - Pax","isPartOf":{"@id":"https://staging.forenteforlag.no/pax/#website"},"primaryImageOfPage":{"@id":"https://staging.forenteforlag.no/pax/produkt/jens-stoltenberg/#primaryimage"},"image":{"@id":"https://staging.forenteforlag.no/pax/produkt/jens-stoltenberg/#primaryimage"},"thumbnailUrl":"https://staging.forenteforlag.no/pax/wp-content/uploads/sites/5/2025/08/jpg-6502.jpg","datePublished":"2011-11-03T00:00:00+00:00","dateModified":"2025-08-27T06:48:41+00:00","breadcrumb":{"@id":"https://staging.forenteforlag.no/pax/produkt/jens-stoltenberg/#breadcrumb"},"inLanguage":"nb-NO","potentialAction":[{"@type":"ReadAction","target":["https://staging.forenteforlag.no/pax/produkt/jens-stoltenberg/"]}]},{"@type":"ImageObject","inLanguage":"nb-NO","@id":"https://staging.forenteforlag.no/pax/produkt/jens-stoltenberg/#primaryimage","url":"https://staging.forenteforlag.no/pax/wp-content/uploads/sites/5/2025/08/jpg-6502.jpg","contentUrl":"https://staging.forenteforlag.no/pax/wp-content/uploads/sites/5/2025/08/jpg-6502.jpg","width":312,"height":450},{"@type":"BreadcrumbList","@id":"https://staging.forenteforlag.no/pax/produkt/jens-stoltenberg/#breadcrumb","itemListElement":[{"@type":"ListItem","position":1,"name":"Hjem","item":"https://staging.forenteforlag.no/pax/"},{"@type":"ListItem","position":2,"name":"Alle bøker","item":"https://staging.forenteforlag.no/pax/butikk/"},{"@type":"ListItem","position":3,"name":"Jens Stoltenberg"}]},{"@type":"WebSite","@id":"https://staging.forenteforlag.no/pax/#website","url":"https://staging.forenteforlag.no/pax/","name":"Pax","description":"","potentialAction":[{"@type":"SearchAction","target":{"@type":"EntryPoint","urlTemplate":"https://staging.forenteforlag.no/pax/?s={search_term_string}"},"query-input":{"@type":"PropertyValueSpecification","valueRequired":true,"valueName":"search_term_string"}}],"inLanguage":"nb-NO"}]}</script>
<!-- / Yoast SEO plugin. -->

Mennesket. Politikeren. Statsmannen. Angrepene 22. juli 2011 mot Regjeringskvartalet og mot AUF var langt på vei også rettet mot Jens Stoltenberg og mot det han representerer, som statsminister og som leder av Arbeiderpartiet. Samtidig var det Stoltenberg vi vendte oss til, det var han som måtte lede landet gjennom krisen &#8211; og han sto frem [&hellip;]

Alle bøker
