{"id":21795,"date":"2010-02-11T01:00:00","date_gmt":"2010-02-11T00:00:00","guid":{"rendered":"https:\/\/pax.forenteforlag.no\/produkt\/elster-og-sirenenes-sang\/"},"modified":"2025-08-27T08:04:35","modified_gmt":"2025-08-27T06:04:35","slug":"elster-og-sirenenes-sang","status":"publish","type":"product","link":"https:\/\/staging.forenteforlag.no\/pax\/produkt\/elster-og-sirenenes-sang\/","title":{"rendered":"Elster og sirenenes sang"},"content":{"rendered":"<p>22. februar 2010 fyller filosofen og samfunnsforskeren Jon Elster 70 \u00e5r. I den anledning har Rune Slagstad redigert et festskrift til hans \u00e6re. Elster er en av de mest profilerte norske forskerne internasjonalt sett. Fra 1970-\u00e5rene har han v\u00e6rt professor i statsvitenskap ved University of Chicago, og fra 1995 ved Columbia University i New York. I 2005 ble han utnevnt til professor ved Coll\u00e8ge de France. Festskriftet innledes med et intellektuelt portrett av Elster forfattet av Rune Slagstad. Flere sentrale norske samfunnsforskere og filosofer (blant dem Dagfinn F\u00f8llesdal, Cathrine Holst og Olav Gjelsvik) har bidradd med kritiske artikler om vitenskapsfilosofen Jon Elster &#8211; med tilsvar fra jubilanten selv. Han var ogs\u00e5 en sentral bidragsyter til Pax leksikon, og noen av de mest kjente leksikonartiklene hans er med i festskriftet.<\/p>\n","protected":false},"excerpt":{"rendered":"<p>22. februar 2010 fyller filosofen og samfunnsforskeren Jon Elster 70 \u00e5r. I den anledning har Rune Slagstad redigert et festskrift til hans \u00e6re. Elster er en av de mest profilerte norske forskerne internasjonalt sett. Fra 1970-\u00e5rene har han v\u00e6rt professor i statsvitenskap ved University of Chicago, og fra 1995 ved Columbia University i New York. [&hellip;]<\/p>\n","protected":false},"featured_media":28003,"template":"","meta":{"_acf_changed":false,"inline_featured_image":false},"product_brand":[],"product_cat":[21,32],"product_tag":[362,837,969,646],"class_list":{"0":"post-21795","1":"product","2":"type-product","3":"status-publish","4":"has-post-thumbnail","6":"product_cat-filosofi","7":"product_cat-samfunn-og-politikk","8":"product_tag-faglitteratur","9":"product_tag-festskrift","10":"product_tag-sosialisme","11":"product_tag-vitenskapsteori","12":"pa_format-innbundet","14":"first","15":"outofstock","16":"shipping-taxable","17":"purchasable","18":"product-type-simple"},"acf":{"anmeldelse":null},"yoast_head":"<!-- This site is optimized with the Yoast SEO plugin v26.6 - https:\/\/yoast.com\/wordpress\/plugins\/seo\/ -->\n<title>Elster og sirenenes sang - Pax<\/title>\n<meta name=\"robots\" content=\"noindex, follow, max-snippet:-1, max-image-preview:large, max-video-preview:-1\" \/>\n<meta property=\"og:locale\" content=\"nb_NO\" \/>\n<meta property=\"og:type\" content=\"article\" \/>\n<meta property=\"og:title\" content=\"Elster og sirenenes sang - Pax\" \/>\n<meta property=\"og:description\" content=\"22. februar 2010 fyller filosofen og samfunnsforskeren Jon Elster 70 \u00e5r. I den anledning har Rune Slagstad redigert et festskrift til hans \u00e6re. Elster er en av de mest profilerte norske forskerne internasjonalt sett. Fra 1970-\u00e5rene har han v\u00e6rt professor i statsvitenskap ved University of Chicago, og fra 1995 ved Columbia University i New York. [&hellip;]\" \/>\n<meta property=\"og:url\" content=\"https:\/\/staging.forenteforlag.no\/pax\/produkt\/elster-og-sirenenes-sang\/\" \/>\n<meta property=\"og:site_name\" content=\"Pax\" \/>\n<meta property=\"article:modified_time\" content=\"2025-08-27T06:04:35+00:00\" \/>\n<meta property=\"og:image\" content=\"https:\/\/staging.forenteforlag.no\/pax\/wp-content\/uploads\/sites\/5\/2025\/08\/jpg-5719.jpg\" \/>\n\t<meta property=\"og:image:width\" content=\"318\" \/>\n\t<meta property=\"og:image:height\" content=\"449\" \/>\n\t<meta property=\"og:image:type\" content=\"image\/jpeg\" \/>\n<meta name=\"twitter:card\" content=\"summary_large_image\" \/>\n<meta name=\"twitter:label1\" content=\"Ansl. lesetid\" \/>\n\t<meta name=\"twitter:data1\" content=\"1 minutt\" \/>\n<script type=\"application\/ld+json\" class=\"yoast-schema-graph\">{\"@context\":\"https:\/\/schema.org\",\"@graph\":[{\"@type\":\"WebPage\",\"@id\":\"https:\/\/staging.forenteforlag.no\/pax\/produkt\/elster-og-sirenenes-sang\/\",\"url\":\"https:\/\/staging.forenteforlag.no\/pax\/produkt\/elster-og-sirenenes-sang\/\",\"name\":\"Elster og sirenenes sang - Pax\",\"isPartOf\":{\"@id\":\"https:\/\/staging.forenteforlag.no\/pax\/#website\"},\"primaryImageOfPage\":{\"@id\":\"https:\/\/staging.forenteforlag.no\/pax\/produkt\/elster-og-sirenenes-sang\/#primaryimage\"},\"image\":{\"@id\":\"https:\/\/staging.forenteforlag.no\/pax\/produkt\/elster-og-sirenenes-sang\/#primaryimage\"},\"thumbnailUrl\":\"https:\/\/staging.forenteforlag.no\/pax\/wp-content\/uploads\/sites\/5\/2025\/08\/jpg-5719.jpg\",\"datePublished\":\"2010-02-11T00:00:00+00:00\",\"dateModified\":\"2025-08-27T06:04:35+00:00\",\"breadcrumb\":{\"@id\":\"https:\/\/staging.forenteforlag.no\/pax\/produkt\/elster-og-sirenenes-sang\/#breadcrumb\"},\"inLanguage\":\"nb-NO\",\"potentialAction\":[{\"@type\":\"ReadAction\",\"target\":[\"https:\/\/staging.forenteforlag.no\/pax\/produkt\/elster-og-sirenenes-sang\/\"]}]},{\"@type\":\"ImageObject\",\"inLanguage\":\"nb-NO\",\"@id\":\"https:\/\/staging.forenteforlag.no\/pax\/produkt\/elster-og-sirenenes-sang\/#primaryimage\",\"url\":\"https:\/\/staging.forenteforlag.no\/pax\/wp-content\/uploads\/sites\/5\/2025\/08\/jpg-5719.jpg\",\"contentUrl\":\"https:\/\/staging.forenteforlag.no\/pax\/wp-content\/uploads\/sites\/5\/2025\/08\/jpg-5719.jpg\",\"width\":318,\"height\":449},{\"@type\":\"BreadcrumbList\",\"@id\":\"https:\/\/staging.forenteforlag.no\/pax\/produkt\/elster-og-sirenenes-sang\/#breadcrumb\",\"itemListElement\":[{\"@type\":\"ListItem\",\"position\":1,\"name\":\"Hjem\",\"item\":\"https:\/\/staging.forenteforlag.no\/pax\/\"},{\"@type\":\"ListItem\",\"position\":2,\"name\":\"Alle b\u00f8ker\",\"item\":\"https:\/\/staging.forenteforlag.no\/pax\/butikk\/\"},{\"@type\":\"ListItem\",\"position\":3,\"name\":\"Elster og sirenenes sang\"}]},{\"@type\":\"WebSite\",\"@id\":\"https:\/\/staging.forenteforlag.no\/pax\/#website\",\"url\":\"https:\/\/staging.forenteforlag.no\/pax\/\",\"name\":\"Pax\",\"description\":\"\",\"potentialAction\":[{\"@type\":\"SearchAction\",\"target\":{\"@type\":\"EntryPoint\",\"urlTemplate\":\"https:\/\/staging.forenteforlag.no\/pax\/?s={search_term_string}\"},\"query-input\":{\"@type\":\"PropertyValueSpecification\",\"valueRequired\":true,\"valueName\":\"search_term_string\"}}],\"inLanguage\":\"nb-NO\"}]}<\/script>\n<!-- \/ Yoast SEO plugin. -->","yoast_head_json":{"title":"Elster og sirenenes sang - Pax","robots":{"index":"noindex","follow":"follow","max-snippet":"max-snippet:-1","max-image-preview":"max-image-preview:large","max-video-preview":"max-video-preview:-1"},"og_locale":"nb_NO","og_type":"article","og_title":"Elster og sirenenes sang - Pax","og_description":"22. februar 2010 fyller filosofen og samfunnsforskeren Jon Elster 70 \u00e5r. I den anledning har Rune Slagstad redigert et festskrift til hans \u00e6re. Elster er en av de mest profilerte norske forskerne internasjonalt sett. Fra 1970-\u00e5rene har han v\u00e6rt professor i statsvitenskap ved University of Chicago, og fra 1995 ved Columbia University i New York. [&hellip;]","og_url":"https:\/\/staging.forenteforlag.no\/pax\/produkt\/elster-og-sirenenes-sang\/","og_site_name":"Pax","article_modified_time":"2025-08-27T06:04:35+00:00","og_image":[{"width":318,"height":449,"url":"https:\/\/staging.forenteforlag.no\/pax\/wp-content\/uploads\/sites\/5\/2025\/08\/jpg-5719.jpg","type":"image\/jpeg"}],"twitter_card":"summary_large_image","twitter_misc":{"Ansl. lesetid":"1 minutt"},"schema":{"@context":"https:\/\/schema.org","@graph":[{"@type":"WebPage","@id":"https:\/\/staging.forenteforlag.no\/pax\/produkt\/elster-og-sirenenes-sang\/","url":"https:\/\/staging.forenteforlag.no\/pax\/produkt\/elster-og-sirenenes-sang\/","name":"Elster og sirenenes sang - Pax","isPartOf":{"@id":"https:\/\/staging.forenteforlag.no\/pax\/#website"},"primaryImageOfPage":{"@id":"https:\/\/staging.forenteforlag.no\/pax\/produkt\/elster-og-sirenenes-sang\/#primaryimage"},"image":{"@id":"https:\/\/staging.forenteforlag.no\/pax\/produkt\/elster-og-sirenenes-sang\/#primaryimage"},"thumbnailUrl":"https:\/\/staging.forenteforlag.no\/pax\/wp-content\/uploads\/sites\/5\/2025\/08\/jpg-5719.jpg","datePublished":"2010-02-11T00:00:00+00:00","dateModified":"2025-08-27T06:04:35+00:00","breadcrumb":{"@id":"https:\/\/staging.forenteforlag.no\/pax\/produkt\/elster-og-sirenenes-sang\/#breadcrumb"},"inLanguage":"nb-NO","potentialAction":[{"@type":"ReadAction","target":["https:\/\/staging.forenteforlag.no\/pax\/produkt\/elster-og-sirenenes-sang\/"]}]},{"@type":"ImageObject","inLanguage":"nb-NO","@id":"https:\/\/staging.forenteforlag.no\/pax\/produkt\/elster-og-sirenenes-sang\/#primaryimage","url":"https:\/\/staging.forenteforlag.no\/pax\/wp-content\/uploads\/sites\/5\/2025\/08\/jpg-5719.jpg","contentUrl":"https:\/\/staging.forenteforlag.no\/pax\/wp-content\/uploads\/sites\/5\/2025\/08\/jpg-5719.jpg","width":318,"height":449},{"@type":"BreadcrumbList","@id":"https:\/\/staging.forenteforlag.no\/pax\/produkt\/elster-og-sirenenes-sang\/#breadcrumb","itemListElement":[{"@type":"ListItem","position":1,"name":"Hjem","item":"https:\/\/staging.forenteforlag.no\/pax\/"},{"@type":"ListItem","position":2,"name":"Alle b\u00f8ker","item":"https:\/\/staging.forenteforlag.no\/pax\/butikk\/"},{"@type":"ListItem","position":3,"name":"Elster og sirenenes sang"}]},{"@type":"WebSite","@id":"https:\/\/staging.forenteforlag.no\/pax\/#website","url":"https:\/\/staging.forenteforlag.no\/pax\/","name":"Pax","description":"","potentialAction":[{"@type":"SearchAction","target":{"@type":"EntryPoint","urlTemplate":"https:\/\/staging.forenteforlag.no\/pax\/?s={search_term_string}"},"query-input":{"@type":"PropertyValueSpecification","valueRequired":true,"valueName":"search_term_string"}}],"inLanguage":"nb-NO"}]}},"_links":{"self":[{"href":"https:\/\/staging.forenteforlag.no\/pax\/wp-json\/wp\/v2\/product\/21795","targetHints":{"allow":["GET"]}}],"collection":[{"href":"https:\/\/staging.forenteforlag.no\/pax\/wp-json\/wp\/v2\/product"}],"about":[{"href":"https:\/\/staging.forenteforlag.no\/pax\/wp-json\/wp\/v2\/types\/product"}],"wp:featuredmedia":[{"embeddable":true,"href":"https:\/\/staging.forenteforlag.no\/pax\/wp-json\/wp\/v2\/media\/28003"}],"wp:attachment":[{"href":"https:\/\/staging.forenteforlag.no\/pax\/wp-json\/wp\/v2\/media?parent=21795"}],"wp:term":[{"taxonomy":"product_brand","embeddable":true,"href":"https:\/\/staging.forenteforlag.no\/pax\/wp-json\/wp\/v2\/product_brand?post=21795"},{"taxonomy":"product_cat","embeddable":true,"href":"https:\/\/staging.forenteforlag.no\/pax\/wp-json\/wp\/v2\/product_cat?post=21795"},{"taxonomy":"product_tag","embeddable":true,"href":"https:\/\/staging.forenteforlag.no\/pax\/wp-json\/wp\/v2\/product_tag?post=21795"}],"curies":[{"name":"wp","href":"https:\/\/api.w.org\/{rel}","templated":true}]}}