{"id":21707,"date":"2024-12-10T22:21:24","date_gmt":"2024-12-10T21:21:24","guid":{"rendered":"https:\/\/pax.forenteforlag.no\/produkt\/vaeren-og-tid\/"},"modified":"2026-03-03T21:38:44","modified_gmt":"2026-03-03T20:38:44","slug":"vaeren-og-tid","status":"publish","type":"product","link":"https:\/\/staging.forenteforlag.no\/pax\/produkt\/vaeren-og-tid\/","title":{"rendered":"V\u00e6ren og tid"},"content":{"rendered":"<p>Hva er det \u00e5 v\u00e6re? V\u00e6renssp\u00f8rsm\u00e5let er if\u00f8lge Martin Heidegger det sentrale sp\u00f8rsm\u00e5let i all filosofi. I sitt hovedverk &laquo;V\u00e6ren og tid&raquo; (1927) unders\u00f8ker han v\u00e6ren i dens grunnleggende form, og \u00f8nsker \u00e5 si noe om det faktiske livet menneskene lever. Martin Heidegger definerte sitt filosofiske prosjekt som fenomenologi &#8211; en metode for \u00e5 f\u00e5 fenomenene til \u00e5 vise seg selv slik de fremtrer i v\u00e5r bevissthet gjennom \u00e5 sjalte ut ubegrunnede oppfatninger om dem. Heidegger viste i sine fenomenologiske analyser hvordan verden ikke er totaliteten av alt som eksisterer, men en forst\u00e5elseshorisont eller livsverden som ligger til grunn for hvordan de enkelte tingene fremtrer for oss. Helt sentralt i denne forst\u00e5elses-horisonten st\u00e5r tiden. Spr\u00e5klig beveget Heidegger seg langt utenfor det etablerte. Han innf\u00f8rte stadig nye begreper &#8211; &laquo;tidslighet&raquo;, &laquo;v\u00e6ren-i-verden&raquo;, &laquo;tilh\u00e5ndenhet&raquo; &#8211; og han gjorde lite for \u00e5 forklare disse begrepene for leseren. Med filosofen Lars Holm-Hansens oversettelse og innledende essay bringes Heideggers hovedverk n\u00e5 et godt stykke n\u00e6rmere norske lesere.<\/p>\n","protected":false},"excerpt":{"rendered":"<p>Hva er det \u00e5 v\u00e6re? V\u00e6renssp\u00f8rsm\u00e5let er if\u00f8lge Martin Heidegger det sentrale sp\u00f8rsm\u00e5let i all filosofi. I sitt hovedverk &laquo;V\u00e6ren og tid&raquo; (1927) unders\u00f8ker han v\u00e6ren i dens grunnleggende form, og \u00f8nsker \u00e5 si noe om det faktiske livet menneskene lever. Martin Heidegger definerte sitt filosofiske prosjekt som fenomenologi &#8211; en metode for \u00e5 f\u00e5 [&hellip;]<\/p>\n","protected":false},"featured_media":29093,"template":"","meta":{"_acf_changed":false,"inline_featured_image":false},"product_brand":[],"product_cat":[1782],"product_tag":[362,854,1287],"class_list":{"0":"post-21707","1":"product","2":"type-product","3":"status-publish","4":"has-post-thumbnail","6":"product_cat-fripris","7":"product_tag-faglitteratur","8":"product_tag-kritisk-filosofi","9":"product_tag-ontologi","11":"first","12":"outofstock","13":"taxable","14":"shipping-taxable","15":"purchasable","16":"product-type-simple"},"acf":{"anmeldelse":null},"yoast_head":"<!-- This site is optimized with the Yoast SEO plugin v26.6 - https:\/\/yoast.com\/wordpress\/plugins\/seo\/ -->\n<title>V\u00e6ren og tid - Pax<\/title>\n<meta name=\"robots\" content=\"noindex, follow, max-snippet:-1, max-image-preview:large, max-video-preview:-1\" \/>\n<meta property=\"og:locale\" content=\"nb_NO\" \/>\n<meta property=\"og:type\" content=\"article\" \/>\n<meta property=\"og:title\" content=\"V\u00e6ren og tid - Pax\" \/>\n<meta property=\"og:description\" content=\"Hva er det \u00e5 v\u00e6re? V\u00e6renssp\u00f8rsm\u00e5let er if\u00f8lge Martin Heidegger det sentrale sp\u00f8rsm\u00e5let i all filosofi. I sitt hovedverk &laquo;V\u00e6ren og tid&raquo; (1927) unders\u00f8ker han v\u00e6ren i dens grunnleggende form, og \u00f8nsker \u00e5 si noe om det faktiske livet menneskene lever. Martin Heidegger definerte sitt filosofiske prosjekt som fenomenologi &#8211; en metode for \u00e5 f\u00e5 [&hellip;]\" \/>\n<meta property=\"og:url\" content=\"https:\/\/staging.forenteforlag.no\/pax\/produkt\/vaeren-og-tid\/\" \/>\n<meta property=\"og:site_name\" content=\"Pax\" \/>\n<meta property=\"article:modified_time\" content=\"2026-03-03T20:38:44+00:00\" \/>\n<meta property=\"og:image\" content=\"https:\/\/staging.forenteforlag.no\/pax\/wp-content\/uploads\/sites\/5\/2025\/08\/jpg-8860.jpg\" \/>\n\t<meta property=\"og:image:width\" content=\"328\" \/>\n\t<meta property=\"og:image:height\" content=\"450\" \/>\n\t<meta property=\"og:image:type\" content=\"image\/jpeg\" \/>\n<meta name=\"twitter:card\" content=\"summary_large_image\" \/>\n<meta name=\"twitter:label1\" content=\"Ansl. lesetid\" \/>\n\t<meta name=\"twitter:data1\" content=\"1 minutt\" \/>\n<script type=\"application\/ld+json\" class=\"yoast-schema-graph\">{\"@context\":\"https:\/\/schema.org\",\"@graph\":[{\"@type\":\"WebPage\",\"@id\":\"https:\/\/staging.forenteforlag.no\/pax\/produkt\/vaeren-og-tid\/\",\"url\":\"https:\/\/staging.forenteforlag.no\/pax\/produkt\/vaeren-og-tid\/\",\"name\":\"V\u00e6ren og tid - Pax\",\"isPartOf\":{\"@id\":\"https:\/\/staging.forenteforlag.no\/pax\/#website\"},\"primaryImageOfPage\":{\"@id\":\"https:\/\/staging.forenteforlag.no\/pax\/produkt\/vaeren-og-tid\/#primaryimage\"},\"image\":{\"@id\":\"https:\/\/staging.forenteforlag.no\/pax\/produkt\/vaeren-og-tid\/#primaryimage\"},\"thumbnailUrl\":\"https:\/\/staging.forenteforlag.no\/pax\/wp-content\/uploads\/sites\/5\/2025\/08\/jpg-8860.jpg\",\"datePublished\":\"2024-12-10T21:21:24+00:00\",\"dateModified\":\"2026-03-03T20:38:44+00:00\",\"breadcrumb\":{\"@id\":\"https:\/\/staging.forenteforlag.no\/pax\/produkt\/vaeren-og-tid\/#breadcrumb\"},\"inLanguage\":\"nb-NO\",\"potentialAction\":[{\"@type\":\"ReadAction\",\"target\":[\"https:\/\/staging.forenteforlag.no\/pax\/produkt\/vaeren-og-tid\/\"]}]},{\"@type\":\"ImageObject\",\"inLanguage\":\"nb-NO\",\"@id\":\"https:\/\/staging.forenteforlag.no\/pax\/produkt\/vaeren-og-tid\/#primaryimage\",\"url\":\"https:\/\/staging.forenteforlag.no\/pax\/wp-content\/uploads\/sites\/5\/2025\/08\/jpg-8860.jpg\",\"contentUrl\":\"https:\/\/staging.forenteforlag.no\/pax\/wp-content\/uploads\/sites\/5\/2025\/08\/jpg-8860.jpg\",\"width\":328,\"height\":450},{\"@type\":\"BreadcrumbList\",\"@id\":\"https:\/\/staging.forenteforlag.no\/pax\/produkt\/vaeren-og-tid\/#breadcrumb\",\"itemListElement\":[{\"@type\":\"ListItem\",\"position\":1,\"name\":\"Hjem\",\"item\":\"https:\/\/staging.forenteforlag.no\/pax\/\"},{\"@type\":\"ListItem\",\"position\":2,\"name\":\"Alle b\u00f8ker\",\"item\":\"https:\/\/staging.forenteforlag.no\/pax\/butikk\/\"},{\"@type\":\"ListItem\",\"position\":3,\"name\":\"V\u00e6ren og tid\"}]},{\"@type\":\"WebSite\",\"@id\":\"https:\/\/staging.forenteforlag.no\/pax\/#website\",\"url\":\"https:\/\/staging.forenteforlag.no\/pax\/\",\"name\":\"Pax\",\"description\":\"\",\"potentialAction\":[{\"@type\":\"SearchAction\",\"target\":{\"@type\":\"EntryPoint\",\"urlTemplate\":\"https:\/\/staging.forenteforlag.no\/pax\/?s={search_term_string}\"},\"query-input\":{\"@type\":\"PropertyValueSpecification\",\"valueRequired\":true,\"valueName\":\"search_term_string\"}}],\"inLanguage\":\"nb-NO\"}]}<\/script>\n<!-- \/ Yoast SEO plugin. -->","yoast_head_json":{"title":"V\u00e6ren og tid - Pax","robots":{"index":"noindex","follow":"follow","max-snippet":"max-snippet:-1","max-image-preview":"max-image-preview:large","max-video-preview":"max-video-preview:-1"},"og_locale":"nb_NO","og_type":"article","og_title":"V\u00e6ren og tid - Pax","og_description":"Hva er det \u00e5 v\u00e6re? V\u00e6renssp\u00f8rsm\u00e5let er if\u00f8lge Martin Heidegger det sentrale sp\u00f8rsm\u00e5let i all filosofi. I sitt hovedverk &laquo;V\u00e6ren og tid&raquo; (1927) unders\u00f8ker han v\u00e6ren i dens grunnleggende form, og \u00f8nsker \u00e5 si noe om det faktiske livet menneskene lever. Martin Heidegger definerte sitt filosofiske prosjekt som fenomenologi &#8211; en metode for \u00e5 f\u00e5 [&hellip;]","og_url":"https:\/\/staging.forenteforlag.no\/pax\/produkt\/vaeren-og-tid\/","og_site_name":"Pax","article_modified_time":"2026-03-03T20:38:44+00:00","og_image":[{"width":328,"height":450,"url":"https:\/\/staging.forenteforlag.no\/pax\/wp-content\/uploads\/sites\/5\/2025\/08\/jpg-8860.jpg","type":"image\/jpeg"}],"twitter_card":"summary_large_image","twitter_misc":{"Ansl. lesetid":"1 minutt"},"schema":{"@context":"https:\/\/schema.org","@graph":[{"@type":"WebPage","@id":"https:\/\/staging.forenteforlag.no\/pax\/produkt\/vaeren-og-tid\/","url":"https:\/\/staging.forenteforlag.no\/pax\/produkt\/vaeren-og-tid\/","name":"V\u00e6ren og tid - Pax","isPartOf":{"@id":"https:\/\/staging.forenteforlag.no\/pax\/#website"},"primaryImageOfPage":{"@id":"https:\/\/staging.forenteforlag.no\/pax\/produkt\/vaeren-og-tid\/#primaryimage"},"image":{"@id":"https:\/\/staging.forenteforlag.no\/pax\/produkt\/vaeren-og-tid\/#primaryimage"},"thumbnailUrl":"https:\/\/staging.forenteforlag.no\/pax\/wp-content\/uploads\/sites\/5\/2025\/08\/jpg-8860.jpg","datePublished":"2024-12-10T21:21:24+00:00","dateModified":"2026-03-03T20:38:44+00:00","breadcrumb":{"@id":"https:\/\/staging.forenteforlag.no\/pax\/produkt\/vaeren-og-tid\/#breadcrumb"},"inLanguage":"nb-NO","potentialAction":[{"@type":"ReadAction","target":["https:\/\/staging.forenteforlag.no\/pax\/produkt\/vaeren-og-tid\/"]}]},{"@type":"ImageObject","inLanguage":"nb-NO","@id":"https:\/\/staging.forenteforlag.no\/pax\/produkt\/vaeren-og-tid\/#primaryimage","url":"https:\/\/staging.forenteforlag.no\/pax\/wp-content\/uploads\/sites\/5\/2025\/08\/jpg-8860.jpg","contentUrl":"https:\/\/staging.forenteforlag.no\/pax\/wp-content\/uploads\/sites\/5\/2025\/08\/jpg-8860.jpg","width":328,"height":450},{"@type":"BreadcrumbList","@id":"https:\/\/staging.forenteforlag.no\/pax\/produkt\/vaeren-og-tid\/#breadcrumb","itemListElement":[{"@type":"ListItem","position":1,"name":"Hjem","item":"https:\/\/staging.forenteforlag.no\/pax\/"},{"@type":"ListItem","position":2,"name":"Alle b\u00f8ker","item":"https:\/\/staging.forenteforlag.no\/pax\/butikk\/"},{"@type":"ListItem","position":3,"name":"V\u00e6ren og tid"}]},{"@type":"WebSite","@id":"https:\/\/staging.forenteforlag.no\/pax\/#website","url":"https:\/\/staging.forenteforlag.no\/pax\/","name":"Pax","description":"","potentialAction":[{"@type":"SearchAction","target":{"@type":"EntryPoint","urlTemplate":"https:\/\/staging.forenteforlag.no\/pax\/?s={search_term_string}"},"query-input":{"@type":"PropertyValueSpecification","valueRequired":true,"valueName":"search_term_string"}}],"inLanguage":"nb-NO"}]}},"_links":{"self":[{"href":"https:\/\/staging.forenteforlag.no\/pax\/wp-json\/wp\/v2\/product\/21707","targetHints":{"allow":["GET"]}}],"collection":[{"href":"https:\/\/staging.forenteforlag.no\/pax\/wp-json\/wp\/v2\/product"}],"about":[{"href":"https:\/\/staging.forenteforlag.no\/pax\/wp-json\/wp\/v2\/types\/product"}],"wp:featuredmedia":[{"embeddable":true,"href":"https:\/\/staging.forenteforlag.no\/pax\/wp-json\/wp\/v2\/media\/29093"}],"wp:attachment":[{"href":"https:\/\/staging.forenteforlag.no\/pax\/wp-json\/wp\/v2\/media?parent=21707"}],"wp:term":[{"taxonomy":"product_brand","embeddable":true,"href":"https:\/\/staging.forenteforlag.no\/pax\/wp-json\/wp\/v2\/product_brand?post=21707"},{"taxonomy":"product_cat","embeddable":true,"href":"https:\/\/staging.forenteforlag.no\/pax\/wp-json\/wp\/v2\/product_cat?post=21707"},{"taxonomy":"product_tag","embeddable":true,"href":"https:\/\/staging.forenteforlag.no\/pax\/wp-json\/wp\/v2\/product_tag?post=21707"}],"curies":[{"name":"wp","href":"https:\/\/api.w.org\/{rel}","templated":true}]}}