{"id":21605,"date":"2024-12-10T22:26:46","date_gmt":"2024-12-10T21:26:46","guid":{"rendered":"https:\/\/pax.forenteforlag.no\/produkt\/krigen-mot-irak\/"},"modified":"2026-03-04T20:53:04","modified_gmt":"2026-03-04T19:53:04","slug":"krigen-mot-irak","status":"publish","type":"product","link":"https:\/\/staging.forenteforlag.no\/pax\/produkt\/krigen-mot-irak\/","title":{"rendered":"Krigen mot Irak"},"content":{"rendered":"<p>Forfatteren redegj\u00f8r for hvordan FNs v\u00e5peninspekt\u00f8rer steg for steg i l\u00f8pet av sju \u00e5r tilintetgjorde Iraks kjernev\u00e5pen og biologiske og kjemiske stridsmidler. Han forteller om hvordan USA tok over ledelsen av v\u00e5peninspekt\u00f8renes arbeid fra FNs sikkerhetsr\u00e5d og provoserte frem at inspekt\u00f8rene m\u00e5tte avbryte arbeidet sitt i 1998. P\u00e5 bakgrunn av dette mener forfatteren at Bush tar feil ang\u00e5ende Iraks tilgang til masse\u00f8deleggelsesv\u00e5pen i dag. Boken innledes med en historisk gjennomgang av USAs politikk i forhold til Irak etter andre verdenskrig.<\/p>\n","protected":false},"excerpt":{"rendered":"<p>Forfatteren redegj\u00f8r for hvordan FNs v\u00e5peninspekt\u00f8rer steg for steg i l\u00f8pet av sju \u00e5r tilintetgjorde Iraks kjernev\u00e5pen og biologiske og kjemiske stridsmidler. Han forteller om hvordan USA tok over ledelsen av v\u00e5peninspekt\u00f8renes arbeid fra FNs sikkerhetsr\u00e5d og provoserte frem at inspekt\u00f8rene m\u00e5tte avbryte arbeidet sitt i 1998. P\u00e5 bakgrunn av dette mener forfatteren at Bush [&hellip;]<\/p>\n","protected":false},"featured_media":27818,"template":"","meta":{"_acf_changed":false,"inline_featured_image":false},"product_brand":[],"product_cat":[1782],"product_tag":[405,1003,362,881,809,1314],"class_list":{"0":"post-21605","1":"product","2":"type-product","3":"status-publish","4":"has-post-thumbnail","6":"product_cat-fripris","7":"product_tag-andre-verdenskrig","8":"product_tag-atomvapen","9":"product_tag-faglitteratur","10":"product_tag-forente-nasjoner","11":"product_tag-irak","12":"product_tag-kjemisk-krigforing","14":"first","15":"outofstock","16":"taxable","17":"shipping-taxable","18":"purchasable","19":"product-type-simple"},"acf":{"anmeldelse":null},"yoast_head":"<!-- This site is optimized with the Yoast SEO plugin v26.6 - https:\/\/yoast.com\/wordpress\/plugins\/seo\/ -->\n<title>Krigen mot Irak - Pax<\/title>\n<meta name=\"robots\" content=\"noindex, follow, max-snippet:-1, max-image-preview:large, max-video-preview:-1\" \/>\n<meta property=\"og:locale\" content=\"nb_NO\" \/>\n<meta property=\"og:type\" content=\"article\" \/>\n<meta property=\"og:title\" content=\"Krigen mot Irak - Pax\" \/>\n<meta property=\"og:description\" content=\"Forfatteren redegj\u00f8r for hvordan FNs v\u00e5peninspekt\u00f8rer steg for steg i l\u00f8pet av sju \u00e5r tilintetgjorde Iraks kjernev\u00e5pen og biologiske og kjemiske stridsmidler. Han forteller om hvordan USA tok over ledelsen av v\u00e5peninspekt\u00f8renes arbeid fra FNs sikkerhetsr\u00e5d og provoserte frem at inspekt\u00f8rene m\u00e5tte avbryte arbeidet sitt i 1998. P\u00e5 bakgrunn av dette mener forfatteren at Bush [&hellip;]\" \/>\n<meta property=\"og:url\" content=\"https:\/\/staging.forenteforlag.no\/pax\/produkt\/krigen-mot-irak\/\" \/>\n<meta property=\"og:site_name\" content=\"Pax\" \/>\n<meta property=\"article:modified_time\" content=\"2026-03-04T19:53:04+00:00\" \/>\n<meta property=\"og:image\" content=\"https:\/\/staging.forenteforlag.no\/pax\/wp-content\/uploads\/sites\/5\/2025\/08\/jpg-5167.jpg\" \/>\n\t<meta property=\"og:image:width\" content=\"311\" \/>\n\t<meta property=\"og:image:height\" content=\"449\" \/>\n\t<meta property=\"og:image:type\" content=\"image\/jpeg\" \/>\n<meta name=\"twitter:card\" content=\"summary_large_image\" \/>\n<script type=\"application\/ld+json\" class=\"yoast-schema-graph\">{\"@context\":\"https:\/\/schema.org\",\"@graph\":[{\"@type\":\"WebPage\",\"@id\":\"https:\/\/staging.forenteforlag.no\/pax\/produkt\/krigen-mot-irak\/\",\"url\":\"https:\/\/staging.forenteforlag.no\/pax\/produkt\/krigen-mot-irak\/\",\"name\":\"Krigen mot Irak - Pax\",\"isPartOf\":{\"@id\":\"https:\/\/staging.forenteforlag.no\/pax\/#website\"},\"primaryImageOfPage\":{\"@id\":\"https:\/\/staging.forenteforlag.no\/pax\/produkt\/krigen-mot-irak\/#primaryimage\"},\"image\":{\"@id\":\"https:\/\/staging.forenteforlag.no\/pax\/produkt\/krigen-mot-irak\/#primaryimage\"},\"thumbnailUrl\":\"https:\/\/staging.forenteforlag.no\/pax\/wp-content\/uploads\/sites\/5\/2025\/08\/jpg-5167.jpg\",\"datePublished\":\"2024-12-10T21:26:46+00:00\",\"dateModified\":\"2026-03-04T19:53:04+00:00\",\"breadcrumb\":{\"@id\":\"https:\/\/staging.forenteforlag.no\/pax\/produkt\/krigen-mot-irak\/#breadcrumb\"},\"inLanguage\":\"nb-NO\",\"potentialAction\":[{\"@type\":\"ReadAction\",\"target\":[\"https:\/\/staging.forenteforlag.no\/pax\/produkt\/krigen-mot-irak\/\"]}]},{\"@type\":\"ImageObject\",\"inLanguage\":\"nb-NO\",\"@id\":\"https:\/\/staging.forenteforlag.no\/pax\/produkt\/krigen-mot-irak\/#primaryimage\",\"url\":\"https:\/\/staging.forenteforlag.no\/pax\/wp-content\/uploads\/sites\/5\/2025\/08\/jpg-5167.jpg\",\"contentUrl\":\"https:\/\/staging.forenteforlag.no\/pax\/wp-content\/uploads\/sites\/5\/2025\/08\/jpg-5167.jpg\",\"width\":311,\"height\":449},{\"@type\":\"BreadcrumbList\",\"@id\":\"https:\/\/staging.forenteforlag.no\/pax\/produkt\/krigen-mot-irak\/#breadcrumb\",\"itemListElement\":[{\"@type\":\"ListItem\",\"position\":1,\"name\":\"Hjem\",\"item\":\"https:\/\/staging.forenteforlag.no\/pax\/\"},{\"@type\":\"ListItem\",\"position\":2,\"name\":\"Alle b\u00f8ker\",\"item\":\"https:\/\/staging.forenteforlag.no\/pax\/butikk\/\"},{\"@type\":\"ListItem\",\"position\":3,\"name\":\"Krigen mot Irak\"}]},{\"@type\":\"WebSite\",\"@id\":\"https:\/\/staging.forenteforlag.no\/pax\/#website\",\"url\":\"https:\/\/staging.forenteforlag.no\/pax\/\",\"name\":\"Pax\",\"description\":\"\",\"potentialAction\":[{\"@type\":\"SearchAction\",\"target\":{\"@type\":\"EntryPoint\",\"urlTemplate\":\"https:\/\/staging.forenteforlag.no\/pax\/?s={search_term_string}\"},\"query-input\":{\"@type\":\"PropertyValueSpecification\",\"valueRequired\":true,\"valueName\":\"search_term_string\"}}],\"inLanguage\":\"nb-NO\"}]}<\/script>\n<!-- \/ Yoast SEO plugin. -->","yoast_head_json":{"title":"Krigen mot Irak - Pax","robots":{"index":"noindex","follow":"follow","max-snippet":"max-snippet:-1","max-image-preview":"max-image-preview:large","max-video-preview":"max-video-preview:-1"},"og_locale":"nb_NO","og_type":"article","og_title":"Krigen mot Irak - Pax","og_description":"Forfatteren redegj\u00f8r for hvordan FNs v\u00e5peninspekt\u00f8rer steg for steg i l\u00f8pet av sju \u00e5r tilintetgjorde Iraks kjernev\u00e5pen og biologiske og kjemiske stridsmidler. Han forteller om hvordan USA tok over ledelsen av v\u00e5peninspekt\u00f8renes arbeid fra FNs sikkerhetsr\u00e5d og provoserte frem at inspekt\u00f8rene m\u00e5tte avbryte arbeidet sitt i 1998. P\u00e5 bakgrunn av dette mener forfatteren at Bush [&hellip;]","og_url":"https:\/\/staging.forenteforlag.no\/pax\/produkt\/krigen-mot-irak\/","og_site_name":"Pax","article_modified_time":"2026-03-04T19:53:04+00:00","og_image":[{"width":311,"height":449,"url":"https:\/\/staging.forenteforlag.no\/pax\/wp-content\/uploads\/sites\/5\/2025\/08\/jpg-5167.jpg","type":"image\/jpeg"}],"twitter_card":"summary_large_image","schema":{"@context":"https:\/\/schema.org","@graph":[{"@type":"WebPage","@id":"https:\/\/staging.forenteforlag.no\/pax\/produkt\/krigen-mot-irak\/","url":"https:\/\/staging.forenteforlag.no\/pax\/produkt\/krigen-mot-irak\/","name":"Krigen mot Irak - Pax","isPartOf":{"@id":"https:\/\/staging.forenteforlag.no\/pax\/#website"},"primaryImageOfPage":{"@id":"https:\/\/staging.forenteforlag.no\/pax\/produkt\/krigen-mot-irak\/#primaryimage"},"image":{"@id":"https:\/\/staging.forenteforlag.no\/pax\/produkt\/krigen-mot-irak\/#primaryimage"},"thumbnailUrl":"https:\/\/staging.forenteforlag.no\/pax\/wp-content\/uploads\/sites\/5\/2025\/08\/jpg-5167.jpg","datePublished":"2024-12-10T21:26:46+00:00","dateModified":"2026-03-04T19:53:04+00:00","breadcrumb":{"@id":"https:\/\/staging.forenteforlag.no\/pax\/produkt\/krigen-mot-irak\/#breadcrumb"},"inLanguage":"nb-NO","potentialAction":[{"@type":"ReadAction","target":["https:\/\/staging.forenteforlag.no\/pax\/produkt\/krigen-mot-irak\/"]}]},{"@type":"ImageObject","inLanguage":"nb-NO","@id":"https:\/\/staging.forenteforlag.no\/pax\/produkt\/krigen-mot-irak\/#primaryimage","url":"https:\/\/staging.forenteforlag.no\/pax\/wp-content\/uploads\/sites\/5\/2025\/08\/jpg-5167.jpg","contentUrl":"https:\/\/staging.forenteforlag.no\/pax\/wp-content\/uploads\/sites\/5\/2025\/08\/jpg-5167.jpg","width":311,"height":449},{"@type":"BreadcrumbList","@id":"https:\/\/staging.forenteforlag.no\/pax\/produkt\/krigen-mot-irak\/#breadcrumb","itemListElement":[{"@type":"ListItem","position":1,"name":"Hjem","item":"https:\/\/staging.forenteforlag.no\/pax\/"},{"@type":"ListItem","position":2,"name":"Alle b\u00f8ker","item":"https:\/\/staging.forenteforlag.no\/pax\/butikk\/"},{"@type":"ListItem","position":3,"name":"Krigen mot Irak"}]},{"@type":"WebSite","@id":"https:\/\/staging.forenteforlag.no\/pax\/#website","url":"https:\/\/staging.forenteforlag.no\/pax\/","name":"Pax","description":"","potentialAction":[{"@type":"SearchAction","target":{"@type":"EntryPoint","urlTemplate":"https:\/\/staging.forenteforlag.no\/pax\/?s={search_term_string}"},"query-input":{"@type":"PropertyValueSpecification","valueRequired":true,"valueName":"search_term_string"}}],"inLanguage":"nb-NO"}]}},"_links":{"self":[{"href":"https:\/\/staging.forenteforlag.no\/pax\/wp-json\/wp\/v2\/product\/21605","targetHints":{"allow":["GET"]}}],"collection":[{"href":"https:\/\/staging.forenteforlag.no\/pax\/wp-json\/wp\/v2\/product"}],"about":[{"href":"https:\/\/staging.forenteforlag.no\/pax\/wp-json\/wp\/v2\/types\/product"}],"wp:featuredmedia":[{"embeddable":true,"href":"https:\/\/staging.forenteforlag.no\/pax\/wp-json\/wp\/v2\/media\/27818"}],"wp:attachment":[{"href":"https:\/\/staging.forenteforlag.no\/pax\/wp-json\/wp\/v2\/media?parent=21605"}],"wp:term":[{"taxonomy":"product_brand","embeddable":true,"href":"https:\/\/staging.forenteforlag.no\/pax\/wp-json\/wp\/v2\/product_brand?post=21605"},{"taxonomy":"product_cat","embeddable":true,"href":"https:\/\/staging.forenteforlag.no\/pax\/wp-json\/wp\/v2\/product_cat?post=21605"},{"taxonomy":"product_tag","embeddable":true,"href":"https:\/\/staging.forenteforlag.no\/pax\/wp-json\/wp\/v2\/product_tag?post=21605"}],"curies":[{"name":"wp","href":"https:\/\/api.w.org\/{rel}","templated":true}]}}

<p>Forfatteren redegjør for hvordan FNs våpeninspektører steg for steg i løpet av sju år tilintetgjorde Iraks kjernevåpen og biologiske og kjemiske stridsmidler. Han forteller om hvordan USA tok over ledelsen av våpeninspektørenes arbeid fra FNs sikkerhetsråd og provoserte frem at inspektørene måtte avbryte arbeidet sitt i 1998. På bakgrunn av dette mener forfatteren at Bush tar feil angående Iraks tilgang til masseødeleggelsesvåpen i dag. Boken innledes med en historisk gjennomgang av USAs politikk i forhold til Irak etter andre verdenskrig.</p>

<p>Forfatteren redegjør for hvordan FNs våpeninspektører steg for steg i løpet av sju år tilintetgjorde Iraks kjernevåpen og biologiske og kjemiske stridsmidler. Han forteller om hvordan USA tok over ledelsen av våpeninspektørenes arbeid fra FNs sikkerhetsråd og provoserte frem at inspektørene måtte avbryte arbeidet sitt i 1998. På bakgrunn av dette mener forfatteren at Bush [&hellip;]</p>

<!-- This site is optimized with the Yoast SEO plugin v26.6 - https://yoast.com/wordpress/plugins/seo/ -->
<title>Krigen mot Irak - Pax</title>
<meta name="robots" content="noindex, follow, max-snippet:-1, max-image-preview:large, max-video-preview:-1" />
<meta property="og:locale" content="nb_NO" />
<meta property="og:type" content="article" />
<meta property="og:title" content="Krigen mot Irak - Pax" />
<meta property="og:description" content="Forfatteren redegjør for hvordan FNs våpeninspektører steg for steg i løpet av sju år tilintetgjorde Iraks kjernevåpen og biologiske og kjemiske stridsmidler. Han forteller om hvordan USA tok over ledelsen av våpeninspektørenes arbeid fra FNs sikkerhetsråd og provoserte frem at inspektørene måtte avbryte arbeidet sitt i 1998. På bakgrunn av dette mener forfatteren at Bush [&hellip;]" />
<meta property="og:url" content="https://staging.forenteforlag.no/pax/produkt/krigen-mot-irak/" />
<meta property="og:site_name" content="Pax" />
<meta property="article:modified_time" content="2026-03-04T19:53:04+00:00" />
<meta property="og:image" content="https://staging.forenteforlag.no/pax/wp-content/uploads/sites/5/2025/08/jpg-5167.jpg" />
	<meta property="og:image:width" content="311" />
	<meta property="og:image:height" content="449" />
	<meta property="og:image:type" content="image/jpeg" />
<meta name="twitter:card" content="summary_large_image" />
<script type="application/ld+json" class="yoast-schema-graph">{"@context":"https://schema.org","@graph":[{"@type":"WebPage","@id":"https://staging.forenteforlag.no/pax/produkt/krigen-mot-irak/","url":"https://staging.forenteforlag.no/pax/produkt/krigen-mot-irak/","name":"Krigen mot Irak - Pax","isPartOf":{"@id":"https://staging.forenteforlag.no/pax/#website"},"primaryImageOfPage":{"@id":"https://staging.forenteforlag.no/pax/produkt/krigen-mot-irak/#primaryimage"},"image":{"@id":"https://staging.forenteforlag.no/pax/produkt/krigen-mot-irak/#primaryimage"},"thumbnailUrl":"https://staging.forenteforlag.no/pax/wp-content/uploads/sites/5/2025/08/jpg-5167.jpg","datePublished":"2024-12-10T21:26:46+00:00","dateModified":"2026-03-04T19:53:04+00:00","breadcrumb":{"@id":"https://staging.forenteforlag.no/pax/produkt/krigen-mot-irak/#breadcrumb"},"inLanguage":"nb-NO","potentialAction":[{"@type":"ReadAction","target":["https://staging.forenteforlag.no/pax/produkt/krigen-mot-irak/"]}]},{"@type":"ImageObject","inLanguage":"nb-NO","@id":"https://staging.forenteforlag.no/pax/produkt/krigen-mot-irak/#primaryimage","url":"https://staging.forenteforlag.no/pax/wp-content/uploads/sites/5/2025/08/jpg-5167.jpg","contentUrl":"https://staging.forenteforlag.no/pax/wp-content/uploads/sites/5/2025/08/jpg-5167.jpg","width":311,"height":449},{"@type":"BreadcrumbList","@id":"https://staging.forenteforlag.no/pax/produkt/krigen-mot-irak/#breadcrumb","itemListElement":[{"@type":"ListItem","position":1,"name":"Hjem","item":"https://staging.forenteforlag.no/pax/"},{"@type":"ListItem","position":2,"name":"Alle bøker","item":"https://staging.forenteforlag.no/pax/butikk/"},{"@type":"ListItem","position":3,"name":"Krigen mot Irak"}]},{"@type":"WebSite","@id":"https://staging.forenteforlag.no/pax/#website","url":"https://staging.forenteforlag.no/pax/","name":"Pax","description":"","potentialAction":[{"@type":"SearchAction","target":{"@type":"EntryPoint","urlTemplate":"https://staging.forenteforlag.no/pax/?s={search_term_string}"},"query-input":{"@type":"PropertyValueSpecification","valueRequired":true,"valueName":"search_term_string"}}],"inLanguage":"nb-NO"}]}</script>
<!-- / Yoast SEO plugin. -->

Forfatteren redegjør for hvordan FNs våpeninspektører steg for steg i løpet av sju år tilintetgjorde Iraks kjernevåpen og biologiske og kjemiske stridsmidler. Han forteller om hvordan USA tok over ledelsen av våpeninspektørenes arbeid fra FNs sikkerhetsråd og provoserte frem at inspektørene måtte avbryte arbeidet sitt i 1998. På bakgrunn av dette mener forfatteren at Bush [&hellip;]

Alle bøker
