{"id":21603,"date":"2008-08-19T02:00:00","date_gmt":"2008-08-19T00:00:00","guid":{"rendered":"https:\/\/pax.forenteforlag.no\/produkt\/vi-mennesker\/"},"modified":"2026-03-03T21:50:33","modified_gmt":"2026-03-03T20:50:33","slug":"vi-mennesker","status":"publish","type":"product","link":"https:\/\/staging.forenteforlag.no\/pax\/produkt\/vi-mennesker\/","title":{"rendered":"Vi mennesker"},"content":{"rendered":"<p>Forfatterens arbeid har v\u00e6rt \u00e5 l\u00e6re om de mangfoldige liv vi mennesker lever, om det s\u00e5 er i Arktis, i tropene, i sm\u00e5 omflakkende horder eller i massesamfunn. Et grunnleggende s\u00e6rtrekk ved mennesket som art, er nettopp mangfoldet. V\u00e5r utfordring er \u00e5 tre ut av v\u00e5r egen avgrensede virkelighet og bli med inn i andre menneskers verden. Boken kan leses som en reiseskildring i dybden, der vi m\u00f8ter mangfoldet og der menneskene byr p\u00e5 mange overraskelser.<\/p>\n","protected":false},"excerpt":{"rendered":"<p>Forfatterens arbeid har v\u00e6rt \u00e5 l\u00e6re om de mangfoldige liv vi mennesker lever, om det s\u00e5 er i Arktis, i tropene, i sm\u00e5 omflakkende horder eller i massesamfunn. Et grunnleggende s\u00e6rtrekk ved mennesket som art, er nettopp mangfoldet. V\u00e5r utfordring er \u00e5 tre ut av v\u00e5r egen avgrensede virkelighet og bli med inn i andre [&hellip;]<\/p>\n","protected":false},"featured_media":28060,"template":"","meta":{"_acf_changed":false,"inline_featured_image":false},"product_brand":[],"product_cat":[1782],"product_tag":[362,882,743],"class_list":{"0":"post-21603","1":"product","2":"type-product","3":"status-publish","4":"has-post-thumbnail","6":"product_cat-fripris","7":"product_tag-faglitteratur","8":"product_tag-geografi-og-reiser","9":"product_tag-sosialantropologi","11":"first","12":"outofstock","13":"shipping-taxable","14":"purchasable","15":"product-type-simple"},"acf":{"anmeldelse":null},"yoast_head":"<!-- This site is optimized with the Yoast SEO plugin v26.6 - https:\/\/yoast.com\/wordpress\/plugins\/seo\/ -->\n<title>Vi mennesker - Pax<\/title>\n<meta name=\"robots\" content=\"noindex, follow, max-snippet:-1, max-image-preview:large, max-video-preview:-1\" \/>\n<meta property=\"og:locale\" content=\"nb_NO\" \/>\n<meta property=\"og:type\" content=\"article\" \/>\n<meta property=\"og:title\" content=\"Vi mennesker - Pax\" \/>\n<meta property=\"og:description\" content=\"Forfatterens arbeid har v\u00e6rt \u00e5 l\u00e6re om de mangfoldige liv vi mennesker lever, om det s\u00e5 er i Arktis, i tropene, i sm\u00e5 omflakkende horder eller i massesamfunn. Et grunnleggende s\u00e6rtrekk ved mennesket som art, er nettopp mangfoldet. V\u00e5r utfordring er \u00e5 tre ut av v\u00e5r egen avgrensede virkelighet og bli med inn i andre [&hellip;]\" \/>\n<meta property=\"og:url\" content=\"https:\/\/staging.forenteforlag.no\/pax\/produkt\/vi-mennesker\/\" \/>\n<meta property=\"og:site_name\" content=\"Pax\" \/>\n<meta property=\"article:modified_time\" content=\"2026-03-03T20:50:33+00:00\" \/>\n<meta property=\"og:image\" content=\"https:\/\/staging.forenteforlag.no\/pax\/wp-content\/uploads\/sites\/5\/2025\/08\/jpg-5886.jpg\" \/>\n\t<meta property=\"og:image:width\" content=\"328\" \/>\n\t<meta property=\"og:image:height\" content=\"450\" \/>\n\t<meta property=\"og:image:type\" content=\"image\/jpeg\" \/>\n<meta name=\"twitter:card\" content=\"summary_large_image\" \/>\n<script type=\"application\/ld+json\" class=\"yoast-schema-graph\">{\"@context\":\"https:\/\/schema.org\",\"@graph\":[{\"@type\":\"WebPage\",\"@id\":\"https:\/\/staging.forenteforlag.no\/pax\/produkt\/vi-mennesker\/\",\"url\":\"https:\/\/staging.forenteforlag.no\/pax\/produkt\/vi-mennesker\/\",\"name\":\"Vi mennesker - Pax\",\"isPartOf\":{\"@id\":\"https:\/\/staging.forenteforlag.no\/pax\/#website\"},\"primaryImageOfPage\":{\"@id\":\"https:\/\/staging.forenteforlag.no\/pax\/produkt\/vi-mennesker\/#primaryimage\"},\"image\":{\"@id\":\"https:\/\/staging.forenteforlag.no\/pax\/produkt\/vi-mennesker\/#primaryimage\"},\"thumbnailUrl\":\"https:\/\/staging.forenteforlag.no\/pax\/wp-content\/uploads\/sites\/5\/2025\/08\/jpg-5886.jpg\",\"datePublished\":\"2008-08-19T00:00:00+00:00\",\"dateModified\":\"2026-03-03T20:50:33+00:00\",\"breadcrumb\":{\"@id\":\"https:\/\/staging.forenteforlag.no\/pax\/produkt\/vi-mennesker\/#breadcrumb\"},\"inLanguage\":\"nb-NO\",\"potentialAction\":[{\"@type\":\"ReadAction\",\"target\":[\"https:\/\/staging.forenteforlag.no\/pax\/produkt\/vi-mennesker\/\"]}]},{\"@type\":\"ImageObject\",\"inLanguage\":\"nb-NO\",\"@id\":\"https:\/\/staging.forenteforlag.no\/pax\/produkt\/vi-mennesker\/#primaryimage\",\"url\":\"https:\/\/staging.forenteforlag.no\/pax\/wp-content\/uploads\/sites\/5\/2025\/08\/jpg-5886.jpg\",\"contentUrl\":\"https:\/\/staging.forenteforlag.no\/pax\/wp-content\/uploads\/sites\/5\/2025\/08\/jpg-5886.jpg\",\"width\":328,\"height\":450},{\"@type\":\"BreadcrumbList\",\"@id\":\"https:\/\/staging.forenteforlag.no\/pax\/produkt\/vi-mennesker\/#breadcrumb\",\"itemListElement\":[{\"@type\":\"ListItem\",\"position\":1,\"name\":\"Hjem\",\"item\":\"https:\/\/staging.forenteforlag.no\/pax\/\"},{\"@type\":\"ListItem\",\"position\":2,\"name\":\"Alle b\u00f8ker\",\"item\":\"https:\/\/staging.forenteforlag.no\/pax\/butikk\/\"},{\"@type\":\"ListItem\",\"position\":3,\"name\":\"Vi mennesker\"}]},{\"@type\":\"WebSite\",\"@id\":\"https:\/\/staging.forenteforlag.no\/pax\/#website\",\"url\":\"https:\/\/staging.forenteforlag.no\/pax\/\",\"name\":\"Pax\",\"description\":\"\",\"potentialAction\":[{\"@type\":\"SearchAction\",\"target\":{\"@type\":\"EntryPoint\",\"urlTemplate\":\"https:\/\/staging.forenteforlag.no\/pax\/?s={search_term_string}\"},\"query-input\":{\"@type\":\"PropertyValueSpecification\",\"valueRequired\":true,\"valueName\":\"search_term_string\"}}],\"inLanguage\":\"nb-NO\"}]}<\/script>\n<!-- \/ Yoast SEO plugin. -->","yoast_head_json":{"title":"Vi mennesker - Pax","robots":{"index":"noindex","follow":"follow","max-snippet":"max-snippet:-1","max-image-preview":"max-image-preview:large","max-video-preview":"max-video-preview:-1"},"og_locale":"nb_NO","og_type":"article","og_title":"Vi mennesker - Pax","og_description":"Forfatterens arbeid har v\u00e6rt \u00e5 l\u00e6re om de mangfoldige liv vi mennesker lever, om det s\u00e5 er i Arktis, i tropene, i sm\u00e5 omflakkende horder eller i massesamfunn. Et grunnleggende s\u00e6rtrekk ved mennesket som art, er nettopp mangfoldet. V\u00e5r utfordring er \u00e5 tre ut av v\u00e5r egen avgrensede virkelighet og bli med inn i andre [&hellip;]","og_url":"https:\/\/staging.forenteforlag.no\/pax\/produkt\/vi-mennesker\/","og_site_name":"Pax","article_modified_time":"2026-03-03T20:50:33+00:00","og_image":[{"width":328,"height":450,"url":"https:\/\/staging.forenteforlag.no\/pax\/wp-content\/uploads\/sites\/5\/2025\/08\/jpg-5886.jpg","type":"image\/jpeg"}],"twitter_card":"summary_large_image","schema":{"@context":"https:\/\/schema.org","@graph":[{"@type":"WebPage","@id":"https:\/\/staging.forenteforlag.no\/pax\/produkt\/vi-mennesker\/","url":"https:\/\/staging.forenteforlag.no\/pax\/produkt\/vi-mennesker\/","name":"Vi mennesker - Pax","isPartOf":{"@id":"https:\/\/staging.forenteforlag.no\/pax\/#website"},"primaryImageOfPage":{"@id":"https:\/\/staging.forenteforlag.no\/pax\/produkt\/vi-mennesker\/#primaryimage"},"image":{"@id":"https:\/\/staging.forenteforlag.no\/pax\/produkt\/vi-mennesker\/#primaryimage"},"thumbnailUrl":"https:\/\/staging.forenteforlag.no\/pax\/wp-content\/uploads\/sites\/5\/2025\/08\/jpg-5886.jpg","datePublished":"2008-08-19T00:00:00+00:00","dateModified":"2026-03-03T20:50:33+00:00","breadcrumb":{"@id":"https:\/\/staging.forenteforlag.no\/pax\/produkt\/vi-mennesker\/#breadcrumb"},"inLanguage":"nb-NO","potentialAction":[{"@type":"ReadAction","target":["https:\/\/staging.forenteforlag.no\/pax\/produkt\/vi-mennesker\/"]}]},{"@type":"ImageObject","inLanguage":"nb-NO","@id":"https:\/\/staging.forenteforlag.no\/pax\/produkt\/vi-mennesker\/#primaryimage","url":"https:\/\/staging.forenteforlag.no\/pax\/wp-content\/uploads\/sites\/5\/2025\/08\/jpg-5886.jpg","contentUrl":"https:\/\/staging.forenteforlag.no\/pax\/wp-content\/uploads\/sites\/5\/2025\/08\/jpg-5886.jpg","width":328,"height":450},{"@type":"BreadcrumbList","@id":"https:\/\/staging.forenteforlag.no\/pax\/produkt\/vi-mennesker\/#breadcrumb","itemListElement":[{"@type":"ListItem","position":1,"name":"Hjem","item":"https:\/\/staging.forenteforlag.no\/pax\/"},{"@type":"ListItem","position":2,"name":"Alle b\u00f8ker","item":"https:\/\/staging.forenteforlag.no\/pax\/butikk\/"},{"@type":"ListItem","position":3,"name":"Vi mennesker"}]},{"@type":"WebSite","@id":"https:\/\/staging.forenteforlag.no\/pax\/#website","url":"https:\/\/staging.forenteforlag.no\/pax\/","name":"Pax","description":"","potentialAction":[{"@type":"SearchAction","target":{"@type":"EntryPoint","urlTemplate":"https:\/\/staging.forenteforlag.no\/pax\/?s={search_term_string}"},"query-input":{"@type":"PropertyValueSpecification","valueRequired":true,"valueName":"search_term_string"}}],"inLanguage":"nb-NO"}]}},"_links":{"self":[{"href":"https:\/\/staging.forenteforlag.no\/pax\/wp-json\/wp\/v2\/product\/21603","targetHints":{"allow":["GET"]}}],"collection":[{"href":"https:\/\/staging.forenteforlag.no\/pax\/wp-json\/wp\/v2\/product"}],"about":[{"href":"https:\/\/staging.forenteforlag.no\/pax\/wp-json\/wp\/v2\/types\/product"}],"wp:featuredmedia":[{"embeddable":true,"href":"https:\/\/staging.forenteforlag.no\/pax\/wp-json\/wp\/v2\/media\/28060"}],"wp:attachment":[{"href":"https:\/\/staging.forenteforlag.no\/pax\/wp-json\/wp\/v2\/media?parent=21603"}],"wp:term":[{"taxonomy":"product_brand","embeddable":true,"href":"https:\/\/staging.forenteforlag.no\/pax\/wp-json\/wp\/v2\/product_brand?post=21603"},{"taxonomy":"product_cat","embeddable":true,"href":"https:\/\/staging.forenteforlag.no\/pax\/wp-json\/wp\/v2\/product_cat?post=21603"},{"taxonomy":"product_tag","embeddable":true,"href":"https:\/\/staging.forenteforlag.no\/pax\/wp-json\/wp\/v2\/product_tag?post=21603"}],"curies":[{"name":"wp","href":"https:\/\/api.w.org\/{rel}","templated":true}]}}

<p>Forfatterens arbeid har vært å lære om de mangfoldige liv vi mennesker lever, om det så er i Arktis, i tropene, i små omflakkende horder eller i massesamfunn. Et grunnleggende særtrekk ved mennesket som art, er nettopp mangfoldet. Vår utfordring er å tre ut av vår egen avgrensede virkelighet og bli med inn i andre menneskers verden. Boken kan leses som en reiseskildring i dybden, der vi møter mangfoldet og der menneskene byr på mange overraskelser.</p>

<p>Forfatterens arbeid har vært å lære om de mangfoldige liv vi mennesker lever, om det så er i Arktis, i tropene, i små omflakkende horder eller i massesamfunn. Et grunnleggende særtrekk ved mennesket som art, er nettopp mangfoldet. Vår utfordring er å tre ut av vår egen avgrensede virkelighet og bli med inn i andre [&hellip;]</p>

<!-- This site is optimized with the Yoast SEO plugin v26.6 - https://yoast.com/wordpress/plugins/seo/ -->
<title>Vi mennesker - Pax</title>
<meta name="robots" content="noindex, follow, max-snippet:-1, max-image-preview:large, max-video-preview:-1" />
<meta property="og:locale" content="nb_NO" />
<meta property="og:type" content="article" />
<meta property="og:title" content="Vi mennesker - Pax" />
<meta property="og:description" content="Forfatterens arbeid har vært å lære om de mangfoldige liv vi mennesker lever, om det så er i Arktis, i tropene, i små omflakkende horder eller i massesamfunn. Et grunnleggende særtrekk ved mennesket som art, er nettopp mangfoldet. Vår utfordring er å tre ut av vår egen avgrensede virkelighet og bli med inn i andre [&hellip;]" />
<meta property="og:url" content="https://staging.forenteforlag.no/pax/produkt/vi-mennesker/" />
<meta property="og:site_name" content="Pax" />
<meta property="article:modified_time" content="2026-03-03T20:50:33+00:00" />
<meta property="og:image" content="https://staging.forenteforlag.no/pax/wp-content/uploads/sites/5/2025/08/jpg-5886.jpg" />
	<meta property="og:image:width" content="328" />
	<meta property="og:image:height" content="450" />
	<meta property="og:image:type" content="image/jpeg" />
<meta name="twitter:card" content="summary_large_image" />
<script type="application/ld+json" class="yoast-schema-graph">{"@context":"https://schema.org","@graph":[{"@type":"WebPage","@id":"https://staging.forenteforlag.no/pax/produkt/vi-mennesker/","url":"https://staging.forenteforlag.no/pax/produkt/vi-mennesker/","name":"Vi mennesker - Pax","isPartOf":{"@id":"https://staging.forenteforlag.no/pax/#website"},"primaryImageOfPage":{"@id":"https://staging.forenteforlag.no/pax/produkt/vi-mennesker/#primaryimage"},"image":{"@id":"https://staging.forenteforlag.no/pax/produkt/vi-mennesker/#primaryimage"},"thumbnailUrl":"https://staging.forenteforlag.no/pax/wp-content/uploads/sites/5/2025/08/jpg-5886.jpg","datePublished":"2008-08-19T00:00:00+00:00","dateModified":"2026-03-03T20:50:33+00:00","breadcrumb":{"@id":"https://staging.forenteforlag.no/pax/produkt/vi-mennesker/#breadcrumb"},"inLanguage":"nb-NO","potentialAction":[{"@type":"ReadAction","target":["https://staging.forenteforlag.no/pax/produkt/vi-mennesker/"]}]},{"@type":"ImageObject","inLanguage":"nb-NO","@id":"https://staging.forenteforlag.no/pax/produkt/vi-mennesker/#primaryimage","url":"https://staging.forenteforlag.no/pax/wp-content/uploads/sites/5/2025/08/jpg-5886.jpg","contentUrl":"https://staging.forenteforlag.no/pax/wp-content/uploads/sites/5/2025/08/jpg-5886.jpg","width":328,"height":450},{"@type":"BreadcrumbList","@id":"https://staging.forenteforlag.no/pax/produkt/vi-mennesker/#breadcrumb","itemListElement":[{"@type":"ListItem","position":1,"name":"Hjem","item":"https://staging.forenteforlag.no/pax/"},{"@type":"ListItem","position":2,"name":"Alle bøker","item":"https://staging.forenteforlag.no/pax/butikk/"},{"@type":"ListItem","position":3,"name":"Vi mennesker"}]},{"@type":"WebSite","@id":"https://staging.forenteforlag.no/pax/#website","url":"https://staging.forenteforlag.no/pax/","name":"Pax","description":"","potentialAction":[{"@type":"SearchAction","target":{"@type":"EntryPoint","urlTemplate":"https://staging.forenteforlag.no/pax/?s={search_term_string}"},"query-input":{"@type":"PropertyValueSpecification","valueRequired":true,"valueName":"search_term_string"}}],"inLanguage":"nb-NO"}]}</script>
<!-- / Yoast SEO plugin. -->

Forfatterens arbeid har vært å lære om de mangfoldige liv vi mennesker lever, om det så er i Arktis, i tropene, i små omflakkende horder eller i massesamfunn. Et grunnleggende særtrekk ved mennesket som art, er nettopp mangfoldet. Vår utfordring er å tre ut av vår egen avgrensede virkelighet og bli med inn i andre [&hellip;]

Alle bøker
