{"id":21467,"date":"2024-12-10T22:31:19","date_gmt":"2024-12-10T21:31:19","guid":{"rendered":"https:\/\/pax.forenteforlag.no\/produkt\/den-ville-kroppen\/"},"modified":"2026-03-04T21:31:42","modified_gmt":"2026-03-04T20:31:42","slug":"den-ville-kroppen","status":"publish","type":"product","link":"https:\/\/staging.forenteforlag.no\/pax\/produkt\/den-ville-kroppen\/","title":{"rendered":"Den ville kroppen"},"content":{"rendered":"<p>Hvorfor har det blitt mote med tatoveringer og piercinger? Hva f\u00e5r folk til \u00e5 henge seg i kroker? Hvem er det som \u00f8nsker seg permanente kroppsmerker? Dette er en bok om kroppskunst eller kroppsmodifikasjon, om smerterelaterte ritualer, om ekstremkunst, og om tatovering, arring, brennmerking og piercing. Forfatteren har \u00f8nsket \u00e5 unders\u00f8ke hva moderne mennesker vil si med disse uttrykkene eller praksisformene. Den ville kroppen handler om \u00e5 ta avstand fra mainstreamkulturen, om \u00e5 forme en egen individualitet, om \u00e5 bli del av et annerledes fellesskap. Her finnes et skrik etter \u00e5 kunne mestre utfordringer og smerte, og et \u00f8nske om at levd liv skal synes p\u00e5 kroppen p\u00e5 en stolt m\u00e5te. \u00c5 lage egne innvielsesritualer er en del av dette, likes\u00e5 \u00e5 skape seg selv i sitt eget bilde, ta tilbake makten over egen kropp og selv velge hva som skal gj\u00f8re vondt, fysisk og sjelelig.<\/p>\n","protected":false},"excerpt":{"rendered":"<p>Hvorfor har det blitt mote med tatoveringer og piercinger? Hva f\u00e5r folk til \u00e5 henge seg i kroker? Hvem er det som \u00f8nsker seg permanente kroppsmerker? Dette er en bok om kroppskunst eller kroppsmodifikasjon, om smerterelaterte ritualer, om ekstremkunst, og om tatovering, arring, brennmerking og piercing. Forfatteren har \u00f8nsket \u00e5 unders\u00f8ke hva moderne mennesker vil [&hellip;]<\/p>\n","protected":false},"featured_media":27993,"template":"","meta":{"_acf_changed":false,"inline_featured_image":false},"product_brand":[],"product_cat":[1782],"product_tag":[362,602,505,1335,1334],"class_list":{"0":"post-21467","1":"product","2":"type-product","3":"status-publish","4":"has-post-thumbnail","6":"product_cat-fripris","7":"product_tag-faglitteratur","8":"product_tag-kultursosiologi","9":"product_tag-outsidere","10":"product_tag-piercing","11":"product_tag-tatoveringer","13":"first","14":"outofstock","15":"taxable","16":"shipping-taxable","17":"purchasable","18":"product-type-simple"},"acf":{"anmeldelse":null},"yoast_head":"<!-- This site is optimized with the Yoast SEO plugin v26.6 - https:\/\/yoast.com\/wordpress\/plugins\/seo\/ -->\n<title>Den ville kroppen - Pax<\/title>\n<meta name=\"robots\" content=\"noindex, follow, max-snippet:-1, max-image-preview:large, max-video-preview:-1\" \/>\n<meta property=\"og:locale\" content=\"nb_NO\" \/>\n<meta property=\"og:type\" content=\"article\" \/>\n<meta property=\"og:title\" content=\"Den ville kroppen - Pax\" \/>\n<meta property=\"og:description\" content=\"Hvorfor har det blitt mote med tatoveringer og piercinger? Hva f\u00e5r folk til \u00e5 henge seg i kroker? Hvem er det som \u00f8nsker seg permanente kroppsmerker? Dette er en bok om kroppskunst eller kroppsmodifikasjon, om smerterelaterte ritualer, om ekstremkunst, og om tatovering, arring, brennmerking og piercing. Forfatteren har \u00f8nsket \u00e5 unders\u00f8ke hva moderne mennesker vil [&hellip;]\" \/>\n<meta property=\"og:url\" content=\"https:\/\/staging.forenteforlag.no\/pax\/produkt\/den-ville-kroppen\/\" \/>\n<meta property=\"og:site_name\" content=\"Pax\" \/>\n<meta property=\"article:modified_time\" content=\"2026-03-04T20:31:42+00:00\" \/>\n<meta property=\"og:image\" content=\"https:\/\/staging.forenteforlag.no\/pax\/wp-content\/uploads\/sites\/5\/2025\/08\/jpg-5679.jpg\" \/>\n\t<meta property=\"og:image:width\" content=\"286\" \/>\n\t<meta property=\"og:image:height\" content=\"450\" \/>\n\t<meta property=\"og:image:type\" content=\"image\/jpeg\" \/>\n<meta name=\"twitter:card\" content=\"summary_large_image\" \/>\n<meta name=\"twitter:label1\" content=\"Ansl. lesetid\" \/>\n\t<meta name=\"twitter:data1\" content=\"1 minutt\" \/>\n<script type=\"application\/ld+json\" class=\"yoast-schema-graph\">{\"@context\":\"https:\/\/schema.org\",\"@graph\":[{\"@type\":\"WebPage\",\"@id\":\"https:\/\/staging.forenteforlag.no\/pax\/produkt\/den-ville-kroppen\/\",\"url\":\"https:\/\/staging.forenteforlag.no\/pax\/produkt\/den-ville-kroppen\/\",\"name\":\"Den ville kroppen - Pax\",\"isPartOf\":{\"@id\":\"https:\/\/staging.forenteforlag.no\/pax\/#website\"},\"primaryImageOfPage\":{\"@id\":\"https:\/\/staging.forenteforlag.no\/pax\/produkt\/den-ville-kroppen\/#primaryimage\"},\"image\":{\"@id\":\"https:\/\/staging.forenteforlag.no\/pax\/produkt\/den-ville-kroppen\/#primaryimage\"},\"thumbnailUrl\":\"https:\/\/staging.forenteforlag.no\/pax\/wp-content\/uploads\/sites\/5\/2025\/08\/jpg-5679.jpg\",\"datePublished\":\"2024-12-10T21:31:19+00:00\",\"dateModified\":\"2026-03-04T20:31:42+00:00\",\"breadcrumb\":{\"@id\":\"https:\/\/staging.forenteforlag.no\/pax\/produkt\/den-ville-kroppen\/#breadcrumb\"},\"inLanguage\":\"nb-NO\",\"potentialAction\":[{\"@type\":\"ReadAction\",\"target\":[\"https:\/\/staging.forenteforlag.no\/pax\/produkt\/den-ville-kroppen\/\"]}]},{\"@type\":\"ImageObject\",\"inLanguage\":\"nb-NO\",\"@id\":\"https:\/\/staging.forenteforlag.no\/pax\/produkt\/den-ville-kroppen\/#primaryimage\",\"url\":\"https:\/\/staging.forenteforlag.no\/pax\/wp-content\/uploads\/sites\/5\/2025\/08\/jpg-5679.jpg\",\"contentUrl\":\"https:\/\/staging.forenteforlag.no\/pax\/wp-content\/uploads\/sites\/5\/2025\/08\/jpg-5679.jpg\",\"width\":286,\"height\":450},{\"@type\":\"BreadcrumbList\",\"@id\":\"https:\/\/staging.forenteforlag.no\/pax\/produkt\/den-ville-kroppen\/#breadcrumb\",\"itemListElement\":[{\"@type\":\"ListItem\",\"position\":1,\"name\":\"Hjem\",\"item\":\"https:\/\/staging.forenteforlag.no\/pax\/\"},{\"@type\":\"ListItem\",\"position\":2,\"name\":\"Alle b\u00f8ker\",\"item\":\"https:\/\/staging.forenteforlag.no\/pax\/butikk\/\"},{\"@type\":\"ListItem\",\"position\":3,\"name\":\"Den ville kroppen\"}]},{\"@type\":\"WebSite\",\"@id\":\"https:\/\/staging.forenteforlag.no\/pax\/#website\",\"url\":\"https:\/\/staging.forenteforlag.no\/pax\/\",\"name\":\"Pax\",\"description\":\"\",\"potentialAction\":[{\"@type\":\"SearchAction\",\"target\":{\"@type\":\"EntryPoint\",\"urlTemplate\":\"https:\/\/staging.forenteforlag.no\/pax\/?s={search_term_string}\"},\"query-input\":{\"@type\":\"PropertyValueSpecification\",\"valueRequired\":true,\"valueName\":\"search_term_string\"}}],\"inLanguage\":\"nb-NO\"}]}<\/script>\n<!-- \/ Yoast SEO plugin. -->","yoast_head_json":{"title":"Den ville kroppen - Pax","robots":{"index":"noindex","follow":"follow","max-snippet":"max-snippet:-1","max-image-preview":"max-image-preview:large","max-video-preview":"max-video-preview:-1"},"og_locale":"nb_NO","og_type":"article","og_title":"Den ville kroppen - Pax","og_description":"Hvorfor har det blitt mote med tatoveringer og piercinger? Hva f\u00e5r folk til \u00e5 henge seg i kroker? Hvem er det som \u00f8nsker seg permanente kroppsmerker? Dette er en bok om kroppskunst eller kroppsmodifikasjon, om smerterelaterte ritualer, om ekstremkunst, og om tatovering, arring, brennmerking og piercing. Forfatteren har \u00f8nsket \u00e5 unders\u00f8ke hva moderne mennesker vil [&hellip;]","og_url":"https:\/\/staging.forenteforlag.no\/pax\/produkt\/den-ville-kroppen\/","og_site_name":"Pax","article_modified_time":"2026-03-04T20:31:42+00:00","og_image":[{"width":286,"height":450,"url":"https:\/\/staging.forenteforlag.no\/pax\/wp-content\/uploads\/sites\/5\/2025\/08\/jpg-5679.jpg","type":"image\/jpeg"}],"twitter_card":"summary_large_image","twitter_misc":{"Ansl. lesetid":"1 minutt"},"schema":{"@context":"https:\/\/schema.org","@graph":[{"@type":"WebPage","@id":"https:\/\/staging.forenteforlag.no\/pax\/produkt\/den-ville-kroppen\/","url":"https:\/\/staging.forenteforlag.no\/pax\/produkt\/den-ville-kroppen\/","name":"Den ville kroppen - Pax","isPartOf":{"@id":"https:\/\/staging.forenteforlag.no\/pax\/#website"},"primaryImageOfPage":{"@id":"https:\/\/staging.forenteforlag.no\/pax\/produkt\/den-ville-kroppen\/#primaryimage"},"image":{"@id":"https:\/\/staging.forenteforlag.no\/pax\/produkt\/den-ville-kroppen\/#primaryimage"},"thumbnailUrl":"https:\/\/staging.forenteforlag.no\/pax\/wp-content\/uploads\/sites\/5\/2025\/08\/jpg-5679.jpg","datePublished":"2024-12-10T21:31:19+00:00","dateModified":"2026-03-04T20:31:42+00:00","breadcrumb":{"@id":"https:\/\/staging.forenteforlag.no\/pax\/produkt\/den-ville-kroppen\/#breadcrumb"},"inLanguage":"nb-NO","potentialAction":[{"@type":"ReadAction","target":["https:\/\/staging.forenteforlag.no\/pax\/produkt\/den-ville-kroppen\/"]}]},{"@type":"ImageObject","inLanguage":"nb-NO","@id":"https:\/\/staging.forenteforlag.no\/pax\/produkt\/den-ville-kroppen\/#primaryimage","url":"https:\/\/staging.forenteforlag.no\/pax\/wp-content\/uploads\/sites\/5\/2025\/08\/jpg-5679.jpg","contentUrl":"https:\/\/staging.forenteforlag.no\/pax\/wp-content\/uploads\/sites\/5\/2025\/08\/jpg-5679.jpg","width":286,"height":450},{"@type":"BreadcrumbList","@id":"https:\/\/staging.forenteforlag.no\/pax\/produkt\/den-ville-kroppen\/#breadcrumb","itemListElement":[{"@type":"ListItem","position":1,"name":"Hjem","item":"https:\/\/staging.forenteforlag.no\/pax\/"},{"@type":"ListItem","position":2,"name":"Alle b\u00f8ker","item":"https:\/\/staging.forenteforlag.no\/pax\/butikk\/"},{"@type":"ListItem","position":3,"name":"Den ville kroppen"}]},{"@type":"WebSite","@id":"https:\/\/staging.forenteforlag.no\/pax\/#website","url":"https:\/\/staging.forenteforlag.no\/pax\/","name":"Pax","description":"","potentialAction":[{"@type":"SearchAction","target":{"@type":"EntryPoint","urlTemplate":"https:\/\/staging.forenteforlag.no\/pax\/?s={search_term_string}"},"query-input":{"@type":"PropertyValueSpecification","valueRequired":true,"valueName":"search_term_string"}}],"inLanguage":"nb-NO"}]}},"_links":{"self":[{"href":"https:\/\/staging.forenteforlag.no\/pax\/wp-json\/wp\/v2\/product\/21467","targetHints":{"allow":["GET"]}}],"collection":[{"href":"https:\/\/staging.forenteforlag.no\/pax\/wp-json\/wp\/v2\/product"}],"about":[{"href":"https:\/\/staging.forenteforlag.no\/pax\/wp-json\/wp\/v2\/types\/product"}],"wp:featuredmedia":[{"embeddable":true,"href":"https:\/\/staging.forenteforlag.no\/pax\/wp-json\/wp\/v2\/media\/27993"}],"wp:attachment":[{"href":"https:\/\/staging.forenteforlag.no\/pax\/wp-json\/wp\/v2\/media?parent=21467"}],"wp:term":[{"taxonomy":"product_brand","embeddable":true,"href":"https:\/\/staging.forenteforlag.no\/pax\/wp-json\/wp\/v2\/product_brand?post=21467"},{"taxonomy":"product_cat","embeddable":true,"href":"https:\/\/staging.forenteforlag.no\/pax\/wp-json\/wp\/v2\/product_cat?post=21467"},{"taxonomy":"product_tag","embeddable":true,"href":"https:\/\/staging.forenteforlag.no\/pax\/wp-json\/wp\/v2\/product_tag?post=21467"}],"curies":[{"name":"wp","href":"https:\/\/api.w.org\/{rel}","templated":true}]}}

<p>Hvorfor har det blitt mote med tatoveringer og piercinger? Hva får folk til å henge seg i kroker? Hvem er det som ønsker seg permanente kroppsmerker? Dette er en bok om kroppskunst eller kroppsmodifikasjon, om smerterelaterte ritualer, om ekstremkunst, og om tatovering, arring, brennmerking og piercing. Forfatteren har ønsket å undersøke hva moderne mennesker vil si med disse uttrykkene eller praksisformene. Den ville kroppen handler om å ta avstand fra mainstreamkulturen, om å forme en egen individualitet, om å bli del av et annerledes fellesskap. Her finnes et skrik etter å kunne mestre utfordringer og smerte, og et ønske om at levd liv skal synes på kroppen på en stolt måte. Å lage egne innvielsesritualer er en del av dette, likeså å skape seg selv i sitt eget bilde, ta tilbake makten over egen kropp og selv velge hva som skal gjøre vondt, fysisk og sjelelig.</p>

<p>Hvorfor har det blitt mote med tatoveringer og piercinger? Hva får folk til å henge seg i kroker? Hvem er det som ønsker seg permanente kroppsmerker? Dette er en bok om kroppskunst eller kroppsmodifikasjon, om smerterelaterte ritualer, om ekstremkunst, og om tatovering, arring, brennmerking og piercing. Forfatteren har ønsket å undersøke hva moderne mennesker vil [&hellip;]</p>

<!-- This site is optimized with the Yoast SEO plugin v26.6 - https://yoast.com/wordpress/plugins/seo/ -->
<title>Den ville kroppen - Pax</title>
<meta name="robots" content="noindex, follow, max-snippet:-1, max-image-preview:large, max-video-preview:-1" />
<meta property="og:locale" content="nb_NO" />
<meta property="og:type" content="article" />
<meta property="og:title" content="Den ville kroppen - Pax" />
<meta property="og:description" content="Hvorfor har det blitt mote med tatoveringer og piercinger? Hva får folk til å henge seg i kroker? Hvem er det som ønsker seg permanente kroppsmerker? Dette er en bok om kroppskunst eller kroppsmodifikasjon, om smerterelaterte ritualer, om ekstremkunst, og om tatovering, arring, brennmerking og piercing. Forfatteren har ønsket å undersøke hva moderne mennesker vil [&hellip;]" />
<meta property="og:url" content="https://staging.forenteforlag.no/pax/produkt/den-ville-kroppen/" />
<meta property="og:site_name" content="Pax" />
<meta property="article:modified_time" content="2026-03-04T20:31:42+00:00" />
<meta property="og:image" content="https://staging.forenteforlag.no/pax/wp-content/uploads/sites/5/2025/08/jpg-5679.jpg" />
	<meta property="og:image:width" content="286" />
	<meta property="og:image:height" content="450" />
	<meta property="og:image:type" content="image/jpeg" />
<meta name="twitter:card" content="summary_large_image" />
<meta name="twitter:label1" content="Ansl. lesetid" />
	<meta name="twitter:data1" content="1 minutt" />
<script type="application/ld+json" class="yoast-schema-graph">{"@context":"https://schema.org","@graph":[{"@type":"WebPage","@id":"https://staging.forenteforlag.no/pax/produkt/den-ville-kroppen/","url":"https://staging.forenteforlag.no/pax/produkt/den-ville-kroppen/","name":"Den ville kroppen - Pax","isPartOf":{"@id":"https://staging.forenteforlag.no/pax/#website"},"primaryImageOfPage":{"@id":"https://staging.forenteforlag.no/pax/produkt/den-ville-kroppen/#primaryimage"},"image":{"@id":"https://staging.forenteforlag.no/pax/produkt/den-ville-kroppen/#primaryimage"},"thumbnailUrl":"https://staging.forenteforlag.no/pax/wp-content/uploads/sites/5/2025/08/jpg-5679.jpg","datePublished":"2024-12-10T21:31:19+00:00","dateModified":"2026-03-04T20:31:42+00:00","breadcrumb":{"@id":"https://staging.forenteforlag.no/pax/produkt/den-ville-kroppen/#breadcrumb"},"inLanguage":"nb-NO","potentialAction":[{"@type":"ReadAction","target":["https://staging.forenteforlag.no/pax/produkt/den-ville-kroppen/"]}]},{"@type":"ImageObject","inLanguage":"nb-NO","@id":"https://staging.forenteforlag.no/pax/produkt/den-ville-kroppen/#primaryimage","url":"https://staging.forenteforlag.no/pax/wp-content/uploads/sites/5/2025/08/jpg-5679.jpg","contentUrl":"https://staging.forenteforlag.no/pax/wp-content/uploads/sites/5/2025/08/jpg-5679.jpg","width":286,"height":450},{"@type":"BreadcrumbList","@id":"https://staging.forenteforlag.no/pax/produkt/den-ville-kroppen/#breadcrumb","itemListElement":[{"@type":"ListItem","position":1,"name":"Hjem","item":"https://staging.forenteforlag.no/pax/"},{"@type":"ListItem","position":2,"name":"Alle bøker","item":"https://staging.forenteforlag.no/pax/butikk/"},{"@type":"ListItem","position":3,"name":"Den ville kroppen"}]},{"@type":"WebSite","@id":"https://staging.forenteforlag.no/pax/#website","url":"https://staging.forenteforlag.no/pax/","name":"Pax","description":"","potentialAction":[{"@type":"SearchAction","target":{"@type":"EntryPoint","urlTemplate":"https://staging.forenteforlag.no/pax/?s={search_term_string}"},"query-input":{"@type":"PropertyValueSpecification","valueRequired":true,"valueName":"search_term_string"}}],"inLanguage":"nb-NO"}]}</script>
<!-- / Yoast SEO plugin. -->

Hvorfor har det blitt mote med tatoveringer og piercinger? Hva får folk til å henge seg i kroker? Hvem er det som ønsker seg permanente kroppsmerker? Dette er en bok om kroppskunst eller kroppsmodifikasjon, om smerterelaterte ritualer, om ekstremkunst, og om tatovering, arring, brennmerking og piercing. Forfatteren har ønsket å undersøke hva moderne mennesker vil [&hellip;]

Alle bøker
