{"id":21240,"date":"2024-12-10T22:44:39","date_gmt":"2024-12-10T21:44:39","guid":{"rendered":"https:\/\/pax.forenteforlag.no\/produkt\/fra-ingen-til-en-2\/"},"modified":"2026-03-04T18:26:50","modified_gmt":"2026-03-04T17:26:50","slug":"fra-ingen-til-en-2","status":"publish","type":"product","link":"https:\/\/staging.forenteforlag.no\/pax\/produkt\/fra-ingen-til-en-2\/","title":{"rendered":"Fra ingen til en"},"content":{"rendered":"<p>I sin f\u00f8rste bok ga Williams leserne innsyn i en verden der alle f\u00f8lelser og all ber\u00f8ring var uforst\u00e5elig og farlig. Etter 25 \u00e5r fikk hun diagnosen &laquo;autisme&raquo;. I denne boka forteller hun om de fire \u00e5rene etter at hun fikk diagnosen. Her lover hun seg selv \u00e5 forlate den isolerte verdenen hun s\u00e5 lenge har befunnet seg i og gi avkall p\u00e5 identitetene Carol og Willie, som hun har skjult seg bak hele denne tiden. N\u00e5 m\u00e5 hun v\u00e5ge \u00e5 erkjenne seg selv og sine f\u00f8lelser. Og for \u00e5 n\u00e5 dit, m\u00e5 hun ta ibruk alt hun har av styrke, evner, talenter og mot.<\/p>\n","protected":false},"excerpt":{"rendered":"<p>I sin f\u00f8rste bok ga Williams leserne innsyn i en verden der alle f\u00f8lelser og all ber\u00f8ring var uforst\u00e5elig og farlig. Etter 25 \u00e5r fikk hun diagnosen &laquo;autisme&raquo;. I denne boka forteller hun om de fire \u00e5rene etter at hun fikk diagnosen. Her lover hun seg selv \u00e5 forlate den isolerte verdenen hun s\u00e5 lenge [&hellip;]<\/p>\n","protected":false},"featured_media":0,"template":"","meta":{"_acf_changed":false,"inline_featured_image":false},"product_brand":[],"product_cat":[1782],"product_tag":[1202,362,417],"class_list":{"0":"post-21240","1":"product","2":"type-product","3":"status-publish","5":"product_cat-fripris","6":"product_tag-autisme","7":"product_tag-faglitteratur","8":"product_tag-selvbiografier","10":"first","11":"outofstock","12":"taxable","13":"shipping-taxable","14":"purchasable","15":"product-type-simple"},"acf":{"anmeldelse":null},"yoast_head":"<!-- This site is optimized with the Yoast SEO plugin v26.6 - https:\/\/yoast.com\/wordpress\/plugins\/seo\/ -->\n<title>Fra ingen til en - Pax<\/title>\n<meta name=\"robots\" content=\"noindex, follow, max-snippet:-1, max-image-preview:large, max-video-preview:-1\" \/>\n<meta property=\"og:locale\" content=\"nb_NO\" \/>\n<meta property=\"og:type\" content=\"article\" \/>\n<meta property=\"og:title\" content=\"Fra ingen til en - Pax\" \/>\n<meta property=\"og:description\" content=\"I sin f\u00f8rste bok ga Williams leserne innsyn i en verden der alle f\u00f8lelser og all ber\u00f8ring var uforst\u00e5elig og farlig. Etter 25 \u00e5r fikk hun diagnosen &laquo;autisme&raquo;. I denne boka forteller hun om de fire \u00e5rene etter at hun fikk diagnosen. Her lover hun seg selv \u00e5 forlate den isolerte verdenen hun s\u00e5 lenge [&hellip;]\" \/>\n<meta property=\"og:url\" content=\"https:\/\/staging.forenteforlag.no\/pax\/produkt\/fra-ingen-til-en-2\/\" \/>\n<meta property=\"og:site_name\" content=\"Pax\" \/>\n<meta property=\"article:modified_time\" content=\"2026-03-04T17:26:50+00:00\" \/>\n<meta property=\"og:image\" content=\"https:\/\/staging.forenteforlag.no\/pax\/wp-content\/uploads\/sites\/5\/2025\/02\/pax-hvit.jpg\" \/>\n\t<meta property=\"og:image:width\" content=\"1200\" \/>\n\t<meta property=\"og:image:height\" content=\"800\" \/>\n\t<meta property=\"og:image:type\" content=\"image\/jpeg\" \/>\n<meta name=\"twitter:card\" content=\"summary_large_image\" \/>\n<meta name=\"twitter:label1\" content=\"Ansl. lesetid\" \/>\n\t<meta name=\"twitter:data1\" content=\"1 minutt\" \/>\n<script type=\"application\/ld+json\" class=\"yoast-schema-graph\">{\"@context\":\"https:\/\/schema.org\",\"@graph\":[{\"@type\":\"WebPage\",\"@id\":\"https:\/\/staging.forenteforlag.no\/pax\/produkt\/fra-ingen-til-en-2\/\",\"url\":\"https:\/\/staging.forenteforlag.no\/pax\/produkt\/fra-ingen-til-en-2\/\",\"name\":\"Fra ingen til en - Pax\",\"isPartOf\":{\"@id\":\"https:\/\/staging.forenteforlag.no\/pax\/#website\"},\"datePublished\":\"2024-12-10T21:44:39+00:00\",\"dateModified\":\"2026-03-04T17:26:50+00:00\",\"breadcrumb\":{\"@id\":\"https:\/\/staging.forenteforlag.no\/pax\/produkt\/fra-ingen-til-en-2\/#breadcrumb\"},\"inLanguage\":\"nb-NO\",\"potentialAction\":[{\"@type\":\"ReadAction\",\"target\":[\"https:\/\/staging.forenteforlag.no\/pax\/produkt\/fra-ingen-til-en-2\/\"]}]},{\"@type\":\"BreadcrumbList\",\"@id\":\"https:\/\/staging.forenteforlag.no\/pax\/produkt\/fra-ingen-til-en-2\/#breadcrumb\",\"itemListElement\":[{\"@type\":\"ListItem\",\"position\":1,\"name\":\"Hjem\",\"item\":\"https:\/\/staging.forenteforlag.no\/pax\/\"},{\"@type\":\"ListItem\",\"position\":2,\"name\":\"Alle b\u00f8ker\",\"item\":\"https:\/\/staging.forenteforlag.no\/pax\/butikk\/\"},{\"@type\":\"ListItem\",\"position\":3,\"name\":\"Fra ingen til en\"}]},{\"@type\":\"WebSite\",\"@id\":\"https:\/\/staging.forenteforlag.no\/pax\/#website\",\"url\":\"https:\/\/staging.forenteforlag.no\/pax\/\",\"name\":\"Pax\",\"description\":\"\",\"potentialAction\":[{\"@type\":\"SearchAction\",\"target\":{\"@type\":\"EntryPoint\",\"urlTemplate\":\"https:\/\/staging.forenteforlag.no\/pax\/?s={search_term_string}\"},\"query-input\":{\"@type\":\"PropertyValueSpecification\",\"valueRequired\":true,\"valueName\":\"search_term_string\"}}],\"inLanguage\":\"nb-NO\"}]}<\/script>\n<!-- \/ Yoast SEO plugin. -->","yoast_head_json":{"title":"Fra ingen til en - Pax","robots":{"index":"noindex","follow":"follow","max-snippet":"max-snippet:-1","max-image-preview":"max-image-preview:large","max-video-preview":"max-video-preview:-1"},"og_locale":"nb_NO","og_type":"article","og_title":"Fra ingen til en - Pax","og_description":"I sin f\u00f8rste bok ga Williams leserne innsyn i en verden der alle f\u00f8lelser og all ber\u00f8ring var uforst\u00e5elig og farlig. Etter 25 \u00e5r fikk hun diagnosen &laquo;autisme&raquo;. I denne boka forteller hun om de fire \u00e5rene etter at hun fikk diagnosen. Her lover hun seg selv \u00e5 forlate den isolerte verdenen hun s\u00e5 lenge [&hellip;]","og_url":"https:\/\/staging.forenteforlag.no\/pax\/produkt\/fra-ingen-til-en-2\/","og_site_name":"Pax","article_modified_time":"2026-03-04T17:26:50+00:00","og_image":[{"width":1200,"height":800,"url":"https:\/\/staging.forenteforlag.no\/pax\/wp-content\/uploads\/sites\/5\/2025\/02\/pax-hvit.jpg","type":"image\/jpeg"}],"twitter_card":"summary_large_image","twitter_misc":{"Ansl. lesetid":"1 minutt"},"schema":{"@context":"https:\/\/schema.org","@graph":[{"@type":"WebPage","@id":"https:\/\/staging.forenteforlag.no\/pax\/produkt\/fra-ingen-til-en-2\/","url":"https:\/\/staging.forenteforlag.no\/pax\/produkt\/fra-ingen-til-en-2\/","name":"Fra ingen til en - Pax","isPartOf":{"@id":"https:\/\/staging.forenteforlag.no\/pax\/#website"},"datePublished":"2024-12-10T21:44:39+00:00","dateModified":"2026-03-04T17:26:50+00:00","breadcrumb":{"@id":"https:\/\/staging.forenteforlag.no\/pax\/produkt\/fra-ingen-til-en-2\/#breadcrumb"},"inLanguage":"nb-NO","potentialAction":[{"@type":"ReadAction","target":["https:\/\/staging.forenteforlag.no\/pax\/produkt\/fra-ingen-til-en-2\/"]}]},{"@type":"BreadcrumbList","@id":"https:\/\/staging.forenteforlag.no\/pax\/produkt\/fra-ingen-til-en-2\/#breadcrumb","itemListElement":[{"@type":"ListItem","position":1,"name":"Hjem","item":"https:\/\/staging.forenteforlag.no\/pax\/"},{"@type":"ListItem","position":2,"name":"Alle b\u00f8ker","item":"https:\/\/staging.forenteforlag.no\/pax\/butikk\/"},{"@type":"ListItem","position":3,"name":"Fra ingen til en"}]},{"@type":"WebSite","@id":"https:\/\/staging.forenteforlag.no\/pax\/#website","url":"https:\/\/staging.forenteforlag.no\/pax\/","name":"Pax","description":"","potentialAction":[{"@type":"SearchAction","target":{"@type":"EntryPoint","urlTemplate":"https:\/\/staging.forenteforlag.no\/pax\/?s={search_term_string}"},"query-input":{"@type":"PropertyValueSpecification","valueRequired":true,"valueName":"search_term_string"}}],"inLanguage":"nb-NO"}]}},"_links":{"self":[{"href":"https:\/\/staging.forenteforlag.no\/pax\/wp-json\/wp\/v2\/product\/21240","targetHints":{"allow":["GET"]}}],"collection":[{"href":"https:\/\/staging.forenteforlag.no\/pax\/wp-json\/wp\/v2\/product"}],"about":[{"href":"https:\/\/staging.forenteforlag.no\/pax\/wp-json\/wp\/v2\/types\/product"}],"wp:attachment":[{"href":"https:\/\/staging.forenteforlag.no\/pax\/wp-json\/wp\/v2\/media?parent=21240"}],"wp:term":[{"taxonomy":"product_brand","embeddable":true,"href":"https:\/\/staging.forenteforlag.no\/pax\/wp-json\/wp\/v2\/product_brand?post=21240"},{"taxonomy":"product_cat","embeddable":true,"href":"https:\/\/staging.forenteforlag.no\/pax\/wp-json\/wp\/v2\/product_cat?post=21240"},{"taxonomy":"product_tag","embeddable":true,"href":"https:\/\/staging.forenteforlag.no\/pax\/wp-json\/wp\/v2\/product_tag?post=21240"}],"curies":[{"name":"wp","href":"https:\/\/api.w.org\/{rel}","templated":true}]}}